{"id":8612,"date":"2024-04-23T10:20:33","date_gmt":"2024-04-23T08:20:33","guid":{"rendered":"https:\/\/hrdays.net\/?post_type=speaker&#038;p=8612"},"modified":"2024-07-26T13:19:04","modified_gmt":"2024-07-26T11:19:04","slug":"tome-baric","status":"publish","type":"speaker","link":"https:\/\/hrdays.net\/en\/speaker\/tome-baric\/","title":{"rendered":"Tome Bari\u0107"},"content":{"rendered":"<p>Director of Human Resources | INA d.d.<\/p>\n\n\n\n<p>After more than seventeen years of working in human resources within the INA and MOL Group, Tome recently assumed responsibility for Human Resources across the entire INA Group, leading a team that covers four countries in the region with over 10,000 employees.<br><br>Tome joined the INA Group as a Learning and Development Specialist, but soon transitioned into HR partnering. In this partner role, along with his team, he had the opportunity to provide strategic counsel to various parts of the INA and MOL Group. This enabled him to gain valuable experience in leadership and in creating the best solutions through support to Exploration and Production, Retail, Industrial and Corporate Services, IT, and Functional segments.<\/p>","protected":false},"excerpt":{"rendered":"<p>Direktor Ljudskih resursa | INA d.d. Nakon vi\u0161e od sedamnaest godina rada u ljudskim resursima unutar INA i MOL Grupe, Tome je nedavno preuzeo odgovornost za Ljudske resurse \u010ditave INA Grupe, vode\u0107i tim koji pokriva \u010detiri zemlje u regiji s&#8230;<\/p>","protected":false},"author":120,"featured_media":8615,"comment_status":"closed","ping_status":"closed","template":"","meta":{"_monsterinsights_skip_tracking":false,"_monsterinsights_sitenote_active":false,"_monsterinsights_sitenote_note":"","_monsterinsights_sitenote_category":0,"footnotes":""},"speaker-category":[162],"speaker-tags":[109],"location":[],"class_list":["post-8612","speaker","type-speaker","status-publish","has-post-thumbnail","hentry","speaker-category-govornici-2024","speaker-tags-predavac"],"yoast_head":"<!-- This site is optimized with the Yoast SEO plugin v25.3 - https:\/\/yoast.com\/wordpress\/plugins\/seo\/ -->\n<title>Tome Bari\u0107 - HR Days<\/title>\n<meta name=\"robots\" content=\"index, follow, max-snippet:-1, max-image-preview:large, max-video-preview:-1\" \/>\n<link rel=\"canonical\" href=\"https:\/\/hrdays.net\/en\/speaker\/tome-baric\/\" \/>\n<meta property=\"og:locale\" content=\"en_GB\" \/>\n<meta property=\"og:type\" content=\"article\" \/>\n<meta property=\"og:title\" content=\"Tome Bari\u0107 - HR Days\" \/>\n<meta property=\"og:description\" content=\"Direktor Ljudskih resursa | INA d.d. Nakon vi\u0161e od sedamnaest godina rada u ljudskim resursima unutar INA i MOL Grupe, Tome je nedavno preuzeo odgovornost za Ljudske resurse \u010ditave INA Grupe, vode\u0107i tim koji pokriva \u010detiri zemlje u regiji s...\" \/>\n<meta property=\"og:url\" content=\"https:\/\/hrdays.net\/en\/speaker\/tome-baric\/\" \/>\n<meta property=\"og:site_name\" content=\"HR Days\" \/>\n<meta property=\"article:modified_time\" content=\"2024-07-26T11:19:04+00:00\" \/>\n<meta property=\"og:image\" content=\"https:\/\/hrdays.net\/wp-content\/uploads\/2024\/04\/tome-baric-680x390-1.png\" \/>\n\t<meta property=\"og:image:width\" content=\"680\" \/>\n\t<meta property=\"og:image:height\" content=\"390\" \/>\n\t<meta property=\"og:image:type\" content=\"image\/png\" \/>\n<meta name=\"twitter:card\" content=\"summary_large_image\" \/>\n<meta name=\"twitter:label1\" content=\"Estimated reading time\" \/>\n\t<meta name=\"twitter:data1\" content=\"1 minute\" \/>\n<script type=\"application\/ld+json\" class=\"yoast-schema-graph\">{\"@context\":\"https:\/\/schema.org\",\"@graph\":[{\"@type\":\"WebPage\",\"@id\":\"https:\/\/hrdays.net\/en\/speaker\/tome-baric\/\",\"url\":\"https:\/\/hrdays.net\/en\/speaker\/tome-baric\/\",\"name\":\"Tome Bari\u0107 - HR Days\",\"isPartOf\":{\"@id\":\"https:\/\/hrdays.net\/#website\"},\"primaryImageOfPage\":{\"@id\":\"https:\/\/hrdays.net\/en\/speaker\/tome-baric\/#primaryimage\"},\"image\":{\"@id\":\"https:\/\/hrdays.net\/en\/speaker\/tome-baric\/#primaryimage\"},\"thumbnailUrl\":\"https:\/\/hrdays.net\/wp-content\/uploads\/2024\/04\/tome-baric-680x390-1.png\",\"datePublished\":\"2024-04-23T08:20:33+00:00\",\"dateModified\":\"2024-07-26T11:19:04+00:00\",\"breadcrumb\":{\"@id\":\"https:\/\/hrdays.net\/en\/speaker\/tome-baric\/#breadcrumb\"},\"inLanguage\":\"en-GB\",\"potentialAction\":[{\"@type\":\"ReadAction\",\"target\":[\"https:\/\/hrdays.net\/en\/speaker\/tome-baric\/\"]}]},{\"@type\":\"ImageObject\",\"inLanguage\":\"en-GB\",\"@id\":\"https:\/\/hrdays.net\/en\/speaker\/tome-baric\/#primaryimage\",\"url\":\"https:\/\/hrdays.net\/wp-content\/uploads\/2024\/04\/tome-baric-680x390-1.png\",\"contentUrl\":\"https:\/\/hrdays.net\/wp-content\/uploads\/2024\/04\/tome-baric-680x390-1.png\",\"width\":680,\"height\":390},{\"@type\":\"BreadcrumbList\",\"@id\":\"https:\/\/hrdays.net\/en\/speaker\/tome-baric\/#breadcrumb\",\"itemListElement\":[{\"@type\":\"ListItem\",\"position\":1,\"name\":\"Home\",\"item\":\"https:\/\/hrdays.net\/\"},{\"@type\":\"ListItem\",\"position\":2,\"name\":\"Govornik\",\"item\":\"https:\/\/hrdays.net\/speaker\/\"},{\"@type\":\"ListItem\",\"position\":3,\"name\":\"Tome Bari\u0107\"}]},{\"@type\":\"WebSite\",\"@id\":\"https:\/\/hrdays.net\/#website\",\"url\":\"https:\/\/hrdays.net\/\",\"name\":\"HR Days\",\"description\":\"HRDays - konferencija o upravljanju ljudskim resursima\",\"potentialAction\":[{\"@type\":\"SearchAction\",\"target\":{\"@type\":\"EntryPoint\",\"urlTemplate\":\"https:\/\/hrdays.net\/?s={search_term_string}\"},\"query-input\":{\"@type\":\"PropertyValueSpecification\",\"valueRequired\":true,\"valueName\":\"search_term_string\"}}],\"inLanguage\":\"en-GB\"}]}<\/script>\n<!-- \/ Yoast SEO plugin. -->","yoast_head_json":{"title":"Tome Bari\u0107 - HR Days","robots":{"index":"index","follow":"follow","max-snippet":"max-snippet:-1","max-image-preview":"max-image-preview:large","max-video-preview":"max-video-preview:-1"},"canonical":"https:\/\/hrdays.net\/en\/speaker\/tome-baric\/","og_locale":"en_GB","og_type":"article","og_title":"Tome Bari\u0107 - HR Days","og_description":"Direktor Ljudskih resursa | INA d.d. Nakon vi\u0161e od sedamnaest godina rada u ljudskim resursima unutar INA i MOL Grupe, Tome je nedavno preuzeo odgovornost za Ljudske resurse \u010ditave INA Grupe, vode\u0107i tim koji pokriva \u010detiri zemlje u regiji s...","og_url":"https:\/\/hrdays.net\/en\/speaker\/tome-baric\/","og_site_name":"HR Days","article_modified_time":"2024-07-26T11:19:04+00:00","og_image":[{"width":680,"height":390,"url":"https:\/\/hrdays.net\/wp-content\/uploads\/2024\/04\/tome-baric-680x390-1.png","type":"image\/png"}],"twitter_card":"summary_large_image","twitter_misc":{"Estimated reading time":"1 minute"},"schema":{"@context":"https:\/\/schema.org","@graph":[{"@type":"WebPage","@id":"https:\/\/hrdays.net\/en\/speaker\/tome-baric\/","url":"https:\/\/hrdays.net\/en\/speaker\/tome-baric\/","name":"Tome Bari\u0107 - HR Days","isPartOf":{"@id":"https:\/\/hrdays.net\/#website"},"primaryImageOfPage":{"@id":"https:\/\/hrdays.net\/en\/speaker\/tome-baric\/#primaryimage"},"image":{"@id":"https:\/\/hrdays.net\/en\/speaker\/tome-baric\/#primaryimage"},"thumbnailUrl":"https:\/\/hrdays.net\/wp-content\/uploads\/2024\/04\/tome-baric-680x390-1.png","datePublished":"2024-04-23T08:20:33+00:00","dateModified":"2024-07-26T11:19:04+00:00","breadcrumb":{"@id":"https:\/\/hrdays.net\/en\/speaker\/tome-baric\/#breadcrumb"},"inLanguage":"en-GB","potentialAction":[{"@type":"ReadAction","target":["https:\/\/hrdays.net\/en\/speaker\/tome-baric\/"]}]},{"@type":"ImageObject","inLanguage":"en-GB","@id":"https:\/\/hrdays.net\/en\/speaker\/tome-baric\/#primaryimage","url":"https:\/\/hrdays.net\/wp-content\/uploads\/2024\/04\/tome-baric-680x390-1.png","contentUrl":"https:\/\/hrdays.net\/wp-content\/uploads\/2024\/04\/tome-baric-680x390-1.png","width":680,"height":390},{"@type":"BreadcrumbList","@id":"https:\/\/hrdays.net\/en\/speaker\/tome-baric\/#breadcrumb","itemListElement":[{"@type":"ListItem","position":1,"name":"Home","item":"https:\/\/hrdays.net\/"},{"@type":"ListItem","position":2,"name":"Govornik","item":"https:\/\/hrdays.net\/speaker\/"},{"@type":"ListItem","position":3,"name":"Tome Bari\u0107"}]},{"@type":"WebSite","@id":"https:\/\/hrdays.net\/#website","url":"https:\/\/hrdays.net\/","name":"HR Days","description":"HRDays - konferencija o upravljanju ljudskim resursima","potentialAction":[{"@type":"SearchAction","target":{"@type":"EntryPoint","urlTemplate":"https:\/\/hrdays.net\/?s={search_term_string}"},"query-input":{"@type":"PropertyValueSpecification","valueRequired":true,"valueName":"search_term_string"}}],"inLanguage":"en-GB"}]}},"_links":{"self":[{"href":"https:\/\/hrdays.net\/en\/wp-json\/wp\/v2\/speaker\/8612","targetHints":{"allow":["GET"]}}],"collection":[{"href":"https:\/\/hrdays.net\/en\/wp-json\/wp\/v2\/speaker"}],"about":[{"href":"https:\/\/hrdays.net\/en\/wp-json\/wp\/v2\/types\/speaker"}],"author":[{"embeddable":true,"href":"https:\/\/hrdays.net\/en\/wp-json\/wp\/v2\/users\/120"}],"replies":[{"embeddable":true,"href":"https:\/\/hrdays.net\/en\/wp-json\/wp\/v2\/comments?post=8612"}],"version-history":[{"count":2,"href":"https:\/\/hrdays.net\/en\/wp-json\/wp\/v2\/speaker\/8612\/revisions"}],"predecessor-version":[{"id":8618,"href":"https:\/\/hrdays.net\/en\/wp-json\/wp\/v2\/speaker\/8612\/revisions\/8618"}],"wp:featuredmedia":[{"embeddable":true,"href":"https:\/\/hrdays.net\/en\/wp-json\/wp\/v2\/media\/8615"}],"wp:attachment":[{"href":"https:\/\/hrdays.net\/en\/wp-json\/wp\/v2\/media?parent=8612"}],"wp:term":[{"taxonomy":"speaker-category","embeddable":true,"href":"https:\/\/hrdays.net\/en\/wp-json\/wp\/v2\/speaker-category?post=8612"},{"taxonomy":"speaker-tags","embeddable":true,"href":"https:\/\/hrdays.net\/en\/wp-json\/wp\/v2\/speaker-tags?post=8612"},{"taxonomy":"location","embeddable":true,"href":"https:\/\/hrdays.net\/en\/wp-json\/wp\/v2\/location?post=8612"}],"curies":[{"name":"wp","href":"https:\/\/api.w.org\/{rel}","templated":true}]}}

Tome Barić

<p>Direktor Ljudskih resursa | INA d.d. Nakon više od sedamnaest godina rada u ljudskim resursima unutar INA i MOL Grupe, Tome je nedavno preuzeo odgovornost za Ljudske resurse čitave INA Grupe, vodeći tim koji pokriva četiri zemlje u regiji s&#8230;</p>

<!-- This site is optimized with the Yoast SEO plugin v25.3 - https://yoast.com/wordpress/plugins/seo/ -->
<title>Tome Barić - HR Days</title>
<meta name="robots" content="index, follow, max-snippet:-1, max-image-preview:large, max-video-preview:-1" />
<link rel="canonical" href="https://hrdays.net/en/speaker/tome-baric/" />
<meta property="og:locale" content="en_GB" />
<meta property="og:type" content="article" />
<meta property="og:title" content="Tome Barić - HR Days" />
<meta property="og:description" content="Direktor Ljudskih resursa | INA d.d. Nakon više od sedamnaest godina rada u ljudskim resursima unutar INA i MOL Grupe, Tome je nedavno preuzeo odgovornost za Ljudske resurse čitave INA Grupe, vodeći tim koji pokriva četiri zemlje u regiji s..." />
<meta property="og:url" content="https://hrdays.net/en/speaker/tome-baric/" />
<meta property="og:site_name" content="HR Days" />
<meta property="article:modified_time" content="2024-07-26T11:19:04+00:00" />
<meta property="og:image" content="https://hrdays.net/wp-content/uploads/2024/04/tome-baric-680x390-1.png" />
	<meta property="og:image:width" content="680" />
	<meta property="og:image:height" content="390" />
	<meta property="og:image:type" content="image/png" />
<meta name="twitter:card" content="summary_large_image" />
<meta name="twitter:label1" content="Estimated reading time" />
	<meta name="twitter:data1" content="1 minute" />
<script type="application/ld+json" class="yoast-schema-graph">{"@context":"https://schema.org","@graph":[{"@type":"WebPage","@id":"https://hrdays.net/en/speaker/tome-baric/","url":"https://hrdays.net/en/speaker/tome-baric/","name":"Tome Barić - HR Days","isPartOf":{"@id":"https://hrdays.net/#website"},"primaryImageOfPage":{"@id":"https://hrdays.net/en/speaker/tome-baric/#primaryimage"},"image":{"@id":"https://hrdays.net/en/speaker/tome-baric/#primaryimage"},"thumbnailUrl":"https://hrdays.net/wp-content/uploads/2024/04/tome-baric-680x390-1.png","datePublished":"2024-04-23T08:20:33+00:00","dateModified":"2024-07-26T11:19:04+00:00","breadcrumb":{"@id":"https://hrdays.net/en/speaker/tome-baric/#breadcrumb"},"inLanguage":"en-GB","potentialAction":[{"@type":"ReadAction","target":["https://hrdays.net/en/speaker/tome-baric/"]}]},{"@type":"ImageObject","inLanguage":"en-GB","@id":"https://hrdays.net/en/speaker/tome-baric/#primaryimage","url":"https://hrdays.net/wp-content/uploads/2024/04/tome-baric-680x390-1.png","contentUrl":"https://hrdays.net/wp-content/uploads/2024/04/tome-baric-680x390-1.png","width":680,"height":390},{"@type":"BreadcrumbList","@id":"https://hrdays.net/en/speaker/tome-baric/#breadcrumb","itemListElement":[{"@type":"ListItem","position":1,"name":"Home","item":"https://hrdays.net/"},{"@type":"ListItem","position":2,"name":"Govornik","item":"https://hrdays.net/speaker/"},{"@type":"ListItem","position":3,"name":"Tome Barić"}]},{"@type":"WebSite","@id":"https://hrdays.net/#website","url":"https://hrdays.net/","name":"HR Days","description":"HRDays - konferencija o upravljanju ljudskim resursima","potentialAction":[{"@type":"SearchAction","target":{"@type":"EntryPoint","urlTemplate":"https://hrdays.net/?s={search_term_string}"},"query-input":{"@type":"PropertyValueSpecification","valueRequired":true,"valueName":"search_term_string"}}],"inLanguage":"en-GB"}]}</script>
<!-- / Yoast SEO plugin. -->

Tome Barić - HR Days

Direktor Ljudskih resursa | INA d.d. Nakon više od sedamnaest godina rada u ljudskim resursima unutar INA i MOL Grupe, Tome je nedavno preuzeo odgovornost za Ljudske resurse čitave INA Grupe, vodeći tim koji pokriva četiri zemlje u regiji s...
