{"id":8336,"date":"2024-03-13T13:36:25","date_gmt":"2024-03-13T12:36:25","guid":{"rendered":"https:\/\/hrdays.net\/?post_type=speaker&#038;p=8336"},"modified":"2024-07-26T13:18:10","modified_gmt":"2024-07-26T11:18:10","slug":"dr-sc-dario-car-2","status":"publish","type":"speaker","link":"https:\/\/hrdays.net\/en\/speaker\/dr-sc-dario-car-2\/","title":{"rendered":"Dario Car, Ph.D."},"content":{"rendered":"<p>Senior HR consultant | DeeP Project<\/p>\n\n\n\n<p class=\"translation-block\">After spending a short period working at a hospital in Zagreb, he continues his career in a telecommunications company where he progressed from an expert to a manager position. Subsequently, he works as a lecturer in a higher education institution and eventually returns to what he loves most, which is working with people. He holds a doctoral degree in social sciences and is primarily focused on working with the Z-generation, mostly within the fintech sector. He is the author of several manuals on customer relationship management and leadership development, and a regular columnist in Croatian business and ICT magazines in the field of human potential development.<\/p>\n\n\n\n<h2 class=\"wp-block-heading has-small-font-size\"><\/h2>\n\n\n\n<p><\/p>\n\n\n\n<p><\/p>","protected":false},"excerpt":{"rendered":"<p>Vi\u0161i HR konzultant | DeeP Project Nakon \u0161to je kra\u0107e vrijeme proveo rade\u0107i u jednoj zagreba\u010dkoj bolnici, svoju karijeru nastavlja utelekomunikacijskoj tvrtki gdje je pro\u0161ao pozicije od stru\u010dnjaka do voditelja. Potom radi kao predava\u010du visokoobrazovnoj instituciji te se na kraju&#8230;<\/p>","protected":false},"author":120,"featured_media":7475,"comment_status":"closed","ping_status":"closed","template":"","meta":{"_monsterinsights_skip_tracking":false,"_monsterinsights_sitenote_active":false,"_monsterinsights_sitenote_note":"","_monsterinsights_sitenote_category":0,"footnotes":""},"speaker-category":[162],"speaker-tags":[],"location":[],"class_list":["post-8336","speaker","type-speaker","status-publish","has-post-thumbnail","hentry","speaker-category-govornici-2024"],"yoast_head":"<!-- This site is optimized with the Yoast SEO plugin v25.3 - https:\/\/yoast.com\/wordpress\/plugins\/seo\/ -->\n<title>dr. sc. Dario Car - HR Days<\/title>\n<meta name=\"robots\" content=\"index, follow, max-snippet:-1, max-image-preview:large, max-video-preview:-1\" \/>\n<link rel=\"canonical\" href=\"https:\/\/hrdays.net\/en\/speaker\/dr-sc-dario-car-2\/\" \/>\n<meta property=\"og:locale\" content=\"en_GB\" \/>\n<meta property=\"og:type\" content=\"article\" \/>\n<meta property=\"og:title\" content=\"dr. sc. Dario Car - HR Days\" \/>\n<meta property=\"og:description\" content=\"Vi\u0161i HR konzultant | DeeP Project Nakon \u0161to je kra\u0107e vrijeme proveo rade\u0107i u jednoj zagreba\u010dkoj bolnici, svoju karijeru nastavlja utelekomunikacijskoj tvrtki gdje je pro\u0161ao pozicije od stru\u010dnjaka do voditelja. Potom radi kao predava\u010du visokoobrazovnoj instituciji te se na kraju...\" \/>\n<meta property=\"og:url\" content=\"https:\/\/hrdays.net\/en\/speaker\/dr-sc-dario-car-2\/\" \/>\n<meta property=\"og:site_name\" content=\"HR Days\" \/>\n<meta property=\"article:modified_time\" content=\"2024-07-26T11:18:10+00:00\" \/>\n<meta property=\"og:image\" content=\"https:\/\/hrdays.net\/wp-content\/uploads\/2023\/07\/car-680x390-1.png\" \/>\n\t<meta property=\"og:image:width\" content=\"680\" \/>\n\t<meta property=\"og:image:height\" content=\"390\" \/>\n\t<meta property=\"og:image:type\" content=\"image\/png\" \/>\n<meta name=\"twitter:card\" content=\"summary_large_image\" \/>\n<meta name=\"twitter:label1\" content=\"Estimated reading time\" \/>\n\t<meta name=\"twitter:data1\" content=\"1 minute\" \/>\n<script type=\"application\/ld+json\" class=\"yoast-schema-graph\">{\"@context\":\"https:\/\/schema.org\",\"@graph\":[{\"@type\":\"WebPage\",\"@id\":\"https:\/\/hrdays.net\/en\/speaker\/dr-sc-dario-car-2\/\",\"url\":\"https:\/\/hrdays.net\/en\/speaker\/dr-sc-dario-car-2\/\",\"name\":\"dr. sc. Dario Car - HR Days\",\"isPartOf\":{\"@id\":\"https:\/\/hrdays.net\/#website\"},\"primaryImageOfPage\":{\"@id\":\"https:\/\/hrdays.net\/en\/speaker\/dr-sc-dario-car-2\/#primaryimage\"},\"image\":{\"@id\":\"https:\/\/hrdays.net\/en\/speaker\/dr-sc-dario-car-2\/#primaryimage\"},\"thumbnailUrl\":\"https:\/\/hrdays.net\/wp-content\/uploads\/2023\/07\/car-680x390-1.png\",\"datePublished\":\"2024-03-13T12:36:25+00:00\",\"dateModified\":\"2024-07-26T11:18:10+00:00\",\"breadcrumb\":{\"@id\":\"https:\/\/hrdays.net\/en\/speaker\/dr-sc-dario-car-2\/#breadcrumb\"},\"inLanguage\":\"en-GB\",\"potentialAction\":[{\"@type\":\"ReadAction\",\"target\":[\"https:\/\/hrdays.net\/en\/speaker\/dr-sc-dario-car-2\/\"]}]},{\"@type\":\"ImageObject\",\"inLanguage\":\"en-GB\",\"@id\":\"https:\/\/hrdays.net\/en\/speaker\/dr-sc-dario-car-2\/#primaryimage\",\"url\":\"https:\/\/hrdays.net\/wp-content\/uploads\/2023\/07\/car-680x390-1.png\",\"contentUrl\":\"https:\/\/hrdays.net\/wp-content\/uploads\/2023\/07\/car-680x390-1.png\",\"width\":680,\"height\":390},{\"@type\":\"BreadcrumbList\",\"@id\":\"https:\/\/hrdays.net\/en\/speaker\/dr-sc-dario-car-2\/#breadcrumb\",\"itemListElement\":[{\"@type\":\"ListItem\",\"position\":1,\"name\":\"Home\",\"item\":\"https:\/\/hrdays.net\/\"},{\"@type\":\"ListItem\",\"position\":2,\"name\":\"Govornik\",\"item\":\"https:\/\/hrdays.net\/speaker\/\"},{\"@type\":\"ListItem\",\"position\":3,\"name\":\"dr. sc. Dario Car\"}]},{\"@type\":\"WebSite\",\"@id\":\"https:\/\/hrdays.net\/#website\",\"url\":\"https:\/\/hrdays.net\/\",\"name\":\"HR Days\",\"description\":\"HRDays - konferencija o upravljanju ljudskim resursima\",\"potentialAction\":[{\"@type\":\"SearchAction\",\"target\":{\"@type\":\"EntryPoint\",\"urlTemplate\":\"https:\/\/hrdays.net\/?s={search_term_string}\"},\"query-input\":{\"@type\":\"PropertyValueSpecification\",\"valueRequired\":true,\"valueName\":\"search_term_string\"}}],\"inLanguage\":\"en-GB\"}]}<\/script>\n<!-- \/ Yoast SEO plugin. -->","yoast_head_json":{"title":"dr. sc. Dario Car - HR Days","robots":{"index":"index","follow":"follow","max-snippet":"max-snippet:-1","max-image-preview":"max-image-preview:large","max-video-preview":"max-video-preview:-1"},"canonical":"https:\/\/hrdays.net\/en\/speaker\/dr-sc-dario-car-2\/","og_locale":"en_GB","og_type":"article","og_title":"dr. sc. Dario Car - HR Days","og_description":"Vi\u0161i HR konzultant | DeeP Project Nakon \u0161to je kra\u0107e vrijeme proveo rade\u0107i u jednoj zagreba\u010dkoj bolnici, svoju karijeru nastavlja utelekomunikacijskoj tvrtki gdje je pro\u0161ao pozicije od stru\u010dnjaka do voditelja. Potom radi kao predava\u010du visokoobrazovnoj instituciji te se na kraju...","og_url":"https:\/\/hrdays.net\/en\/speaker\/dr-sc-dario-car-2\/","og_site_name":"HR Days","article_modified_time":"2024-07-26T11:18:10+00:00","og_image":[{"width":680,"height":390,"url":"https:\/\/hrdays.net\/wp-content\/uploads\/2023\/07\/car-680x390-1.png","type":"image\/png"}],"twitter_card":"summary_large_image","twitter_misc":{"Estimated reading time":"1 minute"},"schema":{"@context":"https:\/\/schema.org","@graph":[{"@type":"WebPage","@id":"https:\/\/hrdays.net\/en\/speaker\/dr-sc-dario-car-2\/","url":"https:\/\/hrdays.net\/en\/speaker\/dr-sc-dario-car-2\/","name":"dr. sc. Dario Car - HR Days","isPartOf":{"@id":"https:\/\/hrdays.net\/#website"},"primaryImageOfPage":{"@id":"https:\/\/hrdays.net\/en\/speaker\/dr-sc-dario-car-2\/#primaryimage"},"image":{"@id":"https:\/\/hrdays.net\/en\/speaker\/dr-sc-dario-car-2\/#primaryimage"},"thumbnailUrl":"https:\/\/hrdays.net\/wp-content\/uploads\/2023\/07\/car-680x390-1.png","datePublished":"2024-03-13T12:36:25+00:00","dateModified":"2024-07-26T11:18:10+00:00","breadcrumb":{"@id":"https:\/\/hrdays.net\/en\/speaker\/dr-sc-dario-car-2\/#breadcrumb"},"inLanguage":"en-GB","potentialAction":[{"@type":"ReadAction","target":["https:\/\/hrdays.net\/en\/speaker\/dr-sc-dario-car-2\/"]}]},{"@type":"ImageObject","inLanguage":"en-GB","@id":"https:\/\/hrdays.net\/en\/speaker\/dr-sc-dario-car-2\/#primaryimage","url":"https:\/\/hrdays.net\/wp-content\/uploads\/2023\/07\/car-680x390-1.png","contentUrl":"https:\/\/hrdays.net\/wp-content\/uploads\/2023\/07\/car-680x390-1.png","width":680,"height":390},{"@type":"BreadcrumbList","@id":"https:\/\/hrdays.net\/en\/speaker\/dr-sc-dario-car-2\/#breadcrumb","itemListElement":[{"@type":"ListItem","position":1,"name":"Home","item":"https:\/\/hrdays.net\/"},{"@type":"ListItem","position":2,"name":"Govornik","item":"https:\/\/hrdays.net\/speaker\/"},{"@type":"ListItem","position":3,"name":"dr. sc. Dario Car"}]},{"@type":"WebSite","@id":"https:\/\/hrdays.net\/#website","url":"https:\/\/hrdays.net\/","name":"HR Days","description":"HRDays - konferencija o upravljanju ljudskim resursima","potentialAction":[{"@type":"SearchAction","target":{"@type":"EntryPoint","urlTemplate":"https:\/\/hrdays.net\/?s={search_term_string}"},"query-input":{"@type":"PropertyValueSpecification","valueRequired":true,"valueName":"search_term_string"}}],"inLanguage":"en-GB"}]}},"_links":{"self":[{"href":"https:\/\/hrdays.net\/en\/wp-json\/wp\/v2\/speaker\/8336","targetHints":{"allow":["GET"]}}],"collection":[{"href":"https:\/\/hrdays.net\/en\/wp-json\/wp\/v2\/speaker"}],"about":[{"href":"https:\/\/hrdays.net\/en\/wp-json\/wp\/v2\/types\/speaker"}],"author":[{"embeddable":true,"href":"https:\/\/hrdays.net\/en\/wp-json\/wp\/v2\/users\/120"}],"replies":[{"embeddable":true,"href":"https:\/\/hrdays.net\/en\/wp-json\/wp\/v2\/comments?post=8336"}],"version-history":[{"count":5,"href":"https:\/\/hrdays.net\/en\/wp-json\/wp\/v2\/speaker\/8336\/revisions"}],"predecessor-version":[{"id":8619,"href":"https:\/\/hrdays.net\/en\/wp-json\/wp\/v2\/speaker\/8336\/revisions\/8619"}],"wp:featuredmedia":[{"embeddable":true,"href":"https:\/\/hrdays.net\/en\/wp-json\/wp\/v2\/media\/7475"}],"wp:attachment":[{"href":"https:\/\/hrdays.net\/en\/wp-json\/wp\/v2\/media?parent=8336"}],"wp:term":[{"taxonomy":"speaker-category","embeddable":true,"href":"https:\/\/hrdays.net\/en\/wp-json\/wp\/v2\/speaker-category?post=8336"},{"taxonomy":"speaker-tags","embeddable":true,"href":"https:\/\/hrdays.net\/en\/wp-json\/wp\/v2\/speaker-tags?post=8336"},{"taxonomy":"location","embeddable":true,"href":"https:\/\/hrdays.net\/en\/wp-json\/wp\/v2\/location?post=8336"}],"curies":[{"name":"wp","href":"https:\/\/api.w.org\/{rel}","templated":true}]}}

<p>Viši HR konzultant | DeeP Project Nakon što je kraće vrijeme proveo radeći u jednoj zagrebačkoj bolnici, svoju karijeru nastavlja utelekomunikacijskoj tvrtki gdje je prošao pozicije od stručnjaka do voditelja. Potom radi kao predavaču visokoobrazovnoj instituciji te se na kraju&#8230;</p>

<!-- This site is optimized with the Yoast SEO plugin v25.3 - https://yoast.com/wordpress/plugins/seo/ -->
<title>dr. sc. Dario Car - HR Days</title>
<meta name="robots" content="index, follow, max-snippet:-1, max-image-preview:large, max-video-preview:-1" />
<link rel="canonical" href="https://hrdays.net/en/speaker/dr-sc-dario-car-2/" />
<meta property="og:locale" content="en_GB" />
<meta property="og:type" content="article" />
<meta property="og:title" content="dr. sc. Dario Car - HR Days" />
<meta property="og:description" content="Viši HR konzultant | DeeP Project Nakon što je kraće vrijeme proveo radeći u jednoj zagrebačkoj bolnici, svoju karijeru nastavlja utelekomunikacijskoj tvrtki gdje je prošao pozicije od stručnjaka do voditelja. Potom radi kao predavaču visokoobrazovnoj instituciji te se na kraju..." />
<meta property="og:url" content="https://hrdays.net/en/speaker/dr-sc-dario-car-2/" />
<meta property="og:site_name" content="HR Days" />
<meta property="article:modified_time" content="2024-07-26T11:18:10+00:00" />
<meta property="og:image" content="https://hrdays.net/wp-content/uploads/2023/07/car-680x390-1.png" />
	<meta property="og:image:width" content="680" />
	<meta property="og:image:height" content="390" />
	<meta property="og:image:type" content="image/png" />
<meta name="twitter:card" content="summary_large_image" />
<meta name="twitter:label1" content="Estimated reading time" />
	<meta name="twitter:data1" content="1 minute" />
<script type="application/ld+json" class="yoast-schema-graph">{"@context":"https://schema.org","@graph":[{"@type":"WebPage","@id":"https://hrdays.net/en/speaker/dr-sc-dario-car-2/","url":"https://hrdays.net/en/speaker/dr-sc-dario-car-2/","name":"dr. sc. Dario Car - HR Days","isPartOf":{"@id":"https://hrdays.net/#website"},"primaryImageOfPage":{"@id":"https://hrdays.net/en/speaker/dr-sc-dario-car-2/#primaryimage"},"image":{"@id":"https://hrdays.net/en/speaker/dr-sc-dario-car-2/#primaryimage"},"thumbnailUrl":"https://hrdays.net/wp-content/uploads/2023/07/car-680x390-1.png","datePublished":"2024-03-13T12:36:25+00:00","dateModified":"2024-07-26T11:18:10+00:00","breadcrumb":{"@id":"https://hrdays.net/en/speaker/dr-sc-dario-car-2/#breadcrumb"},"inLanguage":"en-GB","potentialAction":[{"@type":"ReadAction","target":["https://hrdays.net/en/speaker/dr-sc-dario-car-2/"]}]},{"@type":"ImageObject","inLanguage":"en-GB","@id":"https://hrdays.net/en/speaker/dr-sc-dario-car-2/#primaryimage","url":"https://hrdays.net/wp-content/uploads/2023/07/car-680x390-1.png","contentUrl":"https://hrdays.net/wp-content/uploads/2023/07/car-680x390-1.png","width":680,"height":390},{"@type":"BreadcrumbList","@id":"https://hrdays.net/en/speaker/dr-sc-dario-car-2/#breadcrumb","itemListElement":[{"@type":"ListItem","position":1,"name":"Home","item":"https://hrdays.net/"},{"@type":"ListItem","position":2,"name":"Govornik","item":"https://hrdays.net/speaker/"},{"@type":"ListItem","position":3,"name":"dr. sc. Dario Car"}]},{"@type":"WebSite","@id":"https://hrdays.net/#website","url":"https://hrdays.net/","name":"HR Days","description":"HRDays - konferencija o upravljanju ljudskim resursima","potentialAction":[{"@type":"SearchAction","target":{"@type":"EntryPoint","urlTemplate":"https://hrdays.net/?s={search_term_string}"},"query-input":{"@type":"PropertyValueSpecification","valueRequired":true,"valueName":"search_term_string"}}],"inLanguage":"en-GB"}]}</script>
<!-- / Yoast SEO plugin. -->

Viši HR konzultant | DeeP Project Nakon što je kraće vrijeme proveo radeći u jednoj zagrebačkoj bolnici, svoju karijeru nastavlja utelekomunikacijskoj tvrtki gdje je prošao pozicije od stručnjaka do voditelja. Potom radi kao predavaču visokoobrazovnoj instituciji te se na kraju...
