{"id":8312,"date":"2024-03-13T09:57:48","date_gmt":"2024-03-13T08:57:48","guid":{"rendered":"https:\/\/hrdays.net\/?post_type=speaker&#038;p=8312"},"modified":"2024-07-26T13:18:14","modified_gmt":"2024-07-26T11:18:14","slug":"adrijana-strnad","status":"publish","type":"speaker","link":"https:\/\/hrdays.net\/en\/speaker\/adrijana-strnad\/","title":{"rendered":"Adrijana Strnad"},"content":{"rendered":"<p>Executive&amp;Team coaching, Leadership Training, Facilitation<\/p>\n\n\n\n<p>Adrijana Strnad, PCC, CPF, draws her mastery in organizational development from more than 25 years of international corporate experience \u2014 working both in senior executive roles and in a role of external partner in implementing large-scale, systemic transformation. She believes in simplicity, in working with the spirit of play, daring to dream big, owning our choices and showing up in life.<\/p>\n\n\n\n<p>As a coach, trainer and facilitator, Adrijana works as a change catalyst - helping organizations excel by igniting, developing and nurturing their capacity to transform. She supports teams of executives in leading their organizations toward sustainable long-term success by mastering the craft of change \u2014 levelling up their leadership skills and deploying systemic, innovative, participatory leadership approaches in building and executing effective strategies to navigate complexity, uncertainty, and change.<\/p>\n\n\n\n<p>Specialties: using art, action learning processess and associative tools\/techniques in catalysing strategic insight and fostering leadership effectiveness<\/p>\n\n\n\n<p><\/p>","protected":false},"excerpt":{"rendered":"<p>Konzultant za organizacijski razvoj, trener, executive coach, facilitator i predava\u010d Adrijana Strnad, PCC, CPF, crpi svoj rast i znanje u razvoju organizacija iz vi\u0161e od 25 godina me\u0111unarodnog korporativnog iskustva \u2013 rade\u0107i i u visokim izvr\u0161nim ulogama i u ulozi&#8230;<\/p>","protected":false},"author":121,"featured_media":8318,"comment_status":"closed","ping_status":"closed","template":"","meta":{"_monsterinsights_skip_tracking":false,"_monsterinsights_sitenote_active":false,"_monsterinsights_sitenote_note":"","_monsterinsights_sitenote_category":0,"footnotes":""},"speaker-category":[162],"speaker-tags":[],"location":[],"class_list":["post-8312","speaker","type-speaker","status-publish","has-post-thumbnail","hentry","speaker-category-govornici-2024"],"yoast_head":"<!-- This site is optimized with the Yoast SEO plugin v25.3 - https:\/\/yoast.com\/wordpress\/plugins\/seo\/ -->\n<title>Adrijana Strnad - HR Days<\/title>\n<meta name=\"robots\" content=\"index, follow, max-snippet:-1, max-image-preview:large, max-video-preview:-1\" \/>\n<link rel=\"canonical\" href=\"https:\/\/hrdays.net\/en\/speaker\/adrijana-strnad\/\" \/>\n<meta property=\"og:locale\" content=\"en_GB\" \/>\n<meta property=\"og:type\" content=\"article\" \/>\n<meta property=\"og:title\" content=\"Adrijana Strnad - HR Days\" \/>\n<meta property=\"og:description\" content=\"Konzultant za organizacijski razvoj, trener, executive coach, facilitator i predava\u010d Adrijana Strnad, PCC, CPF, crpi svoj rast i znanje u razvoju organizacija iz vi\u0161e od 25 godina me\u0111unarodnog korporativnog iskustva \u2013 rade\u0107i i u visokim izvr\u0161nim ulogama i u ulozi...\" \/>\n<meta property=\"og:url\" content=\"https:\/\/hrdays.net\/en\/speaker\/adrijana-strnad\/\" \/>\n<meta property=\"og:site_name\" content=\"HR Days\" \/>\n<meta property=\"article:modified_time\" content=\"2024-07-26T11:18:14+00:00\" \/>\n<meta property=\"og:image\" content=\"https:\/\/hrdays.net\/wp-content\/uploads\/2024\/03\/adrijana-strnad-680x390-2.jpg\" \/>\n\t<meta property=\"og:image:width\" content=\"680\" \/>\n\t<meta property=\"og:image:height\" content=\"390\" \/>\n\t<meta property=\"og:image:type\" content=\"image\/jpeg\" \/>\n<meta name=\"twitter:card\" content=\"summary_large_image\" \/>\n<meta name=\"twitter:label1\" content=\"Estimated reading time\" \/>\n\t<meta name=\"twitter:data1\" content=\"2 minutes\" \/>\n<script type=\"application\/ld+json\" class=\"yoast-schema-graph\">{\"@context\":\"https:\/\/schema.org\",\"@graph\":[{\"@type\":\"WebPage\",\"@id\":\"https:\/\/hrdays.net\/en\/speaker\/adrijana-strnad\/\",\"url\":\"https:\/\/hrdays.net\/en\/speaker\/adrijana-strnad\/\",\"name\":\"Adrijana Strnad - HR Days\",\"isPartOf\":{\"@id\":\"https:\/\/hrdays.net\/#website\"},\"primaryImageOfPage\":{\"@id\":\"https:\/\/hrdays.net\/en\/speaker\/adrijana-strnad\/#primaryimage\"},\"image\":{\"@id\":\"https:\/\/hrdays.net\/en\/speaker\/adrijana-strnad\/#primaryimage\"},\"thumbnailUrl\":\"https:\/\/hrdays.net\/wp-content\/uploads\/2024\/03\/adrijana-strnad-680x390-2.jpg\",\"datePublished\":\"2024-03-13T08:57:48+00:00\",\"dateModified\":\"2024-07-26T11:18:14+00:00\",\"breadcrumb\":{\"@id\":\"https:\/\/hrdays.net\/en\/speaker\/adrijana-strnad\/#breadcrumb\"},\"inLanguage\":\"en-GB\",\"potentialAction\":[{\"@type\":\"ReadAction\",\"target\":[\"https:\/\/hrdays.net\/en\/speaker\/adrijana-strnad\/\"]}]},{\"@type\":\"ImageObject\",\"inLanguage\":\"en-GB\",\"@id\":\"https:\/\/hrdays.net\/en\/speaker\/adrijana-strnad\/#primaryimage\",\"url\":\"https:\/\/hrdays.net\/wp-content\/uploads\/2024\/03\/adrijana-strnad-680x390-2.jpg\",\"contentUrl\":\"https:\/\/hrdays.net\/wp-content\/uploads\/2024\/03\/adrijana-strnad-680x390-2.jpg\",\"width\":680,\"height\":390},{\"@type\":\"BreadcrumbList\",\"@id\":\"https:\/\/hrdays.net\/en\/speaker\/adrijana-strnad\/#breadcrumb\",\"itemListElement\":[{\"@type\":\"ListItem\",\"position\":1,\"name\":\"Home\",\"item\":\"https:\/\/hrdays.net\/\"},{\"@type\":\"ListItem\",\"position\":2,\"name\":\"Govornik\",\"item\":\"https:\/\/hrdays.net\/speaker\/\"},{\"@type\":\"ListItem\",\"position\":3,\"name\":\"Adrijana Strnad\"}]},{\"@type\":\"WebSite\",\"@id\":\"https:\/\/hrdays.net\/#website\",\"url\":\"https:\/\/hrdays.net\/\",\"name\":\"HR Days\",\"description\":\"HRDays - konferencija o upravljanju ljudskim resursima\",\"potentialAction\":[{\"@type\":\"SearchAction\",\"target\":{\"@type\":\"EntryPoint\",\"urlTemplate\":\"https:\/\/hrdays.net\/?s={search_term_string}\"},\"query-input\":{\"@type\":\"PropertyValueSpecification\",\"valueRequired\":true,\"valueName\":\"search_term_string\"}}],\"inLanguage\":\"en-GB\"}]}<\/script>\n<!-- \/ Yoast SEO plugin. -->","yoast_head_json":{"title":"Adrijana Strnad - HR Days","robots":{"index":"index","follow":"follow","max-snippet":"max-snippet:-1","max-image-preview":"max-image-preview:large","max-video-preview":"max-video-preview:-1"},"canonical":"https:\/\/hrdays.net\/en\/speaker\/adrijana-strnad\/","og_locale":"en_GB","og_type":"article","og_title":"Adrijana Strnad - HR Days","og_description":"Konzultant za organizacijski razvoj, trener, executive coach, facilitator i predava\u010d Adrijana Strnad, PCC, CPF, crpi svoj rast i znanje u razvoju organizacija iz vi\u0161e od 25 godina me\u0111unarodnog korporativnog iskustva \u2013 rade\u0107i i u visokim izvr\u0161nim ulogama i u ulozi...","og_url":"https:\/\/hrdays.net\/en\/speaker\/adrijana-strnad\/","og_site_name":"HR Days","article_modified_time":"2024-07-26T11:18:14+00:00","og_image":[{"width":680,"height":390,"url":"https:\/\/hrdays.net\/wp-content\/uploads\/2024\/03\/adrijana-strnad-680x390-2.jpg","type":"image\/jpeg"}],"twitter_card":"summary_large_image","twitter_misc":{"Estimated reading time":"2 minutes"},"schema":{"@context":"https:\/\/schema.org","@graph":[{"@type":"WebPage","@id":"https:\/\/hrdays.net\/en\/speaker\/adrijana-strnad\/","url":"https:\/\/hrdays.net\/en\/speaker\/adrijana-strnad\/","name":"Adrijana Strnad - HR Days","isPartOf":{"@id":"https:\/\/hrdays.net\/#website"},"primaryImageOfPage":{"@id":"https:\/\/hrdays.net\/en\/speaker\/adrijana-strnad\/#primaryimage"},"image":{"@id":"https:\/\/hrdays.net\/en\/speaker\/adrijana-strnad\/#primaryimage"},"thumbnailUrl":"https:\/\/hrdays.net\/wp-content\/uploads\/2024\/03\/adrijana-strnad-680x390-2.jpg","datePublished":"2024-03-13T08:57:48+00:00","dateModified":"2024-07-26T11:18:14+00:00","breadcrumb":{"@id":"https:\/\/hrdays.net\/en\/speaker\/adrijana-strnad\/#breadcrumb"},"inLanguage":"en-GB","potentialAction":[{"@type":"ReadAction","target":["https:\/\/hrdays.net\/en\/speaker\/adrijana-strnad\/"]}]},{"@type":"ImageObject","inLanguage":"en-GB","@id":"https:\/\/hrdays.net\/en\/speaker\/adrijana-strnad\/#primaryimage","url":"https:\/\/hrdays.net\/wp-content\/uploads\/2024\/03\/adrijana-strnad-680x390-2.jpg","contentUrl":"https:\/\/hrdays.net\/wp-content\/uploads\/2024\/03\/adrijana-strnad-680x390-2.jpg","width":680,"height":390},{"@type":"BreadcrumbList","@id":"https:\/\/hrdays.net\/en\/speaker\/adrijana-strnad\/#breadcrumb","itemListElement":[{"@type":"ListItem","position":1,"name":"Home","item":"https:\/\/hrdays.net\/"},{"@type":"ListItem","position":2,"name":"Govornik","item":"https:\/\/hrdays.net\/speaker\/"},{"@type":"ListItem","position":3,"name":"Adrijana Strnad"}]},{"@type":"WebSite","@id":"https:\/\/hrdays.net\/#website","url":"https:\/\/hrdays.net\/","name":"HR Days","description":"HRDays - konferencija o upravljanju ljudskim resursima","potentialAction":[{"@type":"SearchAction","target":{"@type":"EntryPoint","urlTemplate":"https:\/\/hrdays.net\/?s={search_term_string}"},"query-input":{"@type":"PropertyValueSpecification","valueRequired":true,"valueName":"search_term_string"}}],"inLanguage":"en-GB"}]}},"_links":{"self":[{"href":"https:\/\/hrdays.net\/en\/wp-json\/wp\/v2\/speaker\/8312","targetHints":{"allow":["GET"]}}],"collection":[{"href":"https:\/\/hrdays.net\/en\/wp-json\/wp\/v2\/speaker"}],"about":[{"href":"https:\/\/hrdays.net\/en\/wp-json\/wp\/v2\/types\/speaker"}],"author":[{"embeddable":true,"href":"https:\/\/hrdays.net\/en\/wp-json\/wp\/v2\/users\/121"}],"replies":[{"embeddable":true,"href":"https:\/\/hrdays.net\/en\/wp-json\/wp\/v2\/comments?post=8312"}],"version-history":[{"count":6,"href":"https:\/\/hrdays.net\/en\/wp-json\/wp\/v2\/speaker\/8312\/revisions"}],"predecessor-version":[{"id":8620,"href":"https:\/\/hrdays.net\/en\/wp-json\/wp\/v2\/speaker\/8312\/revisions\/8620"}],"wp:featuredmedia":[{"embeddable":true,"href":"https:\/\/hrdays.net\/en\/wp-json\/wp\/v2\/media\/8318"}],"wp:attachment":[{"href":"https:\/\/hrdays.net\/en\/wp-json\/wp\/v2\/media?parent=8312"}],"wp:term":[{"taxonomy":"speaker-category","embeddable":true,"href":"https:\/\/hrdays.net\/en\/wp-json\/wp\/v2\/speaker-category?post=8312"},{"taxonomy":"speaker-tags","embeddable":true,"href":"https:\/\/hrdays.net\/en\/wp-json\/wp\/v2\/speaker-tags?post=8312"},{"taxonomy":"location","embeddable":true,"href":"https:\/\/hrdays.net\/en\/wp-json\/wp\/v2\/location?post=8312"}],"curies":[{"name":"wp","href":"https:\/\/api.w.org\/{rel}","templated":true}]}}

<p>Konzultant za organizacijski razvoj, trener, executive coach, facilitator i predavač Adrijana Strnad, PCC, CPF, crpi svoj rast i znanje u razvoju organizacija iz više od 25 godina međunarodnog korporativnog iskustva – radeći i u visokim izvršnim ulogama i u ulozi&#8230;</p>

<!-- This site is optimized with the Yoast SEO plugin v25.3 - https://yoast.com/wordpress/plugins/seo/ -->
<title>Adrijana Strnad - HR Days</title>
<meta name="robots" content="index, follow, max-snippet:-1, max-image-preview:large, max-video-preview:-1" />
<link rel="canonical" href="https://hrdays.net/en/speaker/adrijana-strnad/" />
<meta property="og:locale" content="en_GB" />
<meta property="og:type" content="article" />
<meta property="og:title" content="Adrijana Strnad - HR Days" />
<meta property="og:description" content="Konzultant za organizacijski razvoj, trener, executive coach, facilitator i predavač Adrijana Strnad, PCC, CPF, crpi svoj rast i znanje u razvoju organizacija iz više od 25 godina međunarodnog korporativnog iskustva – radeći i u visokim izvršnim ulogama i u ulozi..." />
<meta property="og:url" content="https://hrdays.net/en/speaker/adrijana-strnad/" />
<meta property="og:site_name" content="HR Days" />
<meta property="article:modified_time" content="2024-07-26T11:18:14+00:00" />
<meta property="og:image" content="https://hrdays.net/wp-content/uploads/2024/03/adrijana-strnad-680x390-2.jpg" />
	<meta property="og:image:width" content="680" />
	<meta property="og:image:height" content="390" />
	<meta property="og:image:type" content="image/jpeg" />
<meta name="twitter:card" content="summary_large_image" />
<meta name="twitter:label1" content="Estimated reading time" />
	<meta name="twitter:data1" content="2 minutes" />
<script type="application/ld+json" class="yoast-schema-graph">{"@context":"https://schema.org","@graph":[{"@type":"WebPage","@id":"https://hrdays.net/en/speaker/adrijana-strnad/","url":"https://hrdays.net/en/speaker/adrijana-strnad/","name":"Adrijana Strnad - HR Days","isPartOf":{"@id":"https://hrdays.net/#website"},"primaryImageOfPage":{"@id":"https://hrdays.net/en/speaker/adrijana-strnad/#primaryimage"},"image":{"@id":"https://hrdays.net/en/speaker/adrijana-strnad/#primaryimage"},"thumbnailUrl":"https://hrdays.net/wp-content/uploads/2024/03/adrijana-strnad-680x390-2.jpg","datePublished":"2024-03-13T08:57:48+00:00","dateModified":"2024-07-26T11:18:14+00:00","breadcrumb":{"@id":"https://hrdays.net/en/speaker/adrijana-strnad/#breadcrumb"},"inLanguage":"en-GB","potentialAction":[{"@type":"ReadAction","target":["https://hrdays.net/en/speaker/adrijana-strnad/"]}]},{"@type":"ImageObject","inLanguage":"en-GB","@id":"https://hrdays.net/en/speaker/adrijana-strnad/#primaryimage","url":"https://hrdays.net/wp-content/uploads/2024/03/adrijana-strnad-680x390-2.jpg","contentUrl":"https://hrdays.net/wp-content/uploads/2024/03/adrijana-strnad-680x390-2.jpg","width":680,"height":390},{"@type":"BreadcrumbList","@id":"https://hrdays.net/en/speaker/adrijana-strnad/#breadcrumb","itemListElement":[{"@type":"ListItem","position":1,"name":"Home","item":"https://hrdays.net/"},{"@type":"ListItem","position":2,"name":"Govornik","item":"https://hrdays.net/speaker/"},{"@type":"ListItem","position":3,"name":"Adrijana Strnad"}]},{"@type":"WebSite","@id":"https://hrdays.net/#website","url":"https://hrdays.net/","name":"HR Days","description":"HRDays - konferencija o upravljanju ljudskim resursima","potentialAction":[{"@type":"SearchAction","target":{"@type":"EntryPoint","urlTemplate":"https://hrdays.net/?s={search_term_string}"},"query-input":{"@type":"PropertyValueSpecification","valueRequired":true,"valueName":"search_term_string"}}],"inLanguage":"en-GB"}]}</script>
<!-- / Yoast SEO plugin. -->

Konzultant za organizacijski razvoj, trener, executive coach, facilitator i predavač Adrijana Strnad, PCC, CPF, crpi svoj rast i znanje u razvoju organizacija iz više od 25 godina međunarodnog korporativnog iskustva – radeći i u visokim izvršnim ulogama i u ulozi...
