{"id":8278,"date":"2024-03-08T15:58:43","date_gmt":"2024-03-08T14:58:43","guid":{"rendered":"https:\/\/hrdays.net\/?post_type=speaker&#038;p=8278"},"modified":"2024-07-26T13:18:47","modified_gmt":"2024-07-26T11:18:47","slug":"lara-subic-susa-2","status":"publish","type":"speaker","link":"https:\/\/hrdays.net\/en\/speaker\/lara-subic-susa-2\/","title":{"rendered":"Lara \u0160ubi\u0107 \u0160u\u0161a"},"content":{"rendered":"<p>\"Equal Pay Champion\" and \"Employer Partner\" project manager | SELECTIO Grupa<\/p>\n\n\n\n<p>After graduating from the Faculty of Economics, Lara also completed her MBA and decided to combine business and human resources. She started her career in 2005 as an assistant on the Employer Partner project, and very soon after that she became a coordinator. He made a big turning point 5 years later when he moved to France where he studied foreign human resources management practices. <\/p>\n\n\n\n<p>Enriched with new perspectives and as she says \u2013 guided by intuition, she returns to SELECTIO where she works again on the Employer Partner project, but this time as a leader who continues the mission of building better workplaces and raising the quality of human resources management. In 2023, she will assume the role of leader of the Equal Pay Champion certificate, the first project to recognize organizations that are leading the way in reducing the wage gap.<\/p>\n\n\n\n<p><\/p>","protected":false},"excerpt":{"rendered":"<p>Voditeljica projekata Equal Pay Champion i Employer Partner | SELECTIO Grupa Nakon zavr\u0161enog ekonomskog fakulteta Lara zavr\u0161ava i MBA te odlu\u010duje spojiti biznis i ljudske potencijale. Svoju karijeru zapo\u010dela je 2005. godine kao asistentica na projektu Employer Partner, a vrlo&#8230;<\/p>","protected":false},"author":121,"featured_media":8283,"comment_status":"closed","ping_status":"closed","template":"","meta":{"_monsterinsights_skip_tracking":false,"_monsterinsights_sitenote_active":false,"_monsterinsights_sitenote_note":"","_monsterinsights_sitenote_category":0,"footnotes":""},"speaker-category":[162],"speaker-tags":[109],"location":[],"class_list":["post-8278","speaker","type-speaker","status-publish","has-post-thumbnail","hentry","speaker-category-govornici-2024","speaker-tags-predavac"],"yoast_head":"<!-- This site is optimized with the Yoast SEO plugin v25.3 - https:\/\/yoast.com\/wordpress\/plugins\/seo\/ -->\n<title>Lara \u0160ubi\u0107 \u0160u\u0161a - HR Days<\/title>\n<meta name=\"robots\" content=\"index, follow, max-snippet:-1, max-image-preview:large, max-video-preview:-1\" \/>\n<link rel=\"canonical\" href=\"https:\/\/hrdays.net\/en\/speaker\/lara-subic-susa-2\/\" \/>\n<meta property=\"og:locale\" content=\"en_GB\" \/>\n<meta property=\"og:type\" content=\"article\" \/>\n<meta property=\"og:title\" content=\"Lara \u0160ubi\u0107 \u0160u\u0161a - HR Days\" \/>\n<meta property=\"og:description\" content=\"Voditeljica projekata Equal Pay Champion i Employer Partner | SELECTIO Grupa Nakon zavr\u0161enog ekonomskog fakulteta Lara zavr\u0161ava i MBA te odlu\u010duje spojiti biznis i ljudske potencijale. Svoju karijeru zapo\u010dela je 2005. godine kao asistentica na projektu Employer Partner, a vrlo...\" \/>\n<meta property=\"og:url\" content=\"https:\/\/hrdays.net\/en\/speaker\/lara-subic-susa-2\/\" \/>\n<meta property=\"og:site_name\" content=\"HR Days\" \/>\n<meta property=\"article:modified_time\" content=\"2024-07-26T11:18:47+00:00\" \/>\n<meta property=\"og:image\" content=\"https:\/\/hrdays.net\/wp-content\/uploads\/2024\/03\/lara-subic-680x390-1.jpg\" \/>\n\t<meta property=\"og:image:width\" content=\"680\" \/>\n\t<meta property=\"og:image:height\" content=\"390\" \/>\n\t<meta property=\"og:image:type\" content=\"image\/jpeg\" \/>\n<meta name=\"twitter:card\" content=\"summary_large_image\" \/>\n<meta name=\"twitter:label1\" content=\"Estimated reading time\" \/>\n\t<meta name=\"twitter:data1\" content=\"1 minute\" \/>\n<script type=\"application\/ld+json\" class=\"yoast-schema-graph\">{\"@context\":\"https:\/\/schema.org\",\"@graph\":[{\"@type\":\"WebPage\",\"@id\":\"https:\/\/hrdays.net\/speaker\/lara-subic-susa-2\/\",\"url\":\"https:\/\/hrdays.net\/speaker\/lara-subic-susa-2\/\",\"name\":\"Lara \u0160ubi\u0107 \u0160u\u0161a - HR Days\",\"isPartOf\":{\"@id\":\"https:\/\/hrdays.net\/#website\"},\"primaryImageOfPage\":{\"@id\":\"https:\/\/hrdays.net\/speaker\/lara-subic-susa-2\/#primaryimage\"},\"image\":{\"@id\":\"https:\/\/hrdays.net\/speaker\/lara-subic-susa-2\/#primaryimage\"},\"thumbnailUrl\":\"https:\/\/hrdays.net\/wp-content\/uploads\/2024\/03\/lara-subic-680x390-1.jpg\",\"datePublished\":\"2024-03-08T14:58:43+00:00\",\"dateModified\":\"2024-07-26T11:18:47+00:00\",\"breadcrumb\":{\"@id\":\"https:\/\/hrdays.net\/speaker\/lara-subic-susa-2\/#breadcrumb\"},\"inLanguage\":\"en-GB\",\"potentialAction\":[{\"@type\":\"ReadAction\",\"target\":[\"https:\/\/hrdays.net\/speaker\/lara-subic-susa-2\/\"]}]},{\"@type\":\"ImageObject\",\"inLanguage\":\"en-GB\",\"@id\":\"https:\/\/hrdays.net\/speaker\/lara-subic-susa-2\/#primaryimage\",\"url\":\"https:\/\/hrdays.net\/wp-content\/uploads\/2024\/03\/lara-subic-680x390-1.jpg\",\"contentUrl\":\"https:\/\/hrdays.net\/wp-content\/uploads\/2024\/03\/lara-subic-680x390-1.jpg\",\"width\":680,\"height\":390},{\"@type\":\"BreadcrumbList\",\"@id\":\"https:\/\/hrdays.net\/speaker\/lara-subic-susa-2\/#breadcrumb\",\"itemListElement\":[{\"@type\":\"ListItem\",\"position\":1,\"name\":\"Home\",\"item\":\"https:\/\/hrdays.net\/\"},{\"@type\":\"ListItem\",\"position\":2,\"name\":\"Govornik\",\"item\":\"https:\/\/hrdays.net\/speaker\/\"},{\"@type\":\"ListItem\",\"position\":3,\"name\":\"Lara \u0160ubi\u0107 \u0160u\u0161a\"}]},{\"@type\":\"WebSite\",\"@id\":\"https:\/\/hrdays.net\/#website\",\"url\":\"https:\/\/hrdays.net\/\",\"name\":\"HR Days\",\"description\":\"HRDays - konferencija o upravljanju ljudskim resursima\",\"potentialAction\":[{\"@type\":\"SearchAction\",\"target\":{\"@type\":\"EntryPoint\",\"urlTemplate\":\"https:\/\/hrdays.net\/?s={search_term_string}\"},\"query-input\":{\"@type\":\"PropertyValueSpecification\",\"valueRequired\":true,\"valueName\":\"search_term_string\"}}],\"inLanguage\":\"en-GB\"}]}<\/script>\n<!-- \/ Yoast SEO plugin. -->","yoast_head_json":{"title":"Lara \u0160ubi\u0107 \u0160u\u0161a - HR Days","robots":{"index":"index","follow":"follow","max-snippet":"max-snippet:-1","max-image-preview":"max-image-preview:large","max-video-preview":"max-video-preview:-1"},"canonical":"https:\/\/hrdays.net\/en\/speaker\/lara-subic-susa-2\/","og_locale":"en_GB","og_type":"article","og_title":"Lara \u0160ubi\u0107 \u0160u\u0161a - HR Days","og_description":"Voditeljica projekata Equal Pay Champion i Employer Partner | SELECTIO Grupa Nakon zavr\u0161enog ekonomskog fakulteta Lara zavr\u0161ava i MBA te odlu\u010duje spojiti biznis i ljudske potencijale. Svoju karijeru zapo\u010dela je 2005. godine kao asistentica na projektu Employer Partner, a vrlo...","og_url":"https:\/\/hrdays.net\/en\/speaker\/lara-subic-susa-2\/","og_site_name":"HR Days","article_modified_time":"2024-07-26T11:18:47+00:00","og_image":[{"width":680,"height":390,"url":"https:\/\/hrdays.net\/wp-content\/uploads\/2024\/03\/lara-subic-680x390-1.jpg","type":"image\/jpeg"}],"twitter_card":"summary_large_image","twitter_misc":{"Estimated reading time":"1 minute"},"schema":{"@context":"https:\/\/schema.org","@graph":[{"@type":"WebPage","@id":"https:\/\/hrdays.net\/speaker\/lara-subic-susa-2\/","url":"https:\/\/hrdays.net\/speaker\/lara-subic-susa-2\/","name":"Lara \u0160ubi\u0107 \u0160u\u0161a - HR Days","isPartOf":{"@id":"https:\/\/hrdays.net\/#website"},"primaryImageOfPage":{"@id":"https:\/\/hrdays.net\/speaker\/lara-subic-susa-2\/#primaryimage"},"image":{"@id":"https:\/\/hrdays.net\/speaker\/lara-subic-susa-2\/#primaryimage"},"thumbnailUrl":"https:\/\/hrdays.net\/wp-content\/uploads\/2024\/03\/lara-subic-680x390-1.jpg","datePublished":"2024-03-08T14:58:43+00:00","dateModified":"2024-07-26T11:18:47+00:00","breadcrumb":{"@id":"https:\/\/hrdays.net\/speaker\/lara-subic-susa-2\/#breadcrumb"},"inLanguage":"en-GB","potentialAction":[{"@type":"ReadAction","target":["https:\/\/hrdays.net\/speaker\/lara-subic-susa-2\/"]}]},{"@type":"ImageObject","inLanguage":"en-GB","@id":"https:\/\/hrdays.net\/speaker\/lara-subic-susa-2\/#primaryimage","url":"https:\/\/hrdays.net\/wp-content\/uploads\/2024\/03\/lara-subic-680x390-1.jpg","contentUrl":"https:\/\/hrdays.net\/wp-content\/uploads\/2024\/03\/lara-subic-680x390-1.jpg","width":680,"height":390},{"@type":"BreadcrumbList","@id":"https:\/\/hrdays.net\/speaker\/lara-subic-susa-2\/#breadcrumb","itemListElement":[{"@type":"ListItem","position":1,"name":"Home","item":"https:\/\/hrdays.net\/"},{"@type":"ListItem","position":2,"name":"Govornik","item":"https:\/\/hrdays.net\/speaker\/"},{"@type":"ListItem","position":3,"name":"Lara \u0160ubi\u0107 \u0160u\u0161a"}]},{"@type":"WebSite","@id":"https:\/\/hrdays.net\/#website","url":"https:\/\/hrdays.net\/","name":"HR Days","description":"HRDays - konferencija o upravljanju ljudskim resursima","potentialAction":[{"@type":"SearchAction","target":{"@type":"EntryPoint","urlTemplate":"https:\/\/hrdays.net\/?s={search_term_string}"},"query-input":{"@type":"PropertyValueSpecification","valueRequired":true,"valueName":"search_term_string"}}],"inLanguage":"en-GB"}]}},"_links":{"self":[{"href":"https:\/\/hrdays.net\/en\/wp-json\/wp\/v2\/speaker\/8278","targetHints":{"allow":["GET"]}}],"collection":[{"href":"https:\/\/hrdays.net\/en\/wp-json\/wp\/v2\/speaker"}],"about":[{"href":"https:\/\/hrdays.net\/en\/wp-json\/wp\/v2\/types\/speaker"}],"author":[{"embeddable":true,"href":"https:\/\/hrdays.net\/en\/wp-json\/wp\/v2\/users\/121"}],"replies":[{"embeddable":true,"href":"https:\/\/hrdays.net\/en\/wp-json\/wp\/v2\/comments?post=8278"}],"version-history":[{"count":7,"href":"https:\/\/hrdays.net\/en\/wp-json\/wp\/v2\/speaker\/8278\/revisions"}],"predecessor-version":[{"id":8627,"href":"https:\/\/hrdays.net\/en\/wp-json\/wp\/v2\/speaker\/8278\/revisions\/8627"}],"wp:featuredmedia":[{"embeddable":true,"href":"https:\/\/hrdays.net\/en\/wp-json\/wp\/v2\/media\/8283"}],"wp:attachment":[{"href":"https:\/\/hrdays.net\/en\/wp-json\/wp\/v2\/media?parent=8278"}],"wp:term":[{"taxonomy":"speaker-category","embeddable":true,"href":"https:\/\/hrdays.net\/en\/wp-json\/wp\/v2\/speaker-category?post=8278"},{"taxonomy":"speaker-tags","embeddable":true,"href":"https:\/\/hrdays.net\/en\/wp-json\/wp\/v2\/speaker-tags?post=8278"},{"taxonomy":"location","embeddable":true,"href":"https:\/\/hrdays.net\/en\/wp-json\/wp\/v2\/location?post=8278"}],"curies":[{"name":"wp","href":"https:\/\/api.w.org\/{rel}","templated":true}]}}

Lara Šubić Šuša

<p>Voditeljica projekata Equal Pay Champion i Employer Partner | SELECTIO Grupa Nakon završenog ekonomskog fakulteta Lara završava i MBA te odlučuje spojiti biznis i ljudske potencijale. Svoju karijeru započela je 2005. godine kao asistentica na projektu Employer Partner, a vrlo&#8230;</p>

<!-- This site is optimized with the Yoast SEO plugin v25.3 - https://yoast.com/wordpress/plugins/seo/ -->
<title>Lara Šubić Šuša - HR Days</title>
<meta name="robots" content="index, follow, max-snippet:-1, max-image-preview:large, max-video-preview:-1" />
<link rel="canonical" href="https://hrdays.net/en/speaker/lara-subic-susa-2/" />
<meta property="og:locale" content="en_GB" />
<meta property="og:type" content="article" />
<meta property="og:title" content="Lara Šubić Šuša - HR Days" />
<meta property="og:description" content="Voditeljica projekata Equal Pay Champion i Employer Partner | SELECTIO Grupa Nakon završenog ekonomskog fakulteta Lara završava i MBA te odlučuje spojiti biznis i ljudske potencijale. Svoju karijeru započela je 2005. godine kao asistentica na projektu Employer Partner, a vrlo..." />
<meta property="og:url" content="https://hrdays.net/en/speaker/lara-subic-susa-2/" />
<meta property="og:site_name" content="HR Days" />
<meta property="article:modified_time" content="2024-07-26T11:18:47+00:00" />
<meta property="og:image" content="https://hrdays.net/wp-content/uploads/2024/03/lara-subic-680x390-1.jpg" />
	<meta property="og:image:width" content="680" />
	<meta property="og:image:height" content="390" />
	<meta property="og:image:type" content="image/jpeg" />
<meta name="twitter:card" content="summary_large_image" />
<meta name="twitter:label1" content="Estimated reading time" />
	<meta name="twitter:data1" content="1 minute" />
<script type="application/ld+json" class="yoast-schema-graph">{"@context":"https://schema.org","@graph":[{"@type":"WebPage","@id":"https://hrdays.net/speaker/lara-subic-susa-2/","url":"https://hrdays.net/speaker/lara-subic-susa-2/","name":"Lara Šubić Šuša - HR Days","isPartOf":{"@id":"https://hrdays.net/#website"},"primaryImageOfPage":{"@id":"https://hrdays.net/speaker/lara-subic-susa-2/#primaryimage"},"image":{"@id":"https://hrdays.net/speaker/lara-subic-susa-2/#primaryimage"},"thumbnailUrl":"https://hrdays.net/wp-content/uploads/2024/03/lara-subic-680x390-1.jpg","datePublished":"2024-03-08T14:58:43+00:00","dateModified":"2024-07-26T11:18:47+00:00","breadcrumb":{"@id":"https://hrdays.net/speaker/lara-subic-susa-2/#breadcrumb"},"inLanguage":"en-GB","potentialAction":[{"@type":"ReadAction","target":["https://hrdays.net/speaker/lara-subic-susa-2/"]}]},{"@type":"ImageObject","inLanguage":"en-GB","@id":"https://hrdays.net/speaker/lara-subic-susa-2/#primaryimage","url":"https://hrdays.net/wp-content/uploads/2024/03/lara-subic-680x390-1.jpg","contentUrl":"https://hrdays.net/wp-content/uploads/2024/03/lara-subic-680x390-1.jpg","width":680,"height":390},{"@type":"BreadcrumbList","@id":"https://hrdays.net/speaker/lara-subic-susa-2/#breadcrumb","itemListElement":[{"@type":"ListItem","position":1,"name":"Home","item":"https://hrdays.net/"},{"@type":"ListItem","position":2,"name":"Govornik","item":"https://hrdays.net/speaker/"},{"@type":"ListItem","position":3,"name":"Lara Šubić Šuša"}]},{"@type":"WebSite","@id":"https://hrdays.net/#website","url":"https://hrdays.net/","name":"HR Days","description":"HRDays - konferencija o upravljanju ljudskim resursima","potentialAction":[{"@type":"SearchAction","target":{"@type":"EntryPoint","urlTemplate":"https://hrdays.net/?s={search_term_string}"},"query-input":{"@type":"PropertyValueSpecification","valueRequired":true,"valueName":"search_term_string"}}],"inLanguage":"en-GB"}]}</script>
<!-- / Yoast SEO plugin. -->

Lara Šubić Šuša - HR Days

Voditeljica projekata Equal Pay Champion i Employer Partner | SELECTIO Grupa Nakon završenog ekonomskog fakulteta Lara završava i MBA te odlučuje spojiti biznis i ljudske potencijale. Svoju karijeru započela je 2005. godine kao asistentica na projektu Employer Partner, a vrlo...
