{"id":8103,"date":"2023-12-18T10:03:31","date_gmt":"2023-12-18T09:03:31","guid":{"rendered":"https:\/\/hrdays.net\/?post_type=speaker&#038;p=8103"},"modified":"2024-07-26T13:18:09","modified_gmt":"2024-07-26T11:18:09","slug":"debra-corey-2","status":"publish","type":"speaker","link":"https:\/\/hrdays.net\/en\/speaker\/debra-corey-2\/","title":{"rendered":"Debra Corey"},"content":{"rendered":"<p>Debra Corey is a highly experienced and award-winning HR consultant, world-class speaker, and six-time author who has been named as one of the top 101 global employee engagement influencers. She\u2019s had a varied career, working for global companies such as Gap, Quintiles, Merlin Entertainments and Reward Gateway, where she developed and delivered HR strategies in a rebellious way, pushing the boundaries and challenging the status quo to truly drive employee engagement. She now acts as the Chief Pay It Forward Officer at DebCo HR, where she inspires and works with others to bring out their inner rebel and drive cultural and business change through employee engagement.<\/p>\n\n\n<p><strong>What can you expect at the lecture \u201cHow to Stop Your Bad Bosses from Ruining Lives\u201d<\/strong>:<\/p>\n<ul>\n<li>Description of 10 types of bad bosses - explaining what they are and the impact they have on employees<\/li>\n<li>Great Boss Building Block\u2122 Model - 14 building blocks, why they matter, and the steps your bosses can take to improve the situation<\/li>\n<li>Real-life stories of bad bosses that help illustrate the damage they can cause<\/li>\n<li>Practical and applicable tips on managing bad bosses, as well as how not to become one of them<\/li>\n<\/ul>","protected":false},"excerpt":{"rendered":"<p>Debra Corey je iskusna i nagra\u0111ivana savjetnica za ljudske resurse, vrhunska govornica i autorica \u0161est knjiga od kojih je jedna progla\u0161ena jednom od najboljih 101 globalnih utjecajnih osoba kada je u pitanju uklju\u010divanje zaposlenika. Imala je raznovrsnu karijeru, radila je&#8230;<\/p>","protected":false},"author":122,"featured_media":8106,"comment_status":"closed","ping_status":"closed","template":"","meta":{"_monsterinsights_skip_tracking":false,"_monsterinsights_sitenote_active":false,"_monsterinsights_sitenote_note":"","_monsterinsights_sitenote_category":0,"footnotes":""},"speaker-category":[162],"speaker-tags":[109],"location":[],"class_list":["post-8103","speaker","type-speaker","status-publish","has-post-thumbnail","hentry","speaker-category-govornici-2024","speaker-tags-predavac"],"yoast_head":"<!-- This site is optimized with the Yoast SEO plugin v25.3 - https:\/\/yoast.com\/wordpress\/plugins\/seo\/ -->\n<title>Debra Corey - HR Days<\/title>\n<meta name=\"robots\" content=\"index, follow, max-snippet:-1, max-image-preview:large, max-video-preview:-1\" \/>\n<link rel=\"canonical\" href=\"https:\/\/hrdays.net\/en\/speaker\/debra-corey-2\/\" \/>\n<meta property=\"og:locale\" content=\"en_GB\" \/>\n<meta property=\"og:type\" content=\"article\" \/>\n<meta property=\"og:title\" content=\"Debra Corey - HR Days\" \/>\n<meta property=\"og:description\" content=\"Debra Corey je iskusna i nagra\u0111ivana savjetnica za ljudske resurse, vrhunska govornica i autorica \u0161est knjiga od kojih je jedna progla\u0161ena jednom od najboljih 101 globalnih utjecajnih osoba kada je u pitanju uklju\u010divanje zaposlenika. Imala je raznovrsnu karijeru, radila je...\" \/>\n<meta property=\"og:url\" content=\"https:\/\/hrdays.net\/en\/speaker\/debra-corey-2\/\" \/>\n<meta property=\"og:site_name\" content=\"HR Days\" \/>\n<meta property=\"article:modified_time\" content=\"2024-07-26T11:18:09+00:00\" \/>\n<meta property=\"og:image\" content=\"https:\/\/hrdays.net\/wp-content\/uploads\/2023\/12\/Debra-Corey-680x390-1.jpg\" \/>\n\t<meta property=\"og:image:width\" content=\"680\" \/>\n\t<meta property=\"og:image:height\" content=\"390\" \/>\n\t<meta property=\"og:image:type\" content=\"image\/jpeg\" \/>\n<meta name=\"twitter:card\" content=\"summary_large_image\" \/>\n<meta name=\"twitter:label1\" content=\"Estimated reading time\" \/>\n\t<meta name=\"twitter:data1\" content=\"2 minutes\" \/>\n<script type=\"application\/ld+json\" class=\"yoast-schema-graph\">{\"@context\":\"https:\/\/schema.org\",\"@graph\":[{\"@type\":\"WebPage\",\"@id\":\"https:\/\/hrdays.net\/en\/speaker\/debra-corey-2\/\",\"url\":\"https:\/\/hrdays.net\/en\/speaker\/debra-corey-2\/\",\"name\":\"Debra Corey - HR Days\",\"isPartOf\":{\"@id\":\"https:\/\/hrdays.net\/#website\"},\"primaryImageOfPage\":{\"@id\":\"https:\/\/hrdays.net\/en\/speaker\/debra-corey-2\/#primaryimage\"},\"image\":{\"@id\":\"https:\/\/hrdays.net\/en\/speaker\/debra-corey-2\/#primaryimage\"},\"thumbnailUrl\":\"https:\/\/hrdays.net\/wp-content\/uploads\/2023\/12\/Debra-Corey-680x390-1.jpg\",\"datePublished\":\"2023-12-18T09:03:31+00:00\",\"dateModified\":\"2024-07-26T11:18:09+00:00\",\"breadcrumb\":{\"@id\":\"https:\/\/hrdays.net\/en\/speaker\/debra-corey-2\/#breadcrumb\"},\"inLanguage\":\"en-GB\",\"potentialAction\":[{\"@type\":\"ReadAction\",\"target\":[\"https:\/\/hrdays.net\/en\/speaker\/debra-corey-2\/\"]}]},{\"@type\":\"ImageObject\",\"inLanguage\":\"en-GB\",\"@id\":\"https:\/\/hrdays.net\/en\/speaker\/debra-corey-2\/#primaryimage\",\"url\":\"https:\/\/hrdays.net\/wp-content\/uploads\/2023\/12\/Debra-Corey-680x390-1.jpg\",\"contentUrl\":\"https:\/\/hrdays.net\/wp-content\/uploads\/2023\/12\/Debra-Corey-680x390-1.jpg\",\"width\":680,\"height\":390},{\"@type\":\"BreadcrumbList\",\"@id\":\"https:\/\/hrdays.net\/en\/speaker\/debra-corey-2\/#breadcrumb\",\"itemListElement\":[{\"@type\":\"ListItem\",\"position\":1,\"name\":\"Home\",\"item\":\"https:\/\/hrdays.net\/\"},{\"@type\":\"ListItem\",\"position\":2,\"name\":\"Govornik\",\"item\":\"https:\/\/hrdays.net\/speaker\/\"},{\"@type\":\"ListItem\",\"position\":3,\"name\":\"Debra Corey\"}]},{\"@type\":\"WebSite\",\"@id\":\"https:\/\/hrdays.net\/#website\",\"url\":\"https:\/\/hrdays.net\/\",\"name\":\"HR Days\",\"description\":\"HRDays - konferencija o upravljanju ljudskim resursima\",\"potentialAction\":[{\"@type\":\"SearchAction\",\"target\":{\"@type\":\"EntryPoint\",\"urlTemplate\":\"https:\/\/hrdays.net\/?s={search_term_string}\"},\"query-input\":{\"@type\":\"PropertyValueSpecification\",\"valueRequired\":true,\"valueName\":\"search_term_string\"}}],\"inLanguage\":\"en-GB\"}]}<\/script>\n<!-- \/ Yoast SEO plugin. -->","yoast_head_json":{"title":"Debra Corey - HR Days","robots":{"index":"index","follow":"follow","max-snippet":"max-snippet:-1","max-image-preview":"max-image-preview:large","max-video-preview":"max-video-preview:-1"},"canonical":"https:\/\/hrdays.net\/en\/speaker\/debra-corey-2\/","og_locale":"en_GB","og_type":"article","og_title":"Debra Corey - HR Days","og_description":"Debra Corey je iskusna i nagra\u0111ivana savjetnica za ljudske resurse, vrhunska govornica i autorica \u0161est knjiga od kojih je jedna progla\u0161ena jednom od najboljih 101 globalnih utjecajnih osoba kada je u pitanju uklju\u010divanje zaposlenika. Imala je raznovrsnu karijeru, radila je...","og_url":"https:\/\/hrdays.net\/en\/speaker\/debra-corey-2\/","og_site_name":"HR Days","article_modified_time":"2024-07-26T11:18:09+00:00","og_image":[{"width":680,"height":390,"url":"https:\/\/hrdays.net\/wp-content\/uploads\/2023\/12\/Debra-Corey-680x390-1.jpg","type":"image\/jpeg"}],"twitter_card":"summary_large_image","twitter_misc":{"Estimated reading time":"2 minutes"},"schema":{"@context":"https:\/\/schema.org","@graph":[{"@type":"WebPage","@id":"https:\/\/hrdays.net\/en\/speaker\/debra-corey-2\/","url":"https:\/\/hrdays.net\/en\/speaker\/debra-corey-2\/","name":"Debra Corey - HR Days","isPartOf":{"@id":"https:\/\/hrdays.net\/#website"},"primaryImageOfPage":{"@id":"https:\/\/hrdays.net\/en\/speaker\/debra-corey-2\/#primaryimage"},"image":{"@id":"https:\/\/hrdays.net\/en\/speaker\/debra-corey-2\/#primaryimage"},"thumbnailUrl":"https:\/\/hrdays.net\/wp-content\/uploads\/2023\/12\/Debra-Corey-680x390-1.jpg","datePublished":"2023-12-18T09:03:31+00:00","dateModified":"2024-07-26T11:18:09+00:00","breadcrumb":{"@id":"https:\/\/hrdays.net\/en\/speaker\/debra-corey-2\/#breadcrumb"},"inLanguage":"en-GB","potentialAction":[{"@type":"ReadAction","target":["https:\/\/hrdays.net\/en\/speaker\/debra-corey-2\/"]}]},{"@type":"ImageObject","inLanguage":"en-GB","@id":"https:\/\/hrdays.net\/en\/speaker\/debra-corey-2\/#primaryimage","url":"https:\/\/hrdays.net\/wp-content\/uploads\/2023\/12\/Debra-Corey-680x390-1.jpg","contentUrl":"https:\/\/hrdays.net\/wp-content\/uploads\/2023\/12\/Debra-Corey-680x390-1.jpg","width":680,"height":390},{"@type":"BreadcrumbList","@id":"https:\/\/hrdays.net\/en\/speaker\/debra-corey-2\/#breadcrumb","itemListElement":[{"@type":"ListItem","position":1,"name":"Home","item":"https:\/\/hrdays.net\/"},{"@type":"ListItem","position":2,"name":"Govornik","item":"https:\/\/hrdays.net\/speaker\/"},{"@type":"ListItem","position":3,"name":"Debra Corey"}]},{"@type":"WebSite","@id":"https:\/\/hrdays.net\/#website","url":"https:\/\/hrdays.net\/","name":"HR Days","description":"HRDays - konferencija o upravljanju ljudskim resursima","potentialAction":[{"@type":"SearchAction","target":{"@type":"EntryPoint","urlTemplate":"https:\/\/hrdays.net\/?s={search_term_string}"},"query-input":{"@type":"PropertyValueSpecification","valueRequired":true,"valueName":"search_term_string"}}],"inLanguage":"en-GB"}]}},"_links":{"self":[{"href":"https:\/\/hrdays.net\/en\/wp-json\/wp\/v2\/speaker\/8103","targetHints":{"allow":["GET"]}}],"collection":[{"href":"https:\/\/hrdays.net\/en\/wp-json\/wp\/v2\/speaker"}],"about":[{"href":"https:\/\/hrdays.net\/en\/wp-json\/wp\/v2\/types\/speaker"}],"author":[{"embeddable":true,"href":"https:\/\/hrdays.net\/en\/wp-json\/wp\/v2\/users\/122"}],"replies":[{"embeddable":true,"href":"https:\/\/hrdays.net\/en\/wp-json\/wp\/v2\/comments?post=8103"}],"version-history":[{"count":3,"href":"https:\/\/hrdays.net\/en\/wp-json\/wp\/v2\/speaker\/8103\/revisions"}],"predecessor-version":[{"id":8325,"href":"https:\/\/hrdays.net\/en\/wp-json\/wp\/v2\/speaker\/8103\/revisions\/8325"}],"wp:featuredmedia":[{"embeddable":true,"href":"https:\/\/hrdays.net\/en\/wp-json\/wp\/v2\/media\/8106"}],"wp:attachment":[{"href":"https:\/\/hrdays.net\/en\/wp-json\/wp\/v2\/media?parent=8103"}],"wp:term":[{"taxonomy":"speaker-category","embeddable":true,"href":"https:\/\/hrdays.net\/en\/wp-json\/wp\/v2\/speaker-category?post=8103"},{"taxonomy":"speaker-tags","embeddable":true,"href":"https:\/\/hrdays.net\/en\/wp-json\/wp\/v2\/speaker-tags?post=8103"},{"taxonomy":"location","embeddable":true,"href":"https:\/\/hrdays.net\/en\/wp-json\/wp\/v2\/location?post=8103"}],"curies":[{"name":"wp","href":"https:\/\/api.w.org\/{rel}","templated":true}]}}

<p>Debra Corey je iskusna i nagrađivana savjetnica za ljudske resurse, vrhunska govornica i autorica šest knjiga od kojih je jedna proglašena jednom od najboljih 101 globalnih utjecajnih osoba kada je u pitanju uključivanje zaposlenika. Imala je raznovrsnu karijeru, radila je&#8230;</p>

<!-- This site is optimized with the Yoast SEO plugin v25.3 - https://yoast.com/wordpress/plugins/seo/ -->
<title>Debra Corey - HR Days</title>
<meta name="robots" content="index, follow, max-snippet:-1, max-image-preview:large, max-video-preview:-1" />
<link rel="canonical" href="https://hrdays.net/en/speaker/debra-corey-2/" />
<meta property="og:locale" content="en_GB" />
<meta property="og:type" content="article" />
<meta property="og:title" content="Debra Corey - HR Days" />
<meta property="og:description" content="Debra Corey je iskusna i nagrađivana savjetnica za ljudske resurse, vrhunska govornica i autorica šest knjiga od kojih je jedna proglašena jednom od najboljih 101 globalnih utjecajnih osoba kada je u pitanju uključivanje zaposlenika. Imala je raznovrsnu karijeru, radila je..." />
<meta property="og:url" content="https://hrdays.net/en/speaker/debra-corey-2/" />
<meta property="og:site_name" content="HR Days" />
<meta property="article:modified_time" content="2024-07-26T11:18:09+00:00" />
<meta property="og:image" content="https://hrdays.net/wp-content/uploads/2023/12/Debra-Corey-680x390-1.jpg" />
	<meta property="og:image:width" content="680" />
	<meta property="og:image:height" content="390" />
	<meta property="og:image:type" content="image/jpeg" />
<meta name="twitter:card" content="summary_large_image" />
<meta name="twitter:label1" content="Estimated reading time" />
	<meta name="twitter:data1" content="2 minutes" />
<script type="application/ld+json" class="yoast-schema-graph">{"@context":"https://schema.org","@graph":[{"@type":"WebPage","@id":"https://hrdays.net/en/speaker/debra-corey-2/","url":"https://hrdays.net/en/speaker/debra-corey-2/","name":"Debra Corey - HR Days","isPartOf":{"@id":"https://hrdays.net/#website"},"primaryImageOfPage":{"@id":"https://hrdays.net/en/speaker/debra-corey-2/#primaryimage"},"image":{"@id":"https://hrdays.net/en/speaker/debra-corey-2/#primaryimage"},"thumbnailUrl":"https://hrdays.net/wp-content/uploads/2023/12/Debra-Corey-680x390-1.jpg","datePublished":"2023-12-18T09:03:31+00:00","dateModified":"2024-07-26T11:18:09+00:00","breadcrumb":{"@id":"https://hrdays.net/en/speaker/debra-corey-2/#breadcrumb"},"inLanguage":"en-GB","potentialAction":[{"@type":"ReadAction","target":["https://hrdays.net/en/speaker/debra-corey-2/"]}]},{"@type":"ImageObject","inLanguage":"en-GB","@id":"https://hrdays.net/en/speaker/debra-corey-2/#primaryimage","url":"https://hrdays.net/wp-content/uploads/2023/12/Debra-Corey-680x390-1.jpg","contentUrl":"https://hrdays.net/wp-content/uploads/2023/12/Debra-Corey-680x390-1.jpg","width":680,"height":390},{"@type":"BreadcrumbList","@id":"https://hrdays.net/en/speaker/debra-corey-2/#breadcrumb","itemListElement":[{"@type":"ListItem","position":1,"name":"Home","item":"https://hrdays.net/"},{"@type":"ListItem","position":2,"name":"Govornik","item":"https://hrdays.net/speaker/"},{"@type":"ListItem","position":3,"name":"Debra Corey"}]},{"@type":"WebSite","@id":"https://hrdays.net/#website","url":"https://hrdays.net/","name":"HR Days","description":"HRDays - konferencija o upravljanju ljudskim resursima","potentialAction":[{"@type":"SearchAction","target":{"@type":"EntryPoint","urlTemplate":"https://hrdays.net/?s={search_term_string}"},"query-input":{"@type":"PropertyValueSpecification","valueRequired":true,"valueName":"search_term_string"}}],"inLanguage":"en-GB"}]}</script>
<!-- / Yoast SEO plugin. -->

Debra Corey je iskusna i nagrađivana savjetnica za ljudske resurse, vrhunska govornica i autorica šest knjiga od kojih je jedna proglašena jednom od najboljih 101 globalnih utjecajnih osoba kada je u pitanju uključivanje zaposlenika. Imala je raznovrsnu karijeru, radila je...
