{"id":7520,"date":"2023-08-14T09:03:27","date_gmt":"2023-08-14T07:03:27","guid":{"rendered":"https:\/\/hrdays.net\/?post_type=speaker&#038;p=7520"},"modified":"2023-08-18T12:13:27","modified_gmt":"2023-08-18T10:13:27","slug":"mateja-terek","status":"publish","type":"speaker","link":"https:\/\/hrdays.net\/en\/speaker\/mateja-terek\/","title":{"rendered":"Mateja Terek"},"content":{"rendered":"<p>After more than a decade of work in the PR and communications industry, during which she strategically consulted a number of domestic and foreign companies from various industries, during the year 2020, Mateja joined Netgen, a domestic web development agency, in the position of People &amp; Communication Manager.<\/p>\n\n\n\n<p>Since then, she has been focused mainly on organizational development at Netgen, with an emphasis on personal development plans, employer branding and employment, but also on the development and implementation of the entire HR strategy. In addition to several certificates she received from the AIHR, Mateja is also a certified NLP Master.<\/p>\n\n\n\n<p>During the panel, she will give her views on Generation Z, mostly in terms of attracting, hiring and retaining this demographic group, but also in terms of its internal communication style, engagement and dedication to work, motivation and work ethic.<\/p>\n\n\n\n<p><strong>What can you expect from the panel?<\/strong><\/p>\n\n\n\n<p>Generation Z will make up more than a quarter of the working population by 2025, marking a shift in workforce dominance and ushering a new era of leadership.<\/p>\n\n\n\n<p>Whether the specifics of this generation mentioned so far are myths or reality, how can companies react to expectations of members of this completely digital generation and what of their advantages we should all try to adopt, will be discussed by our panelists: psychologist Maja Vu\u010di\u0107, Tik Tok mentor Dario Mar\u010dac , People &amp; Communication Manager at Netgen company Mateja Terek and People Analytics Specialist at A1 company Andrija Vrhovnik.<\/p>","protected":false},"excerpt":{"rendered":"<p>Nakon vi\u0161e od deset godina rada u industriji PR-a i komunikacija, tijekom kojih je strate\u0161ki savjetovala niz doma\u0107ih i stranih tvrtki iz raznih industrija, Mateja se 2020. godine pridru\u017euje Netgenu, doma\u0107oj web development agenciji, na poziciji People &amp; Communication Managera&#8230;.<\/p>","protected":false},"author":66,"featured_media":7524,"comment_status":"closed","ping_status":"closed","template":"","meta":{"_monsterinsights_skip_tracking":false,"_monsterinsights_sitenote_active":false,"_monsterinsights_sitenote_note":"","_monsterinsights_sitenote_category":0,"footnotes":""},"speaker-category":[158],"speaker-tags":[],"location":[],"class_list":["post-7520","speaker","type-speaker","status-publish","has-post-thumbnail","hentry","speaker-category-govornici-2023"],"yoast_head":"<!-- This site is optimized with the Yoast SEO plugin v25.3 - https:\/\/yoast.com\/wordpress\/plugins\/seo\/ -->\n<title>Mateja Terek - HR Days<\/title>\n<meta name=\"robots\" content=\"index, follow, max-snippet:-1, max-image-preview:large, max-video-preview:-1\" \/>\n<link rel=\"canonical\" href=\"https:\/\/hrdays.net\/en\/speaker\/mateja-terek\/\" \/>\n<meta property=\"og:locale\" content=\"en_GB\" \/>\n<meta property=\"og:type\" content=\"article\" \/>\n<meta property=\"og:title\" content=\"Mateja Terek - HR Days\" \/>\n<meta property=\"og:description\" content=\"Nakon vi\u0161e od deset godina rada u industriji PR-a i komunikacija, tijekom kojih je strate\u0161ki savjetovala niz doma\u0107ih i stranih tvrtki iz raznih industrija, Mateja se 2020. godine pridru\u017euje Netgenu, doma\u0107oj web development agenciji, na poziciji People &amp; Communication Managera....\" \/>\n<meta property=\"og:url\" content=\"https:\/\/hrdays.net\/en\/speaker\/mateja-terek\/\" \/>\n<meta property=\"og:site_name\" content=\"HR Days\" \/>\n<meta property=\"article:modified_time\" content=\"2023-08-18T10:13:27+00:00\" \/>\n<meta property=\"og:image\" content=\"https:\/\/hrdays.net\/wp-content\/uploads\/2023\/08\/mateja-tarek-680x390-1.png\" \/>\n\t<meta property=\"og:image:width\" content=\"680\" \/>\n\t<meta property=\"og:image:height\" content=\"380\" \/>\n\t<meta property=\"og:image:type\" content=\"image\/png\" \/>\n<meta name=\"twitter:card\" content=\"summary_large_image\" \/>\n<meta name=\"twitter:label1\" content=\"Estimated reading time\" \/>\n\t<meta name=\"twitter:data1\" content=\"2 minutes\" \/>\n<script type=\"application\/ld+json\" class=\"yoast-schema-graph\">{\"@context\":\"https:\/\/schema.org\",\"@graph\":[{\"@type\":\"WebPage\",\"@id\":\"https:\/\/hrdays.net\/speaker\/mateja-terek\/\",\"url\":\"https:\/\/hrdays.net\/speaker\/mateja-terek\/\",\"name\":\"Mateja Terek - HR Days\",\"isPartOf\":{\"@id\":\"https:\/\/hrdays.net\/#website\"},\"primaryImageOfPage\":{\"@id\":\"https:\/\/hrdays.net\/speaker\/mateja-terek\/#primaryimage\"},\"image\":{\"@id\":\"https:\/\/hrdays.net\/speaker\/mateja-terek\/#primaryimage\"},\"thumbnailUrl\":\"https:\/\/hrdays.net\/wp-content\/uploads\/2023\/08\/mateja-tarek-680x390-1.png\",\"datePublished\":\"2023-08-14T07:03:27+00:00\",\"dateModified\":\"2023-08-18T10:13:27+00:00\",\"breadcrumb\":{\"@id\":\"https:\/\/hrdays.net\/speaker\/mateja-terek\/#breadcrumb\"},\"inLanguage\":\"en-GB\",\"potentialAction\":[{\"@type\":\"ReadAction\",\"target\":[\"https:\/\/hrdays.net\/speaker\/mateja-terek\/\"]}]},{\"@type\":\"ImageObject\",\"inLanguage\":\"en-GB\",\"@id\":\"https:\/\/hrdays.net\/speaker\/mateja-terek\/#primaryimage\",\"url\":\"https:\/\/hrdays.net\/wp-content\/uploads\/2023\/08\/mateja-tarek-680x390-1.png\",\"contentUrl\":\"https:\/\/hrdays.net\/wp-content\/uploads\/2023\/08\/mateja-tarek-680x390-1.png\",\"width\":680,\"height\":380},{\"@type\":\"BreadcrumbList\",\"@id\":\"https:\/\/hrdays.net\/speaker\/mateja-terek\/#breadcrumb\",\"itemListElement\":[{\"@type\":\"ListItem\",\"position\":1,\"name\":\"Home\",\"item\":\"https:\/\/hrdays.net\/\"},{\"@type\":\"ListItem\",\"position\":2,\"name\":\"Govornik\",\"item\":\"https:\/\/hrdays.net\/speaker\/\"},{\"@type\":\"ListItem\",\"position\":3,\"name\":\"Mateja Terek\"}]},{\"@type\":\"WebSite\",\"@id\":\"https:\/\/hrdays.net\/#website\",\"url\":\"https:\/\/hrdays.net\/\",\"name\":\"HR Days\",\"description\":\"HRDays - konferencija o upravljanju ljudskim resursima\",\"potentialAction\":[{\"@type\":\"SearchAction\",\"target\":{\"@type\":\"EntryPoint\",\"urlTemplate\":\"https:\/\/hrdays.net\/?s={search_term_string}\"},\"query-input\":{\"@type\":\"PropertyValueSpecification\",\"valueRequired\":true,\"valueName\":\"search_term_string\"}}],\"inLanguage\":\"en-GB\"}]}<\/script>\n<!-- \/ Yoast SEO plugin. -->","yoast_head_json":{"title":"Mateja Terek - HR Days","robots":{"index":"index","follow":"follow","max-snippet":"max-snippet:-1","max-image-preview":"max-image-preview:large","max-video-preview":"max-video-preview:-1"},"canonical":"https:\/\/hrdays.net\/en\/speaker\/mateja-terek\/","og_locale":"en_GB","og_type":"article","og_title":"Mateja Terek - HR Days","og_description":"Nakon vi\u0161e od deset godina rada u industriji PR-a i komunikacija, tijekom kojih je strate\u0161ki savjetovala niz doma\u0107ih i stranih tvrtki iz raznih industrija, Mateja se 2020. godine pridru\u017euje Netgenu, doma\u0107oj web development agenciji, na poziciji People &amp; Communication Managera....","og_url":"https:\/\/hrdays.net\/en\/speaker\/mateja-terek\/","og_site_name":"HR Days","article_modified_time":"2023-08-18T10:13:27+00:00","og_image":[{"width":680,"height":380,"url":"https:\/\/hrdays.net\/wp-content\/uploads\/2023\/08\/mateja-tarek-680x390-1.png","type":"image\/png"}],"twitter_card":"summary_large_image","twitter_misc":{"Estimated reading time":"2 minutes"},"schema":{"@context":"https:\/\/schema.org","@graph":[{"@type":"WebPage","@id":"https:\/\/hrdays.net\/speaker\/mateja-terek\/","url":"https:\/\/hrdays.net\/speaker\/mateja-terek\/","name":"Mateja Terek - HR Days","isPartOf":{"@id":"https:\/\/hrdays.net\/#website"},"primaryImageOfPage":{"@id":"https:\/\/hrdays.net\/speaker\/mateja-terek\/#primaryimage"},"image":{"@id":"https:\/\/hrdays.net\/speaker\/mateja-terek\/#primaryimage"},"thumbnailUrl":"https:\/\/hrdays.net\/wp-content\/uploads\/2023\/08\/mateja-tarek-680x390-1.png","datePublished":"2023-08-14T07:03:27+00:00","dateModified":"2023-08-18T10:13:27+00:00","breadcrumb":{"@id":"https:\/\/hrdays.net\/speaker\/mateja-terek\/#breadcrumb"},"inLanguage":"en-GB","potentialAction":[{"@type":"ReadAction","target":["https:\/\/hrdays.net\/speaker\/mateja-terek\/"]}]},{"@type":"ImageObject","inLanguage":"en-GB","@id":"https:\/\/hrdays.net\/speaker\/mateja-terek\/#primaryimage","url":"https:\/\/hrdays.net\/wp-content\/uploads\/2023\/08\/mateja-tarek-680x390-1.png","contentUrl":"https:\/\/hrdays.net\/wp-content\/uploads\/2023\/08\/mateja-tarek-680x390-1.png","width":680,"height":380},{"@type":"BreadcrumbList","@id":"https:\/\/hrdays.net\/speaker\/mateja-terek\/#breadcrumb","itemListElement":[{"@type":"ListItem","position":1,"name":"Home","item":"https:\/\/hrdays.net\/"},{"@type":"ListItem","position":2,"name":"Govornik","item":"https:\/\/hrdays.net\/speaker\/"},{"@type":"ListItem","position":3,"name":"Mateja Terek"}]},{"@type":"WebSite","@id":"https:\/\/hrdays.net\/#website","url":"https:\/\/hrdays.net\/","name":"HR Days","description":"HRDays - konferencija o upravljanju ljudskim resursima","potentialAction":[{"@type":"SearchAction","target":{"@type":"EntryPoint","urlTemplate":"https:\/\/hrdays.net\/?s={search_term_string}"},"query-input":{"@type":"PropertyValueSpecification","valueRequired":true,"valueName":"search_term_string"}}],"inLanguage":"en-GB"}]}},"_links":{"self":[{"href":"https:\/\/hrdays.net\/en\/wp-json\/wp\/v2\/speaker\/7520","targetHints":{"allow":["GET"]}}],"collection":[{"href":"https:\/\/hrdays.net\/en\/wp-json\/wp\/v2\/speaker"}],"about":[{"href":"https:\/\/hrdays.net\/en\/wp-json\/wp\/v2\/types\/speaker"}],"author":[{"embeddable":true,"href":"https:\/\/hrdays.net\/en\/wp-json\/wp\/v2\/users\/66"}],"replies":[{"embeddable":true,"href":"https:\/\/hrdays.net\/en\/wp-json\/wp\/v2\/comments?post=7520"}],"version-history":[{"count":1,"href":"https:\/\/hrdays.net\/en\/wp-json\/wp\/v2\/speaker\/7520\/revisions"}],"predecessor-version":[{"id":7521,"href":"https:\/\/hrdays.net\/en\/wp-json\/wp\/v2\/speaker\/7520\/revisions\/7521"}],"wp:featuredmedia":[{"embeddable":true,"href":"https:\/\/hrdays.net\/en\/wp-json\/wp\/v2\/media\/7524"}],"wp:attachment":[{"href":"https:\/\/hrdays.net\/en\/wp-json\/wp\/v2\/media?parent=7520"}],"wp:term":[{"taxonomy":"speaker-category","embeddable":true,"href":"https:\/\/hrdays.net\/en\/wp-json\/wp\/v2\/speaker-category?post=7520"},{"taxonomy":"speaker-tags","embeddable":true,"href":"https:\/\/hrdays.net\/en\/wp-json\/wp\/v2\/speaker-tags?post=7520"},{"taxonomy":"location","embeddable":true,"href":"https:\/\/hrdays.net\/en\/wp-json\/wp\/v2\/location?post=7520"}],"curies":[{"name":"wp","href":"https:\/\/api.w.org\/{rel}","templated":true}]}}

<p>After more than a decade of work in the PR and communications industry, during which she strategically consulted a number of domestic and foreign companies from various industries, during the year 2020, Mateja joined Netgen, a domestic web development agency, in the position of People &amp; Communication Manager.</p>



<p>Since then, she has been focused mainly on organizational development at Netgen, with an emphasis on personal development plans, employer branding and employment, but also on the development and implementation of the entire HR strategy. In addition to several certificates she received from the AIHR, Mateja is also a certified NLP Master.</p>



<p>During the panel, she will give her views on Generation Z, mostly in terms of attracting, hiring and retaining this demographic group, but also in terms of its internal communication style, engagement and dedication to work, motivation and work ethic.</p>



<p><strong>What can you expect from the panel?</strong></p>



<p>Generation Z will make up more than a quarter of the working population by 2025, marking a shift in workforce dominance and ushering a new era of leadership.</p>



<p>Whether the specifics of this generation mentioned so far are myths or reality, how can companies react to expectations of members of this completely digital generation and what of their advantages we should all try to adopt, will be discussed by our panelists: psychologist Maja Vučić, Tik Tok mentor Dario Marčac , People &amp; Communication Manager at Netgen company Mateja Terek and People Analytics Specialist at A1 company Andrija Vrhovnik.</p>

<p>Nakon više od deset godina rada u industriji PR-a i komunikacija, tijekom kojih je strateški savjetovala niz domaćih i stranih tvrtki iz raznih industrija, Mateja se 2020. godine pridružuje Netgenu, domaćoj web development agenciji, na poziciji People &amp; Communication Managera&#8230;.</p>

<!-- This site is optimized with the Yoast SEO plugin v25.3 - https://yoast.com/wordpress/plugins/seo/ -->
<title>Mateja Terek - HR Days</title>
<meta name="robots" content="index, follow, max-snippet:-1, max-image-preview:large, max-video-preview:-1" />
<link rel="canonical" href="https://hrdays.net/en/speaker/mateja-terek/" />
<meta property="og:locale" content="en_GB" />
<meta property="og:type" content="article" />
<meta property="og:title" content="Mateja Terek - HR Days" />
<meta property="og:description" content="Nakon više od deset godina rada u industriji PR-a i komunikacija, tijekom kojih je strateški savjetovala niz domaćih i stranih tvrtki iz raznih industrija, Mateja se 2020. godine pridružuje Netgenu, domaćoj web development agenciji, na poziciji People &amp; Communication Managera...." />
<meta property="og:url" content="https://hrdays.net/en/speaker/mateja-terek/" />
<meta property="og:site_name" content="HR Days" />
<meta property="article:modified_time" content="2023-08-18T10:13:27+00:00" />
<meta property="og:image" content="https://hrdays.net/wp-content/uploads/2023/08/mateja-tarek-680x390-1.png" />
	<meta property="og:image:width" content="680" />
	<meta property="og:image:height" content="380" />
	<meta property="og:image:type" content="image/png" />
<meta name="twitter:card" content="summary_large_image" />
<meta name="twitter:label1" content="Estimated reading time" />
	<meta name="twitter:data1" content="2 minutes" />
<script type="application/ld+json" class="yoast-schema-graph">{"@context":"https://schema.org","@graph":[{"@type":"WebPage","@id":"https://hrdays.net/speaker/mateja-terek/","url":"https://hrdays.net/speaker/mateja-terek/","name":"Mateja Terek - HR Days","isPartOf":{"@id":"https://hrdays.net/#website"},"primaryImageOfPage":{"@id":"https://hrdays.net/speaker/mateja-terek/#primaryimage"},"image":{"@id":"https://hrdays.net/speaker/mateja-terek/#primaryimage"},"thumbnailUrl":"https://hrdays.net/wp-content/uploads/2023/08/mateja-tarek-680x390-1.png","datePublished":"2023-08-14T07:03:27+00:00","dateModified":"2023-08-18T10:13:27+00:00","breadcrumb":{"@id":"https://hrdays.net/speaker/mateja-terek/#breadcrumb"},"inLanguage":"en-GB","potentialAction":[{"@type":"ReadAction","target":["https://hrdays.net/speaker/mateja-terek/"]}]},{"@type":"ImageObject","inLanguage":"en-GB","@id":"https://hrdays.net/speaker/mateja-terek/#primaryimage","url":"https://hrdays.net/wp-content/uploads/2023/08/mateja-tarek-680x390-1.png","contentUrl":"https://hrdays.net/wp-content/uploads/2023/08/mateja-tarek-680x390-1.png","width":680,"height":380},{"@type":"BreadcrumbList","@id":"https://hrdays.net/speaker/mateja-terek/#breadcrumb","itemListElement":[{"@type":"ListItem","position":1,"name":"Home","item":"https://hrdays.net/"},{"@type":"ListItem","position":2,"name":"Govornik","item":"https://hrdays.net/speaker/"},{"@type":"ListItem","position":3,"name":"Mateja Terek"}]},{"@type":"WebSite","@id":"https://hrdays.net/#website","url":"https://hrdays.net/","name":"HR Days","description":"HRDays - konferencija o upravljanju ljudskim resursima","potentialAction":[{"@type":"SearchAction","target":{"@type":"EntryPoint","urlTemplate":"https://hrdays.net/?s={search_term_string}"},"query-input":{"@type":"PropertyValueSpecification","valueRequired":true,"valueName":"search_term_string"}}],"inLanguage":"en-GB"}]}</script>
<!-- / Yoast SEO plugin. -->

Nakon više od deset godina rada u industriji PR-a i komunikacija, tijekom kojih je strateški savjetovala niz domaćih i stranih tvrtki iz raznih industrija, Mateja se 2020. godine pridružuje Netgenu, domaćoj web development agenciji, na poziciji People &amp; Communication Managera....
