{"id":6336,"date":"2022-09-06T08:34:22","date_gmt":"2022-09-06T06:34:22","guid":{"rendered":"https:\/\/hrdays.net\/?post_type=speaker&#038;p=6336"},"modified":"2022-09-26T13:30:37","modified_gmt":"2022-09-26T11:30:37","slug":"mihaela-smadilo","status":"publish","type":"speaker","link":"https:\/\/hrdays.net\/en\/speaker\/mihaela-smadilo\/","title":{"rendered":"Mihaela Smadilo"},"content":{"rendered":"<p>Experienced business leader and HR director focused in organisational culture, change and performance.<br>Leveraging over 20 years of experience in different industries (IT, Telco, FMCG, scaling fintech start-up) and roles (sales, management consulting and HR) while helping leaders to develop authentic and inspiring organizational culture that improves business performance and job satisfaction.<br>Leadership consultant and coach passionate about making business more agile and organizational cultures more inspiring, creating an environment for talent to grow to its ultimate potential.<\/p>\r\n\r\n\r\n\r\n<p><strong>WHAT CAN YOU EXPECT AT THE LECTURE<\/strong><\/p>\r\n\r\n\r\n\r\n<p><strong>HR<\/strong> <strong>from 2012 - 2022 with a view into the future<\/strong><\/p>\r\n\r\n\r\n\r\n<p>HR professionals are under more pressure than ever to make decisions that directly impact the success of their organization. This is especially true as organizations grapple with significant changes due to technological advancements, globalization, and shifting demographics. As the world changes, HR professionals need to understand what to expect and adapt their skill set to prepare for what\u2019s next.<br>How HR can prepare and lead organizations with their newfound agility and confidence, no matter how unexpected the change?<\/p>\r\n\r\n\r\n\r\n<p>Key HR trends during the last 10 years can help us to envision what\u2019s ahead of us. However, let\u2019s not forget that \"The best way to predict the future is to create it.\u201d (Peter Drucker)<\/p>","protected":false},"excerpt":{"rendered":"<p>Iskusna liderica i direktorica ljudskih potencijala, fokusirana na orgnizacijsku kulturu, transformacije i u\u010dinak.Koriste\u0107i vi\u0161e od 20 godina iskustva u razli\u010ditim industrijama (IT, Telco, FMCG, skaliranje fintech start-upa) i ulogama (prodaja, savjetovanje o upravljanju i ljudskim potencijalima) poma\u017ee liderima u razvoju&#8230;<\/p>","protected":false},"author":66,"featured_media":6339,"comment_status":"closed","ping_status":"closed","template":"","meta":{"_monsterinsights_skip_tracking":false,"_monsterinsights_sitenote_active":false,"_monsterinsights_sitenote_note":"","_monsterinsights_sitenote_category":0,"footnotes":""},"speaker-category":[157],"speaker-tags":[],"location":[],"class_list":["post-6336","speaker","type-speaker","status-publish","has-post-thumbnail","hentry","speaker-category-govornici-2022"],"yoast_head":"<!-- This site is optimized with the Yoast SEO plugin v25.3 - https:\/\/yoast.com\/wordpress\/plugins\/seo\/ -->\n<title>Mihaela Smadilo - HR Days<\/title>\n<meta name=\"robots\" content=\"index, follow, max-snippet:-1, max-image-preview:large, max-video-preview:-1\" \/>\n<link rel=\"canonical\" href=\"https:\/\/hrdays.net\/en\/speaker\/mihaela-smadilo\/\" \/>\n<meta property=\"og:locale\" content=\"en_GB\" \/>\n<meta property=\"og:type\" content=\"article\" \/>\n<meta property=\"og:title\" content=\"Mihaela Smadilo - HR Days\" \/>\n<meta property=\"og:description\" content=\"Iskusna liderica i direktorica ljudskih potencijala, fokusirana na orgnizacijsku kulturu, transformacije i u\u010dinak.Koriste\u0107i vi\u0161e od 20 godina iskustva u razli\u010ditim industrijama (IT, Telco, FMCG, skaliranje fintech start-upa) i ulogama (prodaja, savjetovanje o upravljanju i ljudskim potencijalima) poma\u017ee liderima u razvoju...\" \/>\n<meta property=\"og:url\" content=\"https:\/\/hrdays.net\/en\/speaker\/mihaela-smadilo\/\" \/>\n<meta property=\"og:site_name\" content=\"HR Days\" \/>\n<meta property=\"article:modified_time\" content=\"2022-09-26T11:30:37+00:00\" \/>\n<meta property=\"og:image\" content=\"https:\/\/hrdays.net\/wp-content\/uploads\/2022\/09\/MicrosoftTeams-image-40.jpg\" \/>\n\t<meta property=\"og:image:width\" content=\"1280\" \/>\n\t<meta property=\"og:image:height\" content=\"853\" \/>\n\t<meta property=\"og:image:type\" content=\"image\/jpeg\" \/>\n<meta name=\"twitter:card\" content=\"summary_large_image\" \/>\n<meta name=\"twitter:label1\" content=\"Estimated reading time\" \/>\n\t<meta name=\"twitter:data1\" content=\"2 minutes\" \/>\n<script type=\"application\/ld+json\" class=\"yoast-schema-graph\">{\"@context\":\"https:\/\/schema.org\",\"@graph\":[{\"@type\":\"WebPage\",\"@id\":\"https:\/\/hrdays.net\/speaker\/mihaela-smadilo\/\",\"url\":\"https:\/\/hrdays.net\/speaker\/mihaela-smadilo\/\",\"name\":\"Mihaela Smadilo - HR Days\",\"isPartOf\":{\"@id\":\"https:\/\/hrdays.net\/#website\"},\"primaryImageOfPage\":{\"@id\":\"https:\/\/hrdays.net\/speaker\/mihaela-smadilo\/#primaryimage\"},\"image\":{\"@id\":\"https:\/\/hrdays.net\/speaker\/mihaela-smadilo\/#primaryimage\"},\"thumbnailUrl\":\"https:\/\/hrdays.net\/wp-content\/uploads\/2022\/09\/MicrosoftTeams-image-40.jpg\",\"datePublished\":\"2022-09-06T06:34:22+00:00\",\"dateModified\":\"2022-09-26T11:30:37+00:00\",\"breadcrumb\":{\"@id\":\"https:\/\/hrdays.net\/speaker\/mihaela-smadilo\/#breadcrumb\"},\"inLanguage\":\"en-GB\",\"potentialAction\":[{\"@type\":\"ReadAction\",\"target\":[\"https:\/\/hrdays.net\/speaker\/mihaela-smadilo\/\"]}]},{\"@type\":\"ImageObject\",\"inLanguage\":\"en-GB\",\"@id\":\"https:\/\/hrdays.net\/speaker\/mihaela-smadilo\/#primaryimage\",\"url\":\"https:\/\/hrdays.net\/wp-content\/uploads\/2022\/09\/MicrosoftTeams-image-40.jpg\",\"contentUrl\":\"https:\/\/hrdays.net\/wp-content\/uploads\/2022\/09\/MicrosoftTeams-image-40.jpg\",\"width\":1280,\"height\":853},{\"@type\":\"BreadcrumbList\",\"@id\":\"https:\/\/hrdays.net\/speaker\/mihaela-smadilo\/#breadcrumb\",\"itemListElement\":[{\"@type\":\"ListItem\",\"position\":1,\"name\":\"Home\",\"item\":\"https:\/\/hrdays.net\/\"},{\"@type\":\"ListItem\",\"position\":2,\"name\":\"Govornik\",\"item\":\"https:\/\/hrdays.net\/speaker\/\"},{\"@type\":\"ListItem\",\"position\":3,\"name\":\"Mihaela Smadilo\"}]},{\"@type\":\"WebSite\",\"@id\":\"https:\/\/hrdays.net\/#website\",\"url\":\"https:\/\/hrdays.net\/\",\"name\":\"HR Days\",\"description\":\"HRDays - konferencija o upravljanju ljudskim resursima\",\"potentialAction\":[{\"@type\":\"SearchAction\",\"target\":{\"@type\":\"EntryPoint\",\"urlTemplate\":\"https:\/\/hrdays.net\/?s={search_term_string}\"},\"query-input\":{\"@type\":\"PropertyValueSpecification\",\"valueRequired\":true,\"valueName\":\"search_term_string\"}}],\"inLanguage\":\"en-GB\"}]}<\/script>\n<!-- \/ Yoast SEO plugin. -->","yoast_head_json":{"title":"Mihaela Smadilo - HR Days","robots":{"index":"index","follow":"follow","max-snippet":"max-snippet:-1","max-image-preview":"max-image-preview:large","max-video-preview":"max-video-preview:-1"},"canonical":"https:\/\/hrdays.net\/en\/speaker\/mihaela-smadilo\/","og_locale":"en_GB","og_type":"article","og_title":"Mihaela Smadilo - HR Days","og_description":"Iskusna liderica i direktorica ljudskih potencijala, fokusirana na orgnizacijsku kulturu, transformacije i u\u010dinak.Koriste\u0107i vi\u0161e od 20 godina iskustva u razli\u010ditim industrijama (IT, Telco, FMCG, skaliranje fintech start-upa) i ulogama (prodaja, savjetovanje o upravljanju i ljudskim potencijalima) poma\u017ee liderima u razvoju...","og_url":"https:\/\/hrdays.net\/en\/speaker\/mihaela-smadilo\/","og_site_name":"HR Days","article_modified_time":"2022-09-26T11:30:37+00:00","og_image":[{"width":1280,"height":853,"url":"https:\/\/hrdays.net\/wp-content\/uploads\/2022\/09\/MicrosoftTeams-image-40.jpg","type":"image\/jpeg"}],"twitter_card":"summary_large_image","twitter_misc":{"Estimated reading time":"2 minutes"},"schema":{"@context":"https:\/\/schema.org","@graph":[{"@type":"WebPage","@id":"https:\/\/hrdays.net\/speaker\/mihaela-smadilo\/","url":"https:\/\/hrdays.net\/speaker\/mihaela-smadilo\/","name":"Mihaela Smadilo - HR Days","isPartOf":{"@id":"https:\/\/hrdays.net\/#website"},"primaryImageOfPage":{"@id":"https:\/\/hrdays.net\/speaker\/mihaela-smadilo\/#primaryimage"},"image":{"@id":"https:\/\/hrdays.net\/speaker\/mihaela-smadilo\/#primaryimage"},"thumbnailUrl":"https:\/\/hrdays.net\/wp-content\/uploads\/2022\/09\/MicrosoftTeams-image-40.jpg","datePublished":"2022-09-06T06:34:22+00:00","dateModified":"2022-09-26T11:30:37+00:00","breadcrumb":{"@id":"https:\/\/hrdays.net\/speaker\/mihaela-smadilo\/#breadcrumb"},"inLanguage":"en-GB","potentialAction":[{"@type":"ReadAction","target":["https:\/\/hrdays.net\/speaker\/mihaela-smadilo\/"]}]},{"@type":"ImageObject","inLanguage":"en-GB","@id":"https:\/\/hrdays.net\/speaker\/mihaela-smadilo\/#primaryimage","url":"https:\/\/hrdays.net\/wp-content\/uploads\/2022\/09\/MicrosoftTeams-image-40.jpg","contentUrl":"https:\/\/hrdays.net\/wp-content\/uploads\/2022\/09\/MicrosoftTeams-image-40.jpg","width":1280,"height":853},{"@type":"BreadcrumbList","@id":"https:\/\/hrdays.net\/speaker\/mihaela-smadilo\/#breadcrumb","itemListElement":[{"@type":"ListItem","position":1,"name":"Home","item":"https:\/\/hrdays.net\/"},{"@type":"ListItem","position":2,"name":"Govornik","item":"https:\/\/hrdays.net\/speaker\/"},{"@type":"ListItem","position":3,"name":"Mihaela Smadilo"}]},{"@type":"WebSite","@id":"https:\/\/hrdays.net\/#website","url":"https:\/\/hrdays.net\/","name":"HR Days","description":"HRDays - konferencija o upravljanju ljudskim resursima","potentialAction":[{"@type":"SearchAction","target":{"@type":"EntryPoint","urlTemplate":"https:\/\/hrdays.net\/?s={search_term_string}"},"query-input":{"@type":"PropertyValueSpecification","valueRequired":true,"valueName":"search_term_string"}}],"inLanguage":"en-GB"}]}},"_links":{"self":[{"href":"https:\/\/hrdays.net\/en\/wp-json\/wp\/v2\/speaker\/6336","targetHints":{"allow":["GET"]}}],"collection":[{"href":"https:\/\/hrdays.net\/en\/wp-json\/wp\/v2\/speaker"}],"about":[{"href":"https:\/\/hrdays.net\/en\/wp-json\/wp\/v2\/types\/speaker"}],"author":[{"embeddable":true,"href":"https:\/\/hrdays.net\/en\/wp-json\/wp\/v2\/users\/66"}],"replies":[{"embeddable":true,"href":"https:\/\/hrdays.net\/en\/wp-json\/wp\/v2\/comments?post=6336"}],"version-history":[{"count":4,"href":"https:\/\/hrdays.net\/en\/wp-json\/wp\/v2\/speaker\/6336\/revisions"}],"predecessor-version":[{"id":6644,"href":"https:\/\/hrdays.net\/en\/wp-json\/wp\/v2\/speaker\/6336\/revisions\/6644"}],"wp:featuredmedia":[{"embeddable":true,"href":"https:\/\/hrdays.net\/en\/wp-json\/wp\/v2\/media\/6339"}],"wp:attachment":[{"href":"https:\/\/hrdays.net\/en\/wp-json\/wp\/v2\/media?parent=6336"}],"wp:term":[{"taxonomy":"speaker-category","embeddable":true,"href":"https:\/\/hrdays.net\/en\/wp-json\/wp\/v2\/speaker-category?post=6336"},{"taxonomy":"speaker-tags","embeddable":true,"href":"https:\/\/hrdays.net\/en\/wp-json\/wp\/v2\/speaker-tags?post=6336"},{"taxonomy":"location","embeddable":true,"href":"https:\/\/hrdays.net\/en\/wp-json\/wp\/v2\/location?post=6336"}],"curies":[{"name":"wp","href":"https:\/\/api.w.org\/{rel}","templated":true}]}}

<p>Iskusna liderica i direktorica ljudskih potencijala, fokusirana na orgnizacijsku kulturu, transformacije i učinak.Koristeći više od 20 godina iskustva u različitim industrijama (IT, Telco, FMCG, skaliranje fintech start-upa) i ulogama (prodaja, savjetovanje o upravljanju i ljudskim potencijalima) pomaže liderima u razvoju&#8230;</p>

<!-- This site is optimized with the Yoast SEO plugin v25.3 - https://yoast.com/wordpress/plugins/seo/ -->
<title>Mihaela Smadilo - HR Days</title>
<meta name="robots" content="index, follow, max-snippet:-1, max-image-preview:large, max-video-preview:-1" />
<link rel="canonical" href="https://hrdays.net/en/speaker/mihaela-smadilo/" />
<meta property="og:locale" content="en_GB" />
<meta property="og:type" content="article" />
<meta property="og:title" content="Mihaela Smadilo - HR Days" />
<meta property="og:description" content="Iskusna liderica i direktorica ljudskih potencijala, fokusirana na orgnizacijsku kulturu, transformacije i učinak.Koristeći više od 20 godina iskustva u različitim industrijama (IT, Telco, FMCG, skaliranje fintech start-upa) i ulogama (prodaja, savjetovanje o upravljanju i ljudskim potencijalima) pomaže liderima u razvoju..." />
<meta property="og:url" content="https://hrdays.net/en/speaker/mihaela-smadilo/" />
<meta property="og:site_name" content="HR Days" />
<meta property="article:modified_time" content="2022-09-26T11:30:37+00:00" />
<meta property="og:image" content="https://hrdays.net/wp-content/uploads/2022/09/MicrosoftTeams-image-40.jpg" />
	<meta property="og:image:width" content="1280" />
	<meta property="og:image:height" content="853" />
	<meta property="og:image:type" content="image/jpeg" />
<meta name="twitter:card" content="summary_large_image" />
<meta name="twitter:label1" content="Estimated reading time" />
	<meta name="twitter:data1" content="2 minutes" />
<script type="application/ld+json" class="yoast-schema-graph">{"@context":"https://schema.org","@graph":[{"@type":"WebPage","@id":"https://hrdays.net/speaker/mihaela-smadilo/","url":"https://hrdays.net/speaker/mihaela-smadilo/","name":"Mihaela Smadilo - HR Days","isPartOf":{"@id":"https://hrdays.net/#website"},"primaryImageOfPage":{"@id":"https://hrdays.net/speaker/mihaela-smadilo/#primaryimage"},"image":{"@id":"https://hrdays.net/speaker/mihaela-smadilo/#primaryimage"},"thumbnailUrl":"https://hrdays.net/wp-content/uploads/2022/09/MicrosoftTeams-image-40.jpg","datePublished":"2022-09-06T06:34:22+00:00","dateModified":"2022-09-26T11:30:37+00:00","breadcrumb":{"@id":"https://hrdays.net/speaker/mihaela-smadilo/#breadcrumb"},"inLanguage":"en-GB","potentialAction":[{"@type":"ReadAction","target":["https://hrdays.net/speaker/mihaela-smadilo/"]}]},{"@type":"ImageObject","inLanguage":"en-GB","@id":"https://hrdays.net/speaker/mihaela-smadilo/#primaryimage","url":"https://hrdays.net/wp-content/uploads/2022/09/MicrosoftTeams-image-40.jpg","contentUrl":"https://hrdays.net/wp-content/uploads/2022/09/MicrosoftTeams-image-40.jpg","width":1280,"height":853},{"@type":"BreadcrumbList","@id":"https://hrdays.net/speaker/mihaela-smadilo/#breadcrumb","itemListElement":[{"@type":"ListItem","position":1,"name":"Home","item":"https://hrdays.net/"},{"@type":"ListItem","position":2,"name":"Govornik","item":"https://hrdays.net/speaker/"},{"@type":"ListItem","position":3,"name":"Mihaela Smadilo"}]},{"@type":"WebSite","@id":"https://hrdays.net/#website","url":"https://hrdays.net/","name":"HR Days","description":"HRDays - konferencija o upravljanju ljudskim resursima","potentialAction":[{"@type":"SearchAction","target":{"@type":"EntryPoint","urlTemplate":"https://hrdays.net/?s={search_term_string}"},"query-input":{"@type":"PropertyValueSpecification","valueRequired":true,"valueName":"search_term_string"}}],"inLanguage":"en-GB"}]}</script>
<!-- / Yoast SEO plugin. -->

Iskusna liderica i direktorica ljudskih potencijala, fokusirana na orgnizacijsku kulturu, transformacije i učinak.Koristeći više od 20 godina iskustva u različitim industrijama (IT, Telco, FMCG, skaliranje fintech start-upa) i ulogama (prodaja, savjetovanje o upravljanju i ljudskim potencijalima) pomaže liderima u razvoju...
