{"id":5929,"date":"2022-07-12T09:31:32","date_gmt":"2022-07-12T07:31:32","guid":{"rendered":"https:\/\/hrdays.net\/?post_type=speaker&#038;p=5929"},"modified":"2022-09-26T13:31:40","modified_gmt":"2022-09-26T11:31:40","slug":"maja-parmac-kovacic-2","status":"publish","type":"speaker","link":"https:\/\/hrdays.net\/en\/speaker\/maja-parmac-kovacic-2\/","title":{"rendered":"Maja Parma\u010d Kova\u010di\u0107"},"content":{"rendered":"<p>Maja Parma\u010d Kova\u010di\u0107 is an assistant professor at the Department of Work Psychology and Ergonomics, at the Faculty of Philosophy, University of Zagreb. She holds a large number of courses at the undergraduate, graduate and doctoral studies in psychology at the Faculty of Philosophy, University of Zagreb, courses at the interdisciplinary specialist postgraduate study Human Resources Management at the University of Zagreb, and postgraduate specialist study for directors of educational institutions at the Faculty of Teacher Education in Zagreb. <\/p>\r\n\r\n\r\n\r\n<p>She has actively participated in a large number of scientific and professional projects. Her central research interest is linked to personality assessment and socially desirable responses to personality questionnaires. She co-authored a scientific book as well as numerous scientific papers, some of which have been published in internationally recognized journals such as the International Journal of Selection and Assessment, Journal of Personality Assessment and Personality and Individual Differences. <\/p>\r\n\r\n\r\n\r\n<p>She was a lecturer at the 6th HR Days conference.<\/p>\r\n\r\n\r\n\r\n<p><strong>WHAT CAN YOU EXPECT AT THE WORKSHOP<\/strong><\/p>\r\n\r\n\r\n\r\n<p><strong>Leaders in the era of Big Quit: Five key skills of people management<\/strong><\/p>\r\n\r\n\r\n\r\n<p>In the era of the Big Quit, managers have a particularly important role in employee retention and in the success of organizations. Successful managers lead their employees well - they transfer important knowledge, develop them, motivate and manage team processes. On the contrary, bad managers make life miserable for their subordinates, make bad decisions, and cause financial losses to the organizations they work for.<\/p>\r\n\r\n\r\n\r\n<p>Scientific research data show that at least half of managers are unsuccessful in their work, which results in their resignation or dismissal. The failure of managers most often does not result from insufficient professional knowledge or a lack of intelligence, but precisely from a lack of leadership competencies.<\/p>\r\n\r\n\r\n\r\n<p>During this workshop, the model of leadership competencies that emerges from our current research will be detailed presented. The five competencies (motivation, development, relationship building, leadership and teamwork) are crucial for leadership success, regardless of the level of hierarchy in the organization and the business sector. <\/p>\r\n\r\n\r\n\r\n<p>In this workshop you will receive practical advice on how to measure and improve them in the practice of human resources management.<\/p>\r\n\r\n\r\n\r\n<p>Maja Parma\u010d Kova\u010di\u0107 will lead the workshop in collaboration with Zvonimir Gali\u0107, a colleague from the Department of Psychology at the Faculty of Philosophy in Zagreb.<\/p>","protected":false},"excerpt":{"rendered":"<p>Maja Parma\u010d Kova\u010di\u0107 je docentica na Katedri za psihologiju rada i ergonomiju Filozofskog fakulteta Sveu\u010dili\u0161ta u Zagrebu. Nositeljica je velikog broja kolegija na preddiplomskom, diplomskom i doktorskom studiju psihologije na Filozofskom fakultetu Sveu\u010dili\u0161ta u Zagrebu, kolegija na interdisciplinarnom specijalisti\u010dkom poslijediplomskom&#8230;<\/p>","protected":false},"author":66,"featured_media":5944,"comment_status":"closed","ping_status":"closed","template":"","meta":{"_monsterinsights_skip_tracking":false,"_monsterinsights_sitenote_active":false,"_monsterinsights_sitenote_note":"","_monsterinsights_sitenote_category":0,"footnotes":""},"speaker-category":[157],"speaker-tags":[],"location":[],"class_list":["post-5929","speaker","type-speaker","status-publish","has-post-thumbnail","hentry","speaker-category-govornici-2022"],"yoast_head":"<!-- This site is optimized with the Yoast SEO plugin v25.3 - https:\/\/yoast.com\/wordpress\/plugins\/seo\/ -->\n<title>Maja Parma\u010d Kova\u010di\u0107 - HR Days<\/title>\n<meta name=\"robots\" content=\"index, follow, max-snippet:-1, max-image-preview:large, max-video-preview:-1\" \/>\n<link rel=\"canonical\" href=\"https:\/\/hrdays.net\/en\/speaker\/maja-parmac-kovacic-2\/\" \/>\n<meta property=\"og:locale\" content=\"en_GB\" \/>\n<meta property=\"og:type\" content=\"article\" \/>\n<meta property=\"og:title\" content=\"Maja Parma\u010d Kova\u010di\u0107 - HR Days\" \/>\n<meta property=\"og:description\" content=\"Maja Parma\u010d Kova\u010di\u0107 je docentica na Katedri za psihologiju rada i ergonomiju Filozofskog fakulteta Sveu\u010dili\u0161ta u Zagrebu. Nositeljica je velikog broja kolegija na preddiplomskom, diplomskom i doktorskom studiju psihologije na Filozofskom fakultetu Sveu\u010dili\u0161ta u Zagrebu, kolegija na interdisciplinarnom specijalisti\u010dkom poslijediplomskom...\" \/>\n<meta property=\"og:url\" content=\"https:\/\/hrdays.net\/en\/speaker\/maja-parmac-kovacic-2\/\" \/>\n<meta property=\"og:site_name\" content=\"HR Days\" \/>\n<meta property=\"article:modified_time\" content=\"2022-09-26T11:31:40+00:00\" \/>\n<meta property=\"og:image\" content=\"https:\/\/hrdays.net\/wp-content\/uploads\/2022\/07\/MicrosoftTeams-image-18.png\" \/>\n\t<meta property=\"og:image:width\" content=\"615\" \/>\n\t<meta property=\"og:image:height\" content=\"640\" \/>\n\t<meta property=\"og:image:type\" content=\"image\/png\" \/>\n<meta name=\"twitter:card\" content=\"summary_large_image\" \/>\n<meta name=\"twitter:label1\" content=\"Estimated reading time\" \/>\n\t<meta name=\"twitter:data1\" content=\"2 minutes\" \/>\n<script type=\"application\/ld+json\" class=\"yoast-schema-graph\">{\"@context\":\"https:\/\/schema.org\",\"@graph\":[{\"@type\":\"WebPage\",\"@id\":\"https:\/\/hrdays.net\/speaker\/maja-parmac-kovacic-2\/\",\"url\":\"https:\/\/hrdays.net\/speaker\/maja-parmac-kovacic-2\/\",\"name\":\"Maja Parma\u010d Kova\u010di\u0107 - HR Days\",\"isPartOf\":{\"@id\":\"https:\/\/hrdays.net\/#website\"},\"primaryImageOfPage\":{\"@id\":\"https:\/\/hrdays.net\/speaker\/maja-parmac-kovacic-2\/#primaryimage\"},\"image\":{\"@id\":\"https:\/\/hrdays.net\/speaker\/maja-parmac-kovacic-2\/#primaryimage\"},\"thumbnailUrl\":\"https:\/\/hrdays.net\/wp-content\/uploads\/2022\/07\/MicrosoftTeams-image-18.png\",\"datePublished\":\"2022-07-12T07:31:32+00:00\",\"dateModified\":\"2022-09-26T11:31:40+00:00\",\"breadcrumb\":{\"@id\":\"https:\/\/hrdays.net\/speaker\/maja-parmac-kovacic-2\/#breadcrumb\"},\"inLanguage\":\"en-GB\",\"potentialAction\":[{\"@type\":\"ReadAction\",\"target\":[\"https:\/\/hrdays.net\/speaker\/maja-parmac-kovacic-2\/\"]}]},{\"@type\":\"ImageObject\",\"inLanguage\":\"en-GB\",\"@id\":\"https:\/\/hrdays.net\/speaker\/maja-parmac-kovacic-2\/#primaryimage\",\"url\":\"https:\/\/hrdays.net\/wp-content\/uploads\/2022\/07\/MicrosoftTeams-image-18.png\",\"contentUrl\":\"https:\/\/hrdays.net\/wp-content\/uploads\/2022\/07\/MicrosoftTeams-image-18.png\",\"width\":615,\"height\":640},{\"@type\":\"BreadcrumbList\",\"@id\":\"https:\/\/hrdays.net\/speaker\/maja-parmac-kovacic-2\/#breadcrumb\",\"itemListElement\":[{\"@type\":\"ListItem\",\"position\":1,\"name\":\"Home\",\"item\":\"https:\/\/hrdays.net\/\"},{\"@type\":\"ListItem\",\"position\":2,\"name\":\"Govornik\",\"item\":\"https:\/\/hrdays.net\/speaker\/\"},{\"@type\":\"ListItem\",\"position\":3,\"name\":\"Maja Parma\u010d Kova\u010di\u0107\"}]},{\"@type\":\"WebSite\",\"@id\":\"https:\/\/hrdays.net\/#website\",\"url\":\"https:\/\/hrdays.net\/\",\"name\":\"HR Days\",\"description\":\"HRDays - konferencija o upravljanju ljudskim resursima\",\"potentialAction\":[{\"@type\":\"SearchAction\",\"target\":{\"@type\":\"EntryPoint\",\"urlTemplate\":\"https:\/\/hrdays.net\/?s={search_term_string}\"},\"query-input\":{\"@type\":\"PropertyValueSpecification\",\"valueRequired\":true,\"valueName\":\"search_term_string\"}}],\"inLanguage\":\"en-GB\"}]}<\/script>\n<!-- \/ Yoast SEO plugin. -->","yoast_head_json":{"title":"Maja Parma\u010d Kova\u010di\u0107 - HR Days","robots":{"index":"index","follow":"follow","max-snippet":"max-snippet:-1","max-image-preview":"max-image-preview:large","max-video-preview":"max-video-preview:-1"},"canonical":"https:\/\/hrdays.net\/en\/speaker\/maja-parmac-kovacic-2\/","og_locale":"en_GB","og_type":"article","og_title":"Maja Parma\u010d Kova\u010di\u0107 - HR Days","og_description":"Maja Parma\u010d Kova\u010di\u0107 je docentica na Katedri za psihologiju rada i ergonomiju Filozofskog fakulteta Sveu\u010dili\u0161ta u Zagrebu. Nositeljica je velikog broja kolegija na preddiplomskom, diplomskom i doktorskom studiju psihologije na Filozofskom fakultetu Sveu\u010dili\u0161ta u Zagrebu, kolegija na interdisciplinarnom specijalisti\u010dkom poslijediplomskom...","og_url":"https:\/\/hrdays.net\/en\/speaker\/maja-parmac-kovacic-2\/","og_site_name":"HR Days","article_modified_time":"2022-09-26T11:31:40+00:00","og_image":[{"width":615,"height":640,"url":"https:\/\/hrdays.net\/wp-content\/uploads\/2022\/07\/MicrosoftTeams-image-18.png","type":"image\/png"}],"twitter_card":"summary_large_image","twitter_misc":{"Estimated reading time":"2 minutes"},"schema":{"@context":"https:\/\/schema.org","@graph":[{"@type":"WebPage","@id":"https:\/\/hrdays.net\/speaker\/maja-parmac-kovacic-2\/","url":"https:\/\/hrdays.net\/speaker\/maja-parmac-kovacic-2\/","name":"Maja Parma\u010d Kova\u010di\u0107 - HR Days","isPartOf":{"@id":"https:\/\/hrdays.net\/#website"},"primaryImageOfPage":{"@id":"https:\/\/hrdays.net\/speaker\/maja-parmac-kovacic-2\/#primaryimage"},"image":{"@id":"https:\/\/hrdays.net\/speaker\/maja-parmac-kovacic-2\/#primaryimage"},"thumbnailUrl":"https:\/\/hrdays.net\/wp-content\/uploads\/2022\/07\/MicrosoftTeams-image-18.png","datePublished":"2022-07-12T07:31:32+00:00","dateModified":"2022-09-26T11:31:40+00:00","breadcrumb":{"@id":"https:\/\/hrdays.net\/speaker\/maja-parmac-kovacic-2\/#breadcrumb"},"inLanguage":"en-GB","potentialAction":[{"@type":"ReadAction","target":["https:\/\/hrdays.net\/speaker\/maja-parmac-kovacic-2\/"]}]},{"@type":"ImageObject","inLanguage":"en-GB","@id":"https:\/\/hrdays.net\/speaker\/maja-parmac-kovacic-2\/#primaryimage","url":"https:\/\/hrdays.net\/wp-content\/uploads\/2022\/07\/MicrosoftTeams-image-18.png","contentUrl":"https:\/\/hrdays.net\/wp-content\/uploads\/2022\/07\/MicrosoftTeams-image-18.png","width":615,"height":640},{"@type":"BreadcrumbList","@id":"https:\/\/hrdays.net\/speaker\/maja-parmac-kovacic-2\/#breadcrumb","itemListElement":[{"@type":"ListItem","position":1,"name":"Home","item":"https:\/\/hrdays.net\/"},{"@type":"ListItem","position":2,"name":"Govornik","item":"https:\/\/hrdays.net\/speaker\/"},{"@type":"ListItem","position":3,"name":"Maja Parma\u010d Kova\u010di\u0107"}]},{"@type":"WebSite","@id":"https:\/\/hrdays.net\/#website","url":"https:\/\/hrdays.net\/","name":"HR Days","description":"HRDays - konferencija o upravljanju ljudskim resursima","potentialAction":[{"@type":"SearchAction","target":{"@type":"EntryPoint","urlTemplate":"https:\/\/hrdays.net\/?s={search_term_string}"},"query-input":{"@type":"PropertyValueSpecification","valueRequired":true,"valueName":"search_term_string"}}],"inLanguage":"en-GB"}]}},"_links":{"self":[{"href":"https:\/\/hrdays.net\/en\/wp-json\/wp\/v2\/speaker\/5929","targetHints":{"allow":["GET"]}}],"collection":[{"href":"https:\/\/hrdays.net\/en\/wp-json\/wp\/v2\/speaker"}],"about":[{"href":"https:\/\/hrdays.net\/en\/wp-json\/wp\/v2\/types\/speaker"}],"author":[{"embeddable":true,"href":"https:\/\/hrdays.net\/en\/wp-json\/wp\/v2\/users\/66"}],"replies":[{"embeddable":true,"href":"https:\/\/hrdays.net\/en\/wp-json\/wp\/v2\/comments?post=5929"}],"version-history":[{"count":3,"href":"https:\/\/hrdays.net\/en\/wp-json\/wp\/v2\/speaker\/5929\/revisions"}],"predecessor-version":[{"id":6651,"href":"https:\/\/hrdays.net\/en\/wp-json\/wp\/v2\/speaker\/5929\/revisions\/6651"}],"wp:featuredmedia":[{"embeddable":true,"href":"https:\/\/hrdays.net\/en\/wp-json\/wp\/v2\/media\/5944"}],"wp:attachment":[{"href":"https:\/\/hrdays.net\/en\/wp-json\/wp\/v2\/media?parent=5929"}],"wp:term":[{"taxonomy":"speaker-category","embeddable":true,"href":"https:\/\/hrdays.net\/en\/wp-json\/wp\/v2\/speaker-category?post=5929"},{"taxonomy":"speaker-tags","embeddable":true,"href":"https:\/\/hrdays.net\/en\/wp-json\/wp\/v2\/speaker-tags?post=5929"},{"taxonomy":"location","embeddable":true,"href":"https:\/\/hrdays.net\/en\/wp-json\/wp\/v2\/location?post=5929"}],"curies":[{"name":"wp","href":"https:\/\/api.w.org\/{rel}","templated":true}]}}

Maja Parmač Kovačić

<p>Maja Parmač Kovačić is an assistant professor at the Department of Work Psychology and Ergonomics, at the Faculty of Philosophy, University of Zagreb. She holds a large number of courses at the undergraduate, graduate and doctoral studies in psychology at the Faculty of Philosophy, University of Zagreb, courses at the interdisciplinary specialist postgraduate study Human Resources Management at the University of Zagreb, and postgraduate specialist study for directors of educational institutions at the Faculty of Teacher Education in Zagreb. </p>



<p>She has actively participated in a large number of scientific and professional projects. Her central research interest is linked to personality assessment and socially desirable responses to personality questionnaires. She co-authored a scientific book as well as numerous scientific papers, some of which have been published in internationally recognized journals such as the International Journal of Selection and Assessment, Journal of Personality Assessment and Personality and Individual Differences. </p>



<p>She was a lecturer at the 6th HR Days conference.</p>



<p><strong>WHAT CAN YOU EXPECT AT THE WORKSHOP</strong></p>



<p><strong>Leaders in the era of Big Quit: Five key skills of people management</strong></p>



<p>In the era of the Big Quit, managers have a particularly important role in employee retention and in the success of organizations. Successful managers lead their employees well - they transfer important knowledge, develop them, motivate and manage team processes. On the contrary, bad managers make life miserable for their subordinates, make bad decisions, and cause financial losses to the organizations they work for.</p>



<p>Scientific research data show that at least half of managers are unsuccessful in their work, which results in their resignation or dismissal. The failure of managers most often does not result from insufficient professional knowledge or a lack of intelligence, but precisely from a lack of leadership competencies.</p>



<p>During this workshop, the model of leadership competencies that emerges from our current research will be detailed presented. The five competencies (motivation, development, relationship building, leadership and teamwork) are crucial for leadership success, regardless of the level of hierarchy in the organization and the business sector. </p>



<p>In this workshop you will receive practical advice on how to measure and improve them in the practice of human resources management.</p>



<p>Maja Parmač Kovačić will lead the workshop in collaboration with Zvonimir Galić, a colleague from the Department of Psychology at the Faculty of Philosophy in Zagreb.</p>

<p>Maja Parmač Kovačić je docentica na Katedri za psihologiju rada i ergonomiju Filozofskog fakulteta Sveučilišta u Zagrebu. Nositeljica je velikog broja kolegija na preddiplomskom, diplomskom i doktorskom studiju psihologije na Filozofskom fakultetu Sveučilišta u Zagrebu, kolegija na interdisciplinarnom specijalističkom poslijediplomskom&#8230;</p>

<!-- This site is optimized with the Yoast SEO plugin v25.3 - https://yoast.com/wordpress/plugins/seo/ -->
<title>Maja Parmač Kovačić - HR Days</title>
<meta name="robots" content="index, follow, max-snippet:-1, max-image-preview:large, max-video-preview:-1" />
<link rel="canonical" href="https://hrdays.net/en/speaker/maja-parmac-kovacic-2/" />
<meta property="og:locale" content="en_GB" />
<meta property="og:type" content="article" />
<meta property="og:title" content="Maja Parmač Kovačić - HR Days" />
<meta property="og:description" content="Maja Parmač Kovačić je docentica na Katedri za psihologiju rada i ergonomiju Filozofskog fakulteta Sveučilišta u Zagrebu. Nositeljica je velikog broja kolegija na preddiplomskom, diplomskom i doktorskom studiju psihologije na Filozofskom fakultetu Sveučilišta u Zagrebu, kolegija na interdisciplinarnom specijalističkom poslijediplomskom..." />
<meta property="og:url" content="https://hrdays.net/en/speaker/maja-parmac-kovacic-2/" />
<meta property="og:site_name" content="HR Days" />
<meta property="article:modified_time" content="2022-09-26T11:31:40+00:00" />
<meta property="og:image" content="https://hrdays.net/wp-content/uploads/2022/07/MicrosoftTeams-image-18.png" />
	<meta property="og:image:width" content="615" />
	<meta property="og:image:height" content="640" />
	<meta property="og:image:type" content="image/png" />
<meta name="twitter:card" content="summary_large_image" />
<meta name="twitter:label1" content="Estimated reading time" />
	<meta name="twitter:data1" content="2 minutes" />
<script type="application/ld+json" class="yoast-schema-graph">{"@context":"https://schema.org","@graph":[{"@type":"WebPage","@id":"https://hrdays.net/speaker/maja-parmac-kovacic-2/","url":"https://hrdays.net/speaker/maja-parmac-kovacic-2/","name":"Maja Parmač Kovačić - HR Days","isPartOf":{"@id":"https://hrdays.net/#website"},"primaryImageOfPage":{"@id":"https://hrdays.net/speaker/maja-parmac-kovacic-2/#primaryimage"},"image":{"@id":"https://hrdays.net/speaker/maja-parmac-kovacic-2/#primaryimage"},"thumbnailUrl":"https://hrdays.net/wp-content/uploads/2022/07/MicrosoftTeams-image-18.png","datePublished":"2022-07-12T07:31:32+00:00","dateModified":"2022-09-26T11:31:40+00:00","breadcrumb":{"@id":"https://hrdays.net/speaker/maja-parmac-kovacic-2/#breadcrumb"},"inLanguage":"en-GB","potentialAction":[{"@type":"ReadAction","target":["https://hrdays.net/speaker/maja-parmac-kovacic-2/"]}]},{"@type":"ImageObject","inLanguage":"en-GB","@id":"https://hrdays.net/speaker/maja-parmac-kovacic-2/#primaryimage","url":"https://hrdays.net/wp-content/uploads/2022/07/MicrosoftTeams-image-18.png","contentUrl":"https://hrdays.net/wp-content/uploads/2022/07/MicrosoftTeams-image-18.png","width":615,"height":640},{"@type":"BreadcrumbList","@id":"https://hrdays.net/speaker/maja-parmac-kovacic-2/#breadcrumb","itemListElement":[{"@type":"ListItem","position":1,"name":"Home","item":"https://hrdays.net/"},{"@type":"ListItem","position":2,"name":"Govornik","item":"https://hrdays.net/speaker/"},{"@type":"ListItem","position":3,"name":"Maja Parmač Kovačić"}]},{"@type":"WebSite","@id":"https://hrdays.net/#website","url":"https://hrdays.net/","name":"HR Days","description":"HRDays - konferencija o upravljanju ljudskim resursima","potentialAction":[{"@type":"SearchAction","target":{"@type":"EntryPoint","urlTemplate":"https://hrdays.net/?s={search_term_string}"},"query-input":{"@type":"PropertyValueSpecification","valueRequired":true,"valueName":"search_term_string"}}],"inLanguage":"en-GB"}]}</script>
<!-- / Yoast SEO plugin. -->

Maja Parmač Kovačić - HR Days

Maja Parmač Kovačić je docentica na Katedri za psihologiju rada i ergonomiju Filozofskog fakulteta Sveučilišta u Zagrebu. Nositeljica je velikog broja kolegija na preddiplomskom, diplomskom i doktorskom studiju psihologije na Filozofskom fakultetu Sveučilišta u Zagrebu, kolegija na interdisciplinarnom specijalističkom poslijediplomskom...
