{"id":5906,"date":"2022-07-01T10:39:15","date_gmt":"2022-07-01T08:39:15","guid":{"rendered":"https:\/\/hrdays.net\/?post_type=speaker&#038;p=5906"},"modified":"2022-09-26T13:32:26","modified_gmt":"2022-09-26T11:32:26","slug":"pilar-cabral-majerovic","status":"publish","type":"speaker","link":"https:\/\/hrdays.net\/en\/speaker\/pilar-cabral-majerovic\/","title":{"rendered":"Pilar Cabral Majerovi\u0107"},"content":{"rendered":"<p class=\"has-text-align-left\">Pilar is an executive business and team coach, coaching trainer, mentor, and leadership lecturer. She is an Erickson International certified coach and is PCC accredited by the International Coaching Federation (ICF). Prior to moving into executive coaching and leadership facilitation, Pilar worked for 20+ years in the corporate sector, mainly in the field of telecommunications and hospitality, where she held various management positions. <\/p>\r\n\r\n\r\n\r\n<p class=\"has-text-align-left\">For her, purpose comes from within each of us; it's something that can't be imposed or mandated from the outside. At the same time, it compels us to move outside to engage with the world around us.<\/p>\r\n\r\n\r\n\r\n<p class=\"has-text-align-left\">Her purpose in the past few years has been to bring and create meaningful conversations around emotions in the corporate world, in other words, to unlock emotions in the business world.<\/p>\r\n\r\n\r\n\r\n<p class=\"has-text-align-left\"><strong>WHAT CAN YOU EXPECT AT THE LECTURE<\/strong><\/p>\r\n\r\n\r\n\r\n<p class=\"has-text-align-left\"><strong>Unlocking emotions in the business world&#8230; unlocking what?<\/strong><\/p>\r\n\r\n\r\n\r\n<p class=\"has-text-align-left\">What if connecting to your emotions and defining the emotional culture of your company\/team was the missing piece to (even more) satisfaction, key talent retention, and success?<\/p>\r\n\r\n\r\n\r\n<p class=\"has-text-align-left\">Emotional culture, among others, highly influences employee satisfaction, performance, motivation, connection, engagement, well-being AND frustration, toxicity, poor performance, absenteeism, high turnover, and burnout. <\/p>\r\n\r\n\r\n\r\n<p class=\"has-text-align-left\">When leaders consciously (or not) ignore or fail to connect and understand emotion, they are hugely missing out on what makes people and organizations feel alive.<\/p>\r\n\r\n\r\n\r\n<p class=\"has-text-align-left\">To define your team's Emotional Culture, we would need your entire team! So to get a glimpse into what it would feel like, I suggest we get started with you!<br>In a participative exercise, Pilar will invite you to connect to your own emotions in order to feel what you might need to feel more or less of in order to be (even more) satisfied and successful!<\/p>\r\n\r\n\r\n\r\n<p class=\"has-text-align-left\">You will hopefully leave with some insight in regard to the importance of recognizing, understanding, labeling, expressing, and regulating your emotions. In other words, recognizing the power of consciously bringing your emotions to work. We are always feeling an emotion of some kind, like it or not. How does this make you feel?<\/p>","protected":false},"excerpt":{"rendered":"<p>Pilar je executive i timski coach, mentorica i predava\u010dica. Certificirani je coach (Erickson International) i \u010dlanica me\u0111unarodnog ogranka ICF-a (International Coaching Federation). Posjeduje vi\u0161e od 20 godina bogatog me\u0111unarodnog menad\u017eerskog iskustva. Smatra da svrha dolazi iznutra &#8211; to je ne\u0161to&#8230;<\/p>","protected":false},"author":66,"featured_media":5908,"comment_status":"closed","ping_status":"closed","template":"","meta":{"_monsterinsights_skip_tracking":false,"_monsterinsights_sitenote_active":false,"_monsterinsights_sitenote_note":"","_monsterinsights_sitenote_category":0,"footnotes":""},"speaker-category":[157],"speaker-tags":[],"location":[],"class_list":["post-5906","speaker","type-speaker","status-publish","has-post-thumbnail","hentry","speaker-category-govornici-2022"],"yoast_head":"<!-- This site is optimized with the Yoast SEO plugin v25.3 - https:\/\/yoast.com\/wordpress\/plugins\/seo\/ -->\n<title>Pilar Cabral Majerovi\u0107 - HR Days<\/title>\n<meta name=\"robots\" content=\"index, follow, max-snippet:-1, max-image-preview:large, max-video-preview:-1\" \/>\n<link rel=\"canonical\" href=\"https:\/\/hrdays.net\/en\/speaker\/pilar-cabral-majerovic\/\" \/>\n<meta property=\"og:locale\" content=\"en_GB\" \/>\n<meta property=\"og:type\" content=\"article\" \/>\n<meta property=\"og:title\" content=\"Pilar Cabral Majerovi\u0107 - HR Days\" \/>\n<meta property=\"og:description\" content=\"Pilar je executive i timski coach, mentorica i predava\u010dica. Certificirani je coach (Erickson International) i \u010dlanica me\u0111unarodnog ogranka ICF-a (International Coaching Federation). Posjeduje vi\u0161e od 20 godina bogatog me\u0111unarodnog menad\u017eerskog iskustva. Smatra da svrha dolazi iznutra &#8211; to je ne\u0161to...\" \/>\n<meta property=\"og:url\" content=\"https:\/\/hrdays.net\/en\/speaker\/pilar-cabral-majerovic\/\" \/>\n<meta property=\"og:site_name\" content=\"HR Days\" \/>\n<meta property=\"article:modified_time\" content=\"2022-09-26T11:32:26+00:00\" \/>\n<meta property=\"og:image\" content=\"https:\/\/hrdays.net\/wp-content\/uploads\/2022\/07\/Pilar-C-Majerovic.png\" \/>\n\t<meta property=\"og:image:width\" content=\"1200\" \/>\n\t<meta property=\"og:image:height\" content=\"923\" \/>\n\t<meta property=\"og:image:type\" content=\"image\/png\" \/>\n<meta name=\"twitter:card\" content=\"summary_large_image\" \/>\n<meta name=\"twitter:label1\" content=\"Estimated reading time\" \/>\n\t<meta name=\"twitter:data1\" content=\"2 minutes\" \/>\n<script type=\"application\/ld+json\" class=\"yoast-schema-graph\">{\"@context\":\"https:\/\/schema.org\",\"@graph\":[{\"@type\":\"WebPage\",\"@id\":\"https:\/\/hrdays.net\/speaker\/pilar-cabral-majerovic\/\",\"url\":\"https:\/\/hrdays.net\/speaker\/pilar-cabral-majerovic\/\",\"name\":\"Pilar Cabral Majerovi\u0107 - HR Days\",\"isPartOf\":{\"@id\":\"https:\/\/hrdays.net\/#website\"},\"primaryImageOfPage\":{\"@id\":\"https:\/\/hrdays.net\/speaker\/pilar-cabral-majerovic\/#primaryimage\"},\"image\":{\"@id\":\"https:\/\/hrdays.net\/speaker\/pilar-cabral-majerovic\/#primaryimage\"},\"thumbnailUrl\":\"https:\/\/hrdays.net\/wp-content\/uploads\/2022\/07\/Pilar-C-Majerovic.png\",\"datePublished\":\"2022-07-01T08:39:15+00:00\",\"dateModified\":\"2022-09-26T11:32:26+00:00\",\"breadcrumb\":{\"@id\":\"https:\/\/hrdays.net\/speaker\/pilar-cabral-majerovic\/#breadcrumb\"},\"inLanguage\":\"en-GB\",\"potentialAction\":[{\"@type\":\"ReadAction\",\"target\":[\"https:\/\/hrdays.net\/speaker\/pilar-cabral-majerovic\/\"]}]},{\"@type\":\"ImageObject\",\"inLanguage\":\"en-GB\",\"@id\":\"https:\/\/hrdays.net\/speaker\/pilar-cabral-majerovic\/#primaryimage\",\"url\":\"https:\/\/hrdays.net\/wp-content\/uploads\/2022\/07\/Pilar-C-Majerovic.png\",\"contentUrl\":\"https:\/\/hrdays.net\/wp-content\/uploads\/2022\/07\/Pilar-C-Majerovic.png\",\"width\":1200,\"height\":923},{\"@type\":\"BreadcrumbList\",\"@id\":\"https:\/\/hrdays.net\/speaker\/pilar-cabral-majerovic\/#breadcrumb\",\"itemListElement\":[{\"@type\":\"ListItem\",\"position\":1,\"name\":\"Home\",\"item\":\"https:\/\/hrdays.net\/\"},{\"@type\":\"ListItem\",\"position\":2,\"name\":\"Govornik\",\"item\":\"https:\/\/hrdays.net\/speaker\/\"},{\"@type\":\"ListItem\",\"position\":3,\"name\":\"Pilar Cabral Majerovi\u0107\"}]},{\"@type\":\"WebSite\",\"@id\":\"https:\/\/hrdays.net\/#website\",\"url\":\"https:\/\/hrdays.net\/\",\"name\":\"HR Days\",\"description\":\"HRDays - konferencija o upravljanju ljudskim resursima\",\"potentialAction\":[{\"@type\":\"SearchAction\",\"target\":{\"@type\":\"EntryPoint\",\"urlTemplate\":\"https:\/\/hrdays.net\/?s={search_term_string}\"},\"query-input\":{\"@type\":\"PropertyValueSpecification\",\"valueRequired\":true,\"valueName\":\"search_term_string\"}}],\"inLanguage\":\"en-GB\"}]}<\/script>\n<!-- \/ Yoast SEO plugin. -->","yoast_head_json":{"title":"Pilar Cabral Majerovi\u0107 - HR Days","robots":{"index":"index","follow":"follow","max-snippet":"max-snippet:-1","max-image-preview":"max-image-preview:large","max-video-preview":"max-video-preview:-1"},"canonical":"https:\/\/hrdays.net\/en\/speaker\/pilar-cabral-majerovic\/","og_locale":"en_GB","og_type":"article","og_title":"Pilar Cabral Majerovi\u0107 - HR Days","og_description":"Pilar je executive i timski coach, mentorica i predava\u010dica. Certificirani je coach (Erickson International) i \u010dlanica me\u0111unarodnog ogranka ICF-a (International Coaching Federation). Posjeduje vi\u0161e od 20 godina bogatog me\u0111unarodnog menad\u017eerskog iskustva. Smatra da svrha dolazi iznutra &#8211; to je ne\u0161to...","og_url":"https:\/\/hrdays.net\/en\/speaker\/pilar-cabral-majerovic\/","og_site_name":"HR Days","article_modified_time":"2022-09-26T11:32:26+00:00","og_image":[{"width":1200,"height":923,"url":"https:\/\/hrdays.net\/wp-content\/uploads\/2022\/07\/Pilar-C-Majerovic.png","type":"image\/png"}],"twitter_card":"summary_large_image","twitter_misc":{"Estimated reading time":"2 minutes"},"schema":{"@context":"https:\/\/schema.org","@graph":[{"@type":"WebPage","@id":"https:\/\/hrdays.net\/speaker\/pilar-cabral-majerovic\/","url":"https:\/\/hrdays.net\/speaker\/pilar-cabral-majerovic\/","name":"Pilar Cabral Majerovi\u0107 - HR Days","isPartOf":{"@id":"https:\/\/hrdays.net\/#website"},"primaryImageOfPage":{"@id":"https:\/\/hrdays.net\/speaker\/pilar-cabral-majerovic\/#primaryimage"},"image":{"@id":"https:\/\/hrdays.net\/speaker\/pilar-cabral-majerovic\/#primaryimage"},"thumbnailUrl":"https:\/\/hrdays.net\/wp-content\/uploads\/2022\/07\/Pilar-C-Majerovic.png","datePublished":"2022-07-01T08:39:15+00:00","dateModified":"2022-09-26T11:32:26+00:00","breadcrumb":{"@id":"https:\/\/hrdays.net\/speaker\/pilar-cabral-majerovic\/#breadcrumb"},"inLanguage":"en-GB","potentialAction":[{"@type":"ReadAction","target":["https:\/\/hrdays.net\/speaker\/pilar-cabral-majerovic\/"]}]},{"@type":"ImageObject","inLanguage":"en-GB","@id":"https:\/\/hrdays.net\/speaker\/pilar-cabral-majerovic\/#primaryimage","url":"https:\/\/hrdays.net\/wp-content\/uploads\/2022\/07\/Pilar-C-Majerovic.png","contentUrl":"https:\/\/hrdays.net\/wp-content\/uploads\/2022\/07\/Pilar-C-Majerovic.png","width":1200,"height":923},{"@type":"BreadcrumbList","@id":"https:\/\/hrdays.net\/speaker\/pilar-cabral-majerovic\/#breadcrumb","itemListElement":[{"@type":"ListItem","position":1,"name":"Home","item":"https:\/\/hrdays.net\/"},{"@type":"ListItem","position":2,"name":"Govornik","item":"https:\/\/hrdays.net\/speaker\/"},{"@type":"ListItem","position":3,"name":"Pilar Cabral Majerovi\u0107"}]},{"@type":"WebSite","@id":"https:\/\/hrdays.net\/#website","url":"https:\/\/hrdays.net\/","name":"HR Days","description":"HRDays - konferencija o upravljanju ljudskim resursima","potentialAction":[{"@type":"SearchAction","target":{"@type":"EntryPoint","urlTemplate":"https:\/\/hrdays.net\/?s={search_term_string}"},"query-input":{"@type":"PropertyValueSpecification","valueRequired":true,"valueName":"search_term_string"}}],"inLanguage":"en-GB"}]}},"_links":{"self":[{"href":"https:\/\/hrdays.net\/en\/wp-json\/wp\/v2\/speaker\/5906","targetHints":{"allow":["GET"]}}],"collection":[{"href":"https:\/\/hrdays.net\/en\/wp-json\/wp\/v2\/speaker"}],"about":[{"href":"https:\/\/hrdays.net\/en\/wp-json\/wp\/v2\/types\/speaker"}],"author":[{"embeddable":true,"href":"https:\/\/hrdays.net\/en\/wp-json\/wp\/v2\/users\/66"}],"replies":[{"embeddable":true,"href":"https:\/\/hrdays.net\/en\/wp-json\/wp\/v2\/comments?post=5906"}],"version-history":[{"count":8,"href":"https:\/\/hrdays.net\/en\/wp-json\/wp\/v2\/speaker\/5906\/revisions"}],"predecessor-version":[{"id":6653,"href":"https:\/\/hrdays.net\/en\/wp-json\/wp\/v2\/speaker\/5906\/revisions\/6653"}],"wp:featuredmedia":[{"embeddable":true,"href":"https:\/\/hrdays.net\/en\/wp-json\/wp\/v2\/media\/5908"}],"wp:attachment":[{"href":"https:\/\/hrdays.net\/en\/wp-json\/wp\/v2\/media?parent=5906"}],"wp:term":[{"taxonomy":"speaker-category","embeddable":true,"href":"https:\/\/hrdays.net\/en\/wp-json\/wp\/v2\/speaker-category?post=5906"},{"taxonomy":"speaker-tags","embeddable":true,"href":"https:\/\/hrdays.net\/en\/wp-json\/wp\/v2\/speaker-tags?post=5906"},{"taxonomy":"location","embeddable":true,"href":"https:\/\/hrdays.net\/en\/wp-json\/wp\/v2\/location?post=5906"}],"curies":[{"name":"wp","href":"https:\/\/api.w.org\/{rel}","templated":true}]}}

Pilar Cabral Majerović

<p>Pilar je executive i timski coach, mentorica i predavačica. Certificirani je coach (Erickson International) i članica međunarodnog ogranka ICF-a (International Coaching Federation). Posjeduje više od 20 godina bogatog međunarodnog menadžerskog iskustva. Smatra da svrha dolazi iznutra &#8211; to je nešto&#8230;</p>

<!-- This site is optimized with the Yoast SEO plugin v25.3 - https://yoast.com/wordpress/plugins/seo/ -->
<title>Pilar Cabral Majerović - HR Days</title>
<meta name="robots" content="index, follow, max-snippet:-1, max-image-preview:large, max-video-preview:-1" />
<link rel="canonical" href="https://hrdays.net/en/speaker/pilar-cabral-majerovic/" />
<meta property="og:locale" content="en_GB" />
<meta property="og:type" content="article" />
<meta property="og:title" content="Pilar Cabral Majerović - HR Days" />
<meta property="og:description" content="Pilar je executive i timski coach, mentorica i predavačica. Certificirani je coach (Erickson International) i članica međunarodnog ogranka ICF-a (International Coaching Federation). Posjeduje više od 20 godina bogatog međunarodnog menadžerskog iskustva. Smatra da svrha dolazi iznutra &#8211; to je nešto..." />
<meta property="og:url" content="https://hrdays.net/en/speaker/pilar-cabral-majerovic/" />
<meta property="og:site_name" content="HR Days" />
<meta property="article:modified_time" content="2022-09-26T11:32:26+00:00" />
<meta property="og:image" content="https://hrdays.net/wp-content/uploads/2022/07/Pilar-C-Majerovic.png" />
	<meta property="og:image:width" content="1200" />
	<meta property="og:image:height" content="923" />
	<meta property="og:image:type" content="image/png" />
<meta name="twitter:card" content="summary_large_image" />
<meta name="twitter:label1" content="Estimated reading time" />
	<meta name="twitter:data1" content="2 minutes" />
<script type="application/ld+json" class="yoast-schema-graph">{"@context":"https://schema.org","@graph":[{"@type":"WebPage","@id":"https://hrdays.net/speaker/pilar-cabral-majerovic/","url":"https://hrdays.net/speaker/pilar-cabral-majerovic/","name":"Pilar Cabral Majerović - HR Days","isPartOf":{"@id":"https://hrdays.net/#website"},"primaryImageOfPage":{"@id":"https://hrdays.net/speaker/pilar-cabral-majerovic/#primaryimage"},"image":{"@id":"https://hrdays.net/speaker/pilar-cabral-majerovic/#primaryimage"},"thumbnailUrl":"https://hrdays.net/wp-content/uploads/2022/07/Pilar-C-Majerovic.png","datePublished":"2022-07-01T08:39:15+00:00","dateModified":"2022-09-26T11:32:26+00:00","breadcrumb":{"@id":"https://hrdays.net/speaker/pilar-cabral-majerovic/#breadcrumb"},"inLanguage":"en-GB","potentialAction":[{"@type":"ReadAction","target":["https://hrdays.net/speaker/pilar-cabral-majerovic/"]}]},{"@type":"ImageObject","inLanguage":"en-GB","@id":"https://hrdays.net/speaker/pilar-cabral-majerovic/#primaryimage","url":"https://hrdays.net/wp-content/uploads/2022/07/Pilar-C-Majerovic.png","contentUrl":"https://hrdays.net/wp-content/uploads/2022/07/Pilar-C-Majerovic.png","width":1200,"height":923},{"@type":"BreadcrumbList","@id":"https://hrdays.net/speaker/pilar-cabral-majerovic/#breadcrumb","itemListElement":[{"@type":"ListItem","position":1,"name":"Home","item":"https://hrdays.net/"},{"@type":"ListItem","position":2,"name":"Govornik","item":"https://hrdays.net/speaker/"},{"@type":"ListItem","position":3,"name":"Pilar Cabral Majerović"}]},{"@type":"WebSite","@id":"https://hrdays.net/#website","url":"https://hrdays.net/","name":"HR Days","description":"HRDays - konferencija o upravljanju ljudskim resursima","potentialAction":[{"@type":"SearchAction","target":{"@type":"EntryPoint","urlTemplate":"https://hrdays.net/?s={search_term_string}"},"query-input":{"@type":"PropertyValueSpecification","valueRequired":true,"valueName":"search_term_string"}}],"inLanguage":"en-GB"}]}</script>
<!-- / Yoast SEO plugin. -->

Pilar Cabral Majerović - HR Days

Pilar je executive i timski coach, mentorica i predavačica. Certificirani je coach (Erickson International) i članica međunarodnog ogranka ICF-a (International Coaching Federation). Posjeduje više od 20 godina bogatog međunarodnog menadžerskog iskustva. Smatra da svrha dolazi iznutra &#8211; to je nešto...
