{"id":4130,"date":"2021-07-29T12:56:16","date_gmt":"2021-07-29T10:56:16","guid":{"rendered":"https:\/\/hrdays.net\/?post_type=speaker&#038;p=4130"},"modified":"2021-07-29T12:56:17","modified_gmt":"2021-07-29T10:56:17","slug":"peter-fuchs","status":"publish","type":"speaker","link":"https:\/\/hrdays.net\/en\/speaker\/peter-fuchs\/","title":{"rendered":"Peter Fuchs"},"content":{"rendered":"<p>Peter Fuchs, CEO of Valamar, is in charge of hotel operations, finance and controlling, human resources and procurement. Peter has more than 30 years of experience in the hospitality and tourism industry and he has worked at leading positions in several hotel companies - as CEO of the Falkensteiner hotel group in Croatia, as F&amp;B director in Steigenberger hotels and as a regional director in M\u00f6venpick Hotels &amp; in Germany.Since April 2005 till the end of 2006 he was a Board member, and in 2007 he took over the head position of Valamar.<\/p>","protected":false},"excerpt":{"rendered":"<p>Peter Fuchs, kao predsjednik Uprave Valamara, zadu\u017een je za hotelske operacije, financije i kontroling, ljudske resurse i nabavu. Peter ima vi\u0161e od 30 godina iskustva u hotelijerstvu i turizmu i radio je na vode\u0107im pozicijama u nekoliko poznatih hotelskih kompanija&#8230;<\/p>","protected":false},"author":2,"featured_media":0,"comment_status":"closed","ping_status":"closed","template":"","meta":{"_monsterinsights_skip_tracking":false,"_monsterinsights_sitenote_active":false,"_monsterinsights_sitenote_note":"","_monsterinsights_sitenote_category":0,"footnotes":""},"speaker-category":[152],"speaker-tags":[],"location":[],"class_list":["post-4130","speaker","type-speaker","status-publish","hentry","speaker-category-govornici-2014"],"yoast_head":"<!-- This site is optimized with the Yoast SEO plugin v25.3 - https:\/\/yoast.com\/wordpress\/plugins\/seo\/ -->\n<title>Peter Fuchs - HR Days<\/title>\n<meta name=\"robots\" content=\"index, follow, max-snippet:-1, max-image-preview:large, max-video-preview:-1\" \/>\n<link rel=\"canonical\" href=\"https:\/\/hrdays.net\/en\/speaker\/peter-fuchs\/\" \/>\n<meta property=\"og:locale\" content=\"en_GB\" \/>\n<meta property=\"og:type\" content=\"article\" \/>\n<meta property=\"og:title\" content=\"Peter Fuchs - HR Days\" \/>\n<meta property=\"og:description\" content=\"Peter Fuchs, kao predsjednik Uprave Valamara, zadu\u017een je za hotelske operacije, financije i kontroling, ljudske resurse i nabavu. Peter ima vi\u0161e od 30 godina iskustva u hotelijerstvu i turizmu i radio je na vode\u0107im pozicijama u nekoliko poznatih hotelskih kompanija...\" \/>\n<meta property=\"og:url\" content=\"https:\/\/hrdays.net\/en\/speaker\/peter-fuchs\/\" \/>\n<meta property=\"og:site_name\" content=\"HR Days\" \/>\n<meta property=\"article:modified_time\" content=\"2021-07-29T10:56:17+00:00\" \/>\n<meta property=\"og:image\" content=\"https:\/\/hrdays.net\/wp-content\/uploads\/2021\/03\/rovinj-conference-2.jpg\" \/>\n\t<meta property=\"og:image:width\" content=\"1200\" \/>\n\t<meta property=\"og:image:height\" content=\"573\" \/>\n\t<meta property=\"og:image:type\" content=\"image\/jpeg\" \/>\n<meta name=\"twitter:card\" content=\"summary_large_image\" \/>\n<meta name=\"twitter:label1\" content=\"Estimated reading time\" \/>\n\t<meta name=\"twitter:data1\" content=\"1 minute\" \/>\n<script type=\"application\/ld+json\" class=\"yoast-schema-graph\">{\"@context\":\"https:\/\/schema.org\",\"@graph\":[{\"@type\":\"WebPage\",\"@id\":\"https:\/\/hrdays.net\/speaker\/peter-fuchs\/\",\"url\":\"https:\/\/hrdays.net\/speaker\/peter-fuchs\/\",\"name\":\"Peter Fuchs - HR Days\",\"isPartOf\":{\"@id\":\"https:\/\/hrdays.net\/#website\"},\"datePublished\":\"2021-07-29T10:56:16+00:00\",\"dateModified\":\"2021-07-29T10:56:17+00:00\",\"breadcrumb\":{\"@id\":\"https:\/\/hrdays.net\/speaker\/peter-fuchs\/#breadcrumb\"},\"inLanguage\":\"en-GB\",\"potentialAction\":[{\"@type\":\"ReadAction\",\"target\":[\"https:\/\/hrdays.net\/speaker\/peter-fuchs\/\"]}]},{\"@type\":\"BreadcrumbList\",\"@id\":\"https:\/\/hrdays.net\/speaker\/peter-fuchs\/#breadcrumb\",\"itemListElement\":[{\"@type\":\"ListItem\",\"position\":1,\"name\":\"Home\",\"item\":\"https:\/\/hrdays.net\/\"},{\"@type\":\"ListItem\",\"position\":2,\"name\":\"Govornik\",\"item\":\"https:\/\/hrdays.net\/speaker\/\"},{\"@type\":\"ListItem\",\"position\":3,\"name\":\"Peter Fuchs\"}]},{\"@type\":\"WebSite\",\"@id\":\"https:\/\/hrdays.net\/#website\",\"url\":\"https:\/\/hrdays.net\/\",\"name\":\"HR Days\",\"description\":\"HRDays - konferencija o upravljanju ljudskim resursima\",\"potentialAction\":[{\"@type\":\"SearchAction\",\"target\":{\"@type\":\"EntryPoint\",\"urlTemplate\":\"https:\/\/hrdays.net\/?s={search_term_string}\"},\"query-input\":{\"@type\":\"PropertyValueSpecification\",\"valueRequired\":true,\"valueName\":\"search_term_string\"}}],\"inLanguage\":\"en-GB\"}]}<\/script>\n<!-- \/ Yoast SEO plugin. -->","yoast_head_json":{"title":"Peter Fuchs - HR Days","robots":{"index":"index","follow":"follow","max-snippet":"max-snippet:-1","max-image-preview":"max-image-preview:large","max-video-preview":"max-video-preview:-1"},"canonical":"https:\/\/hrdays.net\/en\/speaker\/peter-fuchs\/","og_locale":"en_GB","og_type":"article","og_title":"Peter Fuchs - HR Days","og_description":"Peter Fuchs, kao predsjednik Uprave Valamara, zadu\u017een je za hotelske operacije, financije i kontroling, ljudske resurse i nabavu. Peter ima vi\u0161e od 30 godina iskustva u hotelijerstvu i turizmu i radio je na vode\u0107im pozicijama u nekoliko poznatih hotelskih kompanija...","og_url":"https:\/\/hrdays.net\/en\/speaker\/peter-fuchs\/","og_site_name":"HR Days","article_modified_time":"2021-07-29T10:56:17+00:00","og_image":[{"width":1200,"height":573,"url":"https:\/\/hrdays.net\/wp-content\/uploads\/2021\/03\/rovinj-conference-2.jpg","type":"image\/jpeg"}],"twitter_card":"summary_large_image","twitter_misc":{"Estimated reading time":"1 minute"},"schema":{"@context":"https:\/\/schema.org","@graph":[{"@type":"WebPage","@id":"https:\/\/hrdays.net\/speaker\/peter-fuchs\/","url":"https:\/\/hrdays.net\/speaker\/peter-fuchs\/","name":"Peter Fuchs - HR Days","isPartOf":{"@id":"https:\/\/hrdays.net\/#website"},"datePublished":"2021-07-29T10:56:16+00:00","dateModified":"2021-07-29T10:56:17+00:00","breadcrumb":{"@id":"https:\/\/hrdays.net\/speaker\/peter-fuchs\/#breadcrumb"},"inLanguage":"en-GB","potentialAction":[{"@type":"ReadAction","target":["https:\/\/hrdays.net\/speaker\/peter-fuchs\/"]}]},{"@type":"BreadcrumbList","@id":"https:\/\/hrdays.net\/speaker\/peter-fuchs\/#breadcrumb","itemListElement":[{"@type":"ListItem","position":1,"name":"Home","item":"https:\/\/hrdays.net\/"},{"@type":"ListItem","position":2,"name":"Govornik","item":"https:\/\/hrdays.net\/speaker\/"},{"@type":"ListItem","position":3,"name":"Peter Fuchs"}]},{"@type":"WebSite","@id":"https:\/\/hrdays.net\/#website","url":"https:\/\/hrdays.net\/","name":"HR Days","description":"HRDays - konferencija o upravljanju ljudskim resursima","potentialAction":[{"@type":"SearchAction","target":{"@type":"EntryPoint","urlTemplate":"https:\/\/hrdays.net\/?s={search_term_string}"},"query-input":{"@type":"PropertyValueSpecification","valueRequired":true,"valueName":"search_term_string"}}],"inLanguage":"en-GB"}]}},"_links":{"self":[{"href":"https:\/\/hrdays.net\/en\/wp-json\/wp\/v2\/speaker\/4130","targetHints":{"allow":["GET"]}}],"collection":[{"href":"https:\/\/hrdays.net\/en\/wp-json\/wp\/v2\/speaker"}],"about":[{"href":"https:\/\/hrdays.net\/en\/wp-json\/wp\/v2\/types\/speaker"}],"author":[{"embeddable":true,"href":"https:\/\/hrdays.net\/en\/wp-json\/wp\/v2\/users\/2"}],"replies":[{"embeddable":true,"href":"https:\/\/hrdays.net\/en\/wp-json\/wp\/v2\/comments?post=4130"}],"version-history":[{"count":1,"href":"https:\/\/hrdays.net\/en\/wp-json\/wp\/v2\/speaker\/4130\/revisions"}],"predecessor-version":[{"id":4132,"href":"https:\/\/hrdays.net\/en\/wp-json\/wp\/v2\/speaker\/4130\/revisions\/4132"}],"wp:attachment":[{"href":"https:\/\/hrdays.net\/en\/wp-json\/wp\/v2\/media?parent=4130"}],"wp:term":[{"taxonomy":"speaker-category","embeddable":true,"href":"https:\/\/hrdays.net\/en\/wp-json\/wp\/v2\/speaker-category?post=4130"},{"taxonomy":"speaker-tags","embeddable":true,"href":"https:\/\/hrdays.net\/en\/wp-json\/wp\/v2\/speaker-tags?post=4130"},{"taxonomy":"location","embeddable":true,"href":"https:\/\/hrdays.net\/en\/wp-json\/wp\/v2\/location?post=4130"}],"curies":[{"name":"wp","href":"https:\/\/api.w.org\/{rel}","templated":true}]}}

<p>Peter Fuchs, CEO of Valamar, is in charge of hotel operations, finance and controlling, human resources and procurement. Peter has more than 30 years of experience in the hospitality and tourism industry and he has worked at leading positions in several hotel companies - as CEO of the Falkensteiner hotel group in Croatia, as F&amp;B director in Steigenberger hotels and as a regional director in Mövenpick Hotels &amp; in Germany.Since April 2005 till the end of 2006 he was a Board member, and in 2007 he took over the head position of Valamar.</p>

<p>Peter Fuchs, kao predsjednik Uprave Valamara, zadužen je za hotelske operacije, financije i kontroling, ljudske resurse i nabavu. Peter ima više od 30 godina iskustva u hotelijerstvu i turizmu i radio je na vodećim pozicijama u nekoliko poznatih hotelskih kompanija&#8230;</p>

<!-- This site is optimized with the Yoast SEO plugin v25.3 - https://yoast.com/wordpress/plugins/seo/ -->
<title>Peter Fuchs - HR Days</title>
<meta name="robots" content="index, follow, max-snippet:-1, max-image-preview:large, max-video-preview:-1" />
<link rel="canonical" href="https://hrdays.net/en/speaker/peter-fuchs/" />
<meta property="og:locale" content="en_GB" />
<meta property="og:type" content="article" />
<meta property="og:title" content="Peter Fuchs - HR Days" />
<meta property="og:description" content="Peter Fuchs, kao predsjednik Uprave Valamara, zadužen je za hotelske operacije, financije i kontroling, ljudske resurse i nabavu. Peter ima više od 30 godina iskustva u hotelijerstvu i turizmu i radio je na vodećim pozicijama u nekoliko poznatih hotelskih kompanija..." />
<meta property="og:url" content="https://hrdays.net/en/speaker/peter-fuchs/" />
<meta property="og:site_name" content="HR Days" />
<meta property="article:modified_time" content="2021-07-29T10:56:17+00:00" />
<meta property="og:image" content="https://hrdays.net/wp-content/uploads/2021/03/rovinj-conference-2.jpg" />
	<meta property="og:image:width" content="1200" />
	<meta property="og:image:height" content="573" />
	<meta property="og:image:type" content="image/jpeg" />
<meta name="twitter:card" content="summary_large_image" />
<meta name="twitter:label1" content="Estimated reading time" />
	<meta name="twitter:data1" content="1 minute" />
<script type="application/ld+json" class="yoast-schema-graph">{"@context":"https://schema.org","@graph":[{"@type":"WebPage","@id":"https://hrdays.net/speaker/peter-fuchs/","url":"https://hrdays.net/speaker/peter-fuchs/","name":"Peter Fuchs - HR Days","isPartOf":{"@id":"https://hrdays.net/#website"},"datePublished":"2021-07-29T10:56:16+00:00","dateModified":"2021-07-29T10:56:17+00:00","breadcrumb":{"@id":"https://hrdays.net/speaker/peter-fuchs/#breadcrumb"},"inLanguage":"en-GB","potentialAction":[{"@type":"ReadAction","target":["https://hrdays.net/speaker/peter-fuchs/"]}]},{"@type":"BreadcrumbList","@id":"https://hrdays.net/speaker/peter-fuchs/#breadcrumb","itemListElement":[{"@type":"ListItem","position":1,"name":"Home","item":"https://hrdays.net/"},{"@type":"ListItem","position":2,"name":"Govornik","item":"https://hrdays.net/speaker/"},{"@type":"ListItem","position":3,"name":"Peter Fuchs"}]},{"@type":"WebSite","@id":"https://hrdays.net/#website","url":"https://hrdays.net/","name":"HR Days","description":"HRDays - konferencija o upravljanju ljudskim resursima","potentialAction":[{"@type":"SearchAction","target":{"@type":"EntryPoint","urlTemplate":"https://hrdays.net/?s={search_term_string}"},"query-input":{"@type":"PropertyValueSpecification","valueRequired":true,"valueName":"search_term_string"}}],"inLanguage":"en-GB"}]}</script>
<!-- / Yoast SEO plugin. -->

Peter Fuchs, kao predsjednik Uprave Valamara, zadužen je za hotelske operacije, financije i kontroling, ljudske resurse i nabavu. Peter ima više od 30 godina iskustva u hotelijerstvu i turizmu i radio je na vodećim pozicijama u nekoliko poznatih hotelskih kompanija...
