{"id":4014,"date":"2021-07-28T16:26:52","date_gmt":"2021-07-28T14:26:52","guid":{"rendered":"https:\/\/hrdays.net\/?post_type=speaker&#038;p=4014"},"modified":"2021-07-28T16:26:53","modified_gmt":"2021-07-28T14:26:53","slug":"jurica-sarcevic","status":"publish","type":"speaker","link":"https:\/\/hrdays.net\/en\/speaker\/jurica-sarcevic\/","title":{"rendered":"Jurica \u0160ar\u010devi\u0107"},"content":{"rendered":"<p>Jurica Sarcevic, by a graduate bacc. Degree in Economics \u2013 tourism, is a member of MojPosao team since 2007. and he is currently working on development, implementation and coordination of several projects and services focused both on employees and employers: \u201eEmployee Satisfaction Survey with Best Employer award\u201d, \u201eVirtual Career and Education Days\u201d, \u201eEmployer of First Choice\u201d, book \u201eCareer\u201d and \u201eBest HR practice award\u201d. Apart from listed, he is also in charge for projects in which MojPosao has a key and\/or partner role \u2013 \u201eKeyDifference\u201d, projects funded by EU \u201eMojPosao Job College\u201d, \u201eJob Clubs\u201d, \u201eSilver City\u201d, \u201eEmployPWD\u201d etc.<\/p>\n\n\n\n<p>He started his career in tourism sector where he gained extensive experience. Besides formal education, he has a degree and experience in management of EU projects, public appearance, motivation of employees and teams, customer experience management and since recently he is specializing field of human resources management as part of the SELECTIO HR Academy. In 2015. he is planning to enter MBA program - marketing and business strategy.<\/p>","protected":false},"excerpt":{"rendered":"<p>Jurica \u0160ar\u010devi\u0107, po struci diplomirani ekonomist \u2013 smjer turizam, od 2007. godine je dio tima MojPosao i kao voditelj radi na razvoju, provedbi i koordinaciji vi\u0161e projekata i usluga usmjerenih na poslodavce i posloprimce: \u201eIstra\u017eivanje zadovoljstva zaposlenika\u201c, nagrada \u201eNajbolji poslodavac\u201c,&#8230;<\/p>","protected":false},"author":2,"featured_media":0,"comment_status":"closed","ping_status":"closed","template":"","meta":{"_monsterinsights_skip_tracking":false,"_monsterinsights_sitenote_active":false,"_monsterinsights_sitenote_note":"","_monsterinsights_sitenote_category":0,"footnotes":""},"speaker-category":[151],"speaker-tags":[],"location":[],"class_list":["post-4014","speaker","type-speaker","status-publish","hentry","speaker-category-govornici-2015"],"yoast_head":"<!-- This site is optimized with the Yoast SEO plugin v25.3 - https:\/\/yoast.com\/wordpress\/plugins\/seo\/ -->\n<title>Jurica \u0160ar\u010devi\u0107 - HR Days<\/title>\n<meta name=\"robots\" content=\"index, follow, max-snippet:-1, max-image-preview:large, max-video-preview:-1\" \/>\n<link rel=\"canonical\" href=\"https:\/\/hrdays.net\/en\/speaker\/jurica-sarcevic\/\" \/>\n<meta property=\"og:locale\" content=\"en_GB\" \/>\n<meta property=\"og:type\" content=\"article\" \/>\n<meta property=\"og:title\" content=\"Jurica \u0160ar\u010devi\u0107 - HR Days\" \/>\n<meta property=\"og:description\" content=\"Jurica \u0160ar\u010devi\u0107, po struci diplomirani ekonomist \u2013 smjer turizam, od 2007. godine je dio tima MojPosao i kao voditelj radi na razvoju, provedbi i koordinaciji vi\u0161e projekata i usluga usmjerenih na poslodavce i posloprimce: \u201eIstra\u017eivanje zadovoljstva zaposlenika\u201c, nagrada \u201eNajbolji poslodavac\u201c,...\" \/>\n<meta property=\"og:url\" content=\"https:\/\/hrdays.net\/en\/speaker\/jurica-sarcevic\/\" \/>\n<meta property=\"og:site_name\" content=\"HR Days\" \/>\n<meta property=\"article:modified_time\" content=\"2021-07-28T14:26:53+00:00\" \/>\n<meta property=\"og:image\" content=\"https:\/\/hrdays.net\/wp-content\/uploads\/2021\/03\/rovinj-conference-2.jpg\" \/>\n\t<meta property=\"og:image:width\" content=\"1200\" \/>\n\t<meta property=\"og:image:height\" content=\"573\" \/>\n\t<meta property=\"og:image:type\" content=\"image\/jpeg\" \/>\n<meta name=\"twitter:card\" content=\"summary_large_image\" \/>\n<meta name=\"twitter:label1\" content=\"Estimated reading time\" \/>\n\t<meta name=\"twitter:data1\" content=\"1 minute\" \/>\n<script type=\"application\/ld+json\" class=\"yoast-schema-graph\">{\"@context\":\"https:\/\/schema.org\",\"@graph\":[{\"@type\":\"WebPage\",\"@id\":\"https:\/\/hrdays.net\/en\/speaker\/jurica-sarcevic\/\",\"url\":\"https:\/\/hrdays.net\/en\/speaker\/jurica-sarcevic\/\",\"name\":\"Jurica \u0160ar\u010devi\u0107 - HR Days\",\"isPartOf\":{\"@id\":\"https:\/\/hrdays.net\/#website\"},\"datePublished\":\"2021-07-28T14:26:52+00:00\",\"dateModified\":\"2021-07-28T14:26:53+00:00\",\"breadcrumb\":{\"@id\":\"https:\/\/hrdays.net\/en\/speaker\/jurica-sarcevic\/#breadcrumb\"},\"inLanguage\":\"en-GB\",\"potentialAction\":[{\"@type\":\"ReadAction\",\"target\":[\"https:\/\/hrdays.net\/en\/speaker\/jurica-sarcevic\/\"]}]},{\"@type\":\"BreadcrumbList\",\"@id\":\"https:\/\/hrdays.net\/en\/speaker\/jurica-sarcevic\/#breadcrumb\",\"itemListElement\":[{\"@type\":\"ListItem\",\"position\":1,\"name\":\"Home\",\"item\":\"https:\/\/hrdays.net\/\"},{\"@type\":\"ListItem\",\"position\":2,\"name\":\"Govornik\",\"item\":\"https:\/\/hrdays.net\/speaker\/\"},{\"@type\":\"ListItem\",\"position\":3,\"name\":\"Jurica \u0160ar\u010devi\u0107\"}]},{\"@type\":\"WebSite\",\"@id\":\"https:\/\/hrdays.net\/#website\",\"url\":\"https:\/\/hrdays.net\/\",\"name\":\"HR Days\",\"description\":\"HRDays - konferencija o upravljanju ljudskim resursima\",\"potentialAction\":[{\"@type\":\"SearchAction\",\"target\":{\"@type\":\"EntryPoint\",\"urlTemplate\":\"https:\/\/hrdays.net\/?s={search_term_string}\"},\"query-input\":{\"@type\":\"PropertyValueSpecification\",\"valueRequired\":true,\"valueName\":\"search_term_string\"}}],\"inLanguage\":\"en-GB\"}]}<\/script>\n<!-- \/ Yoast SEO plugin. -->","yoast_head_json":{"title":"Jurica \u0160ar\u010devi\u0107 - HR Days","robots":{"index":"index","follow":"follow","max-snippet":"max-snippet:-1","max-image-preview":"max-image-preview:large","max-video-preview":"max-video-preview:-1"},"canonical":"https:\/\/hrdays.net\/en\/speaker\/jurica-sarcevic\/","og_locale":"en_GB","og_type":"article","og_title":"Jurica \u0160ar\u010devi\u0107 - HR Days","og_description":"Jurica \u0160ar\u010devi\u0107, po struci diplomirani ekonomist \u2013 smjer turizam, od 2007. godine je dio tima MojPosao i kao voditelj radi na razvoju, provedbi i koordinaciji vi\u0161e projekata i usluga usmjerenih na poslodavce i posloprimce: \u201eIstra\u017eivanje zadovoljstva zaposlenika\u201c, nagrada \u201eNajbolji poslodavac\u201c,...","og_url":"https:\/\/hrdays.net\/en\/speaker\/jurica-sarcevic\/","og_site_name":"HR Days","article_modified_time":"2021-07-28T14:26:53+00:00","og_image":[{"width":1200,"height":573,"url":"https:\/\/hrdays.net\/wp-content\/uploads\/2021\/03\/rovinj-conference-2.jpg","type":"image\/jpeg"}],"twitter_card":"summary_large_image","twitter_misc":{"Estimated reading time":"1 minute"},"schema":{"@context":"https:\/\/schema.org","@graph":[{"@type":"WebPage","@id":"https:\/\/hrdays.net\/en\/speaker\/jurica-sarcevic\/","url":"https:\/\/hrdays.net\/en\/speaker\/jurica-sarcevic\/","name":"Jurica \u0160ar\u010devi\u0107 - HR Days","isPartOf":{"@id":"https:\/\/hrdays.net\/#website"},"datePublished":"2021-07-28T14:26:52+00:00","dateModified":"2021-07-28T14:26:53+00:00","breadcrumb":{"@id":"https:\/\/hrdays.net\/en\/speaker\/jurica-sarcevic\/#breadcrumb"},"inLanguage":"en-GB","potentialAction":[{"@type":"ReadAction","target":["https:\/\/hrdays.net\/en\/speaker\/jurica-sarcevic\/"]}]},{"@type":"BreadcrumbList","@id":"https:\/\/hrdays.net\/en\/speaker\/jurica-sarcevic\/#breadcrumb","itemListElement":[{"@type":"ListItem","position":1,"name":"Home","item":"https:\/\/hrdays.net\/"},{"@type":"ListItem","position":2,"name":"Govornik","item":"https:\/\/hrdays.net\/speaker\/"},{"@type":"ListItem","position":3,"name":"Jurica \u0160ar\u010devi\u0107"}]},{"@type":"WebSite","@id":"https:\/\/hrdays.net\/#website","url":"https:\/\/hrdays.net\/","name":"HR Days","description":"HRDays - konferencija o upravljanju ljudskim resursima","potentialAction":[{"@type":"SearchAction","target":{"@type":"EntryPoint","urlTemplate":"https:\/\/hrdays.net\/?s={search_term_string}"},"query-input":{"@type":"PropertyValueSpecification","valueRequired":true,"valueName":"search_term_string"}}],"inLanguage":"en-GB"}]}},"_links":{"self":[{"href":"https:\/\/hrdays.net\/en\/wp-json\/wp\/v2\/speaker\/4014","targetHints":{"allow":["GET"]}}],"collection":[{"href":"https:\/\/hrdays.net\/en\/wp-json\/wp\/v2\/speaker"}],"about":[{"href":"https:\/\/hrdays.net\/en\/wp-json\/wp\/v2\/types\/speaker"}],"author":[{"embeddable":true,"href":"https:\/\/hrdays.net\/en\/wp-json\/wp\/v2\/users\/2"}],"replies":[{"embeddable":true,"href":"https:\/\/hrdays.net\/en\/wp-json\/wp\/v2\/comments?post=4014"}],"version-history":[{"count":1,"href":"https:\/\/hrdays.net\/en\/wp-json\/wp\/v2\/speaker\/4014\/revisions"}],"predecessor-version":[{"id":4016,"href":"https:\/\/hrdays.net\/en\/wp-json\/wp\/v2\/speaker\/4014\/revisions\/4016"}],"wp:attachment":[{"href":"https:\/\/hrdays.net\/en\/wp-json\/wp\/v2\/media?parent=4014"}],"wp:term":[{"taxonomy":"speaker-category","embeddable":true,"href":"https:\/\/hrdays.net\/en\/wp-json\/wp\/v2\/speaker-category?post=4014"},{"taxonomy":"speaker-tags","embeddable":true,"href":"https:\/\/hrdays.net\/en\/wp-json\/wp\/v2\/speaker-tags?post=4014"},{"taxonomy":"location","embeddable":true,"href":"https:\/\/hrdays.net\/en\/wp-json\/wp\/v2\/location?post=4014"}],"curies":[{"name":"wp","href":"https:\/\/api.w.org\/{rel}","templated":true}]}}

Jurica Šarčević

<p>Jurica Šarčević, po struci diplomirani ekonomist – smjer turizam, od 2007. godine je dio tima MojPosao i kao voditelj radi na razvoju, provedbi i koordinaciji više projekata i usluga usmjerenih na poslodavce i posloprimce: „Istraživanje zadovoljstva zaposlenika“, nagrada „Najbolji poslodavac“,&#8230;</p>

<!-- This site is optimized with the Yoast SEO plugin v25.3 - https://yoast.com/wordpress/plugins/seo/ -->
<title>Jurica Šarčević - HR Days</title>
<meta name="robots" content="index, follow, max-snippet:-1, max-image-preview:large, max-video-preview:-1" />
<link rel="canonical" href="https://hrdays.net/en/speaker/jurica-sarcevic/" />
<meta property="og:locale" content="en_GB" />
<meta property="og:type" content="article" />
<meta property="og:title" content="Jurica Šarčević - HR Days" />
<meta property="og:description" content="Jurica Šarčević, po struci diplomirani ekonomist – smjer turizam, od 2007. godine je dio tima MojPosao i kao voditelj radi na razvoju, provedbi i koordinaciji više projekata i usluga usmjerenih na poslodavce i posloprimce: „Istraživanje zadovoljstva zaposlenika“, nagrada „Najbolji poslodavac“,..." />
<meta property="og:url" content="https://hrdays.net/en/speaker/jurica-sarcevic/" />
<meta property="og:site_name" content="HR Days" />
<meta property="article:modified_time" content="2021-07-28T14:26:53+00:00" />
<meta property="og:image" content="https://hrdays.net/wp-content/uploads/2021/03/rovinj-conference-2.jpg" />
	<meta property="og:image:width" content="1200" />
	<meta property="og:image:height" content="573" />
	<meta property="og:image:type" content="image/jpeg" />
<meta name="twitter:card" content="summary_large_image" />
<meta name="twitter:label1" content="Estimated reading time" />
	<meta name="twitter:data1" content="1 minute" />
<script type="application/ld+json" class="yoast-schema-graph">{"@context":"https://schema.org","@graph":[{"@type":"WebPage","@id":"https://hrdays.net/en/speaker/jurica-sarcevic/","url":"https://hrdays.net/en/speaker/jurica-sarcevic/","name":"Jurica Šarčević - HR Days","isPartOf":{"@id":"https://hrdays.net/#website"},"datePublished":"2021-07-28T14:26:52+00:00","dateModified":"2021-07-28T14:26:53+00:00","breadcrumb":{"@id":"https://hrdays.net/en/speaker/jurica-sarcevic/#breadcrumb"},"inLanguage":"en-GB","potentialAction":[{"@type":"ReadAction","target":["https://hrdays.net/en/speaker/jurica-sarcevic/"]}]},{"@type":"BreadcrumbList","@id":"https://hrdays.net/en/speaker/jurica-sarcevic/#breadcrumb","itemListElement":[{"@type":"ListItem","position":1,"name":"Home","item":"https://hrdays.net/"},{"@type":"ListItem","position":2,"name":"Govornik","item":"https://hrdays.net/speaker/"},{"@type":"ListItem","position":3,"name":"Jurica Šarčević"}]},{"@type":"WebSite","@id":"https://hrdays.net/#website","url":"https://hrdays.net/","name":"HR Days","description":"HRDays - konferencija o upravljanju ljudskim resursima","potentialAction":[{"@type":"SearchAction","target":{"@type":"EntryPoint","urlTemplate":"https://hrdays.net/?s={search_term_string}"},"query-input":{"@type":"PropertyValueSpecification","valueRequired":true,"valueName":"search_term_string"}}],"inLanguage":"en-GB"}]}</script>
<!-- / Yoast SEO plugin. -->

Jurica Šarčević - HR Days

Jurica Šarčević, po struci diplomirani ekonomist – smjer turizam, od 2007. godine je dio tima MojPosao i kao voditelj radi na razvoju, provedbi i koordinaciji više projekata i usluga usmjerenih na poslodavce i posloprimce: „Istraživanje zadovoljstva zaposlenika“, nagrada „Najbolji poslodavac“,...
