{"id":3955,"date":"2021-07-28T13:54:36","date_gmt":"2021-07-28T11:54:36","guid":{"rendered":"https:\/\/hrdays.net\/?post_type=speaker&#038;p=3955"},"modified":"2021-07-28T13:54:36","modified_gmt":"2021-07-28T11:54:36","slug":"reza-moussavian","status":"publish","type":"speaker","link":"https:\/\/hrdays.net\/en\/speaker\/reza-moussavian\/","title":{"rendered":"Reza Moussavian"},"content":{"rendered":"<p>Dr. Reza Moussavian, Senior Vice President of the HR division ''Digital &amp; Innovation'', and his team are the central point of contact at Deutsche Telekom AG for any inquiries related to digitalization and innovation in the HR sector. Since its establishment in April 2016, the division successfully introduced new tools like a leadership-app, digital collaboration, innovation methods, future work, top management innovation formats and exploration of new technologies for Deutsche Telekom AG. Before taking the lead for the HR division ''Digital &amp; Innovation'', Dr. Moussavian ran its predecessor named ''Shareground'' that focused on implementing a culture of innovation throughout Deutsche Telekom.<\/p>\n\n\n\n<p>Prior to joining Deutsche Telekom AG, he worked as managing partner at Detecon, the subsidiary digital consulting company of Deutsche Telekom. He was responsible for establishing new telecommunication companies and transforming established ones in the Middle East and Africa. Furthermore, his career path included positions at IBM and PWC. He completed his doctorate degree in innovation management in South Africa after studying business administration in Cologne, Germany.<\/p>","protected":false},"excerpt":{"rendered":"<p>Dr. Reza Moussavian, vi\u0161i potpredsjednik HR odjela &#8221;Digital i inovacije&#8221;, i njegov tim su sredi\u0161nja to\u010dka kontakta u Deutsche Telekom AG za sve upite vezane uz digitalizaciju i inovacije u HR sektoru. Od svog osnutka u travnju 2016., odjel je&#8230;<\/p>","protected":false},"author":2,"featured_media":0,"comment_status":"closed","ping_status":"closed","template":"","meta":{"_monsterinsights_skip_tracking":false,"_monsterinsights_sitenote_active":false,"_monsterinsights_sitenote_note":"","_monsterinsights_sitenote_category":0,"footnotes":""},"speaker-category":[149],"speaker-tags":[],"location":[],"class_list":["post-3955","speaker","type-speaker","status-publish","hentry","speaker-category-govornici-2017"],"yoast_head":"<!-- This site is optimized with the Yoast SEO plugin v25.3 - https:\/\/yoast.com\/wordpress\/plugins\/seo\/ -->\n<title>Reza Moussavian - HR Days<\/title>\n<meta name=\"robots\" content=\"index, follow, max-snippet:-1, max-image-preview:large, max-video-preview:-1\" \/>\n<link rel=\"canonical\" href=\"https:\/\/hrdays.net\/en\/speaker\/reza-moussavian\/\" \/>\n<meta property=\"og:locale\" content=\"en_GB\" \/>\n<meta property=\"og:type\" content=\"article\" \/>\n<meta property=\"og:title\" content=\"Reza Moussavian - HR Days\" \/>\n<meta property=\"og:description\" content=\"Dr. Reza Moussavian, vi\u0161i potpredsjednik HR odjela &#8221;Digital i inovacije&#8221;, i njegov tim su sredi\u0161nja to\u010dka kontakta u Deutsche Telekom AG za sve upite vezane uz digitalizaciju i inovacije u HR sektoru. Od svog osnutka u travnju 2016., odjel je...\" \/>\n<meta property=\"og:url\" content=\"https:\/\/hrdays.net\/en\/speaker\/reza-moussavian\/\" \/>\n<meta property=\"og:site_name\" content=\"HR Days\" \/>\n<meta property=\"og:image\" content=\"https:\/\/hrdays.net\/wp-content\/uploads\/2021\/03\/rovinj-conference-2.jpg\" \/>\n\t<meta property=\"og:image:width\" content=\"1200\" \/>\n\t<meta property=\"og:image:height\" content=\"573\" \/>\n\t<meta property=\"og:image:type\" content=\"image\/jpeg\" \/>\n<meta name=\"twitter:card\" content=\"summary_large_image\" \/>\n<meta name=\"twitter:label1\" content=\"Estimated reading time\" \/>\n\t<meta name=\"twitter:data1\" content=\"1 minute\" \/>\n<script type=\"application\/ld+json\" class=\"yoast-schema-graph\">{\"@context\":\"https:\/\/schema.org\",\"@graph\":[{\"@type\":\"WebPage\",\"@id\":\"https:\/\/hrdays.net\/speaker\/reza-moussavian\/\",\"url\":\"https:\/\/hrdays.net\/speaker\/reza-moussavian\/\",\"name\":\"Reza Moussavian - HR Days\",\"isPartOf\":{\"@id\":\"https:\/\/hrdays.net\/#website\"},\"datePublished\":\"2021-07-28T11:54:36+00:00\",\"breadcrumb\":{\"@id\":\"https:\/\/hrdays.net\/speaker\/reza-moussavian\/#breadcrumb\"},\"inLanguage\":\"en-GB\",\"potentialAction\":[{\"@type\":\"ReadAction\",\"target\":[\"https:\/\/hrdays.net\/speaker\/reza-moussavian\/\"]}]},{\"@type\":\"BreadcrumbList\",\"@id\":\"https:\/\/hrdays.net\/speaker\/reza-moussavian\/#breadcrumb\",\"itemListElement\":[{\"@type\":\"ListItem\",\"position\":1,\"name\":\"Home\",\"item\":\"https:\/\/hrdays.net\/\"},{\"@type\":\"ListItem\",\"position\":2,\"name\":\"Govornik\",\"item\":\"https:\/\/hrdays.net\/speaker\/\"},{\"@type\":\"ListItem\",\"position\":3,\"name\":\"Reza Moussavian\"}]},{\"@type\":\"WebSite\",\"@id\":\"https:\/\/hrdays.net\/#website\",\"url\":\"https:\/\/hrdays.net\/\",\"name\":\"HR Days\",\"description\":\"HRDays - konferencija o upravljanju ljudskim resursima\",\"potentialAction\":[{\"@type\":\"SearchAction\",\"target\":{\"@type\":\"EntryPoint\",\"urlTemplate\":\"https:\/\/hrdays.net\/?s={search_term_string}\"},\"query-input\":{\"@type\":\"PropertyValueSpecification\",\"valueRequired\":true,\"valueName\":\"search_term_string\"}}],\"inLanguage\":\"en-GB\"}]}<\/script>\n<!-- \/ Yoast SEO plugin. -->","yoast_head_json":{"title":"Reza Moussavian - HR Days","robots":{"index":"index","follow":"follow","max-snippet":"max-snippet:-1","max-image-preview":"max-image-preview:large","max-video-preview":"max-video-preview:-1"},"canonical":"https:\/\/hrdays.net\/en\/speaker\/reza-moussavian\/","og_locale":"en_GB","og_type":"article","og_title":"Reza Moussavian - HR Days","og_description":"Dr. Reza Moussavian, vi\u0161i potpredsjednik HR odjela &#8221;Digital i inovacije&#8221;, i njegov tim su sredi\u0161nja to\u010dka kontakta u Deutsche Telekom AG za sve upite vezane uz digitalizaciju i inovacije u HR sektoru. Od svog osnutka u travnju 2016., odjel je...","og_url":"https:\/\/hrdays.net\/en\/speaker\/reza-moussavian\/","og_site_name":"HR Days","og_image":[{"width":1200,"height":573,"url":"https:\/\/hrdays.net\/wp-content\/uploads\/2021\/03\/rovinj-conference-2.jpg","type":"image\/jpeg"}],"twitter_card":"summary_large_image","twitter_misc":{"Estimated reading time":"1 minute"},"schema":{"@context":"https:\/\/schema.org","@graph":[{"@type":"WebPage","@id":"https:\/\/hrdays.net\/speaker\/reza-moussavian\/","url":"https:\/\/hrdays.net\/speaker\/reza-moussavian\/","name":"Reza Moussavian - HR Days","isPartOf":{"@id":"https:\/\/hrdays.net\/#website"},"datePublished":"2021-07-28T11:54:36+00:00","breadcrumb":{"@id":"https:\/\/hrdays.net\/speaker\/reza-moussavian\/#breadcrumb"},"inLanguage":"en-GB","potentialAction":[{"@type":"ReadAction","target":["https:\/\/hrdays.net\/speaker\/reza-moussavian\/"]}]},{"@type":"BreadcrumbList","@id":"https:\/\/hrdays.net\/speaker\/reza-moussavian\/#breadcrumb","itemListElement":[{"@type":"ListItem","position":1,"name":"Home","item":"https:\/\/hrdays.net\/"},{"@type":"ListItem","position":2,"name":"Govornik","item":"https:\/\/hrdays.net\/speaker\/"},{"@type":"ListItem","position":3,"name":"Reza Moussavian"}]},{"@type":"WebSite","@id":"https:\/\/hrdays.net\/#website","url":"https:\/\/hrdays.net\/","name":"HR Days","description":"HRDays - konferencija o upravljanju ljudskim resursima","potentialAction":[{"@type":"SearchAction","target":{"@type":"EntryPoint","urlTemplate":"https:\/\/hrdays.net\/?s={search_term_string}"},"query-input":{"@type":"PropertyValueSpecification","valueRequired":true,"valueName":"search_term_string"}}],"inLanguage":"en-GB"}]}},"_links":{"self":[{"href":"https:\/\/hrdays.net\/en\/wp-json\/wp\/v2\/speaker\/3955","targetHints":{"allow":["GET"]}}],"collection":[{"href":"https:\/\/hrdays.net\/en\/wp-json\/wp\/v2\/speaker"}],"about":[{"href":"https:\/\/hrdays.net\/en\/wp-json\/wp\/v2\/types\/speaker"}],"author":[{"embeddable":true,"href":"https:\/\/hrdays.net\/en\/wp-json\/wp\/v2\/users\/2"}],"replies":[{"embeddable":true,"href":"https:\/\/hrdays.net\/en\/wp-json\/wp\/v2\/comments?post=3955"}],"version-history":[{"count":1,"href":"https:\/\/hrdays.net\/en\/wp-json\/wp\/v2\/speaker\/3955\/revisions"}],"predecessor-version":[{"id":3957,"href":"https:\/\/hrdays.net\/en\/wp-json\/wp\/v2\/speaker\/3955\/revisions\/3957"}],"wp:attachment":[{"href":"https:\/\/hrdays.net\/en\/wp-json\/wp\/v2\/media?parent=3955"}],"wp:term":[{"taxonomy":"speaker-category","embeddable":true,"href":"https:\/\/hrdays.net\/en\/wp-json\/wp\/v2\/speaker-category?post=3955"},{"taxonomy":"speaker-tags","embeddable":true,"href":"https:\/\/hrdays.net\/en\/wp-json\/wp\/v2\/speaker-tags?post=3955"},{"taxonomy":"location","embeddable":true,"href":"https:\/\/hrdays.net\/en\/wp-json\/wp\/v2\/location?post=3955"}],"curies":[{"name":"wp","href":"https:\/\/api.w.org\/{rel}","templated":true}]}}

<p>Dr. Reza Moussavian, viši potpredsjednik HR odjela &#8221;Digital i inovacije&#8221;, i njegov tim su središnja točka kontakta u Deutsche Telekom AG za sve upite vezane uz digitalizaciju i inovacije u HR sektoru. Od svog osnutka u travnju 2016., odjel je&#8230;</p>

<!-- This site is optimized with the Yoast SEO plugin v25.3 - https://yoast.com/wordpress/plugins/seo/ -->
<title>Reza Moussavian - HR Days</title>
<meta name="robots" content="index, follow, max-snippet:-1, max-image-preview:large, max-video-preview:-1" />
<link rel="canonical" href="https://hrdays.net/en/speaker/reza-moussavian/" />
<meta property="og:locale" content="en_GB" />
<meta property="og:type" content="article" />
<meta property="og:title" content="Reza Moussavian - HR Days" />
<meta property="og:description" content="Dr. Reza Moussavian, viši potpredsjednik HR odjela &#8221;Digital i inovacije&#8221;, i njegov tim su središnja točka kontakta u Deutsche Telekom AG za sve upite vezane uz digitalizaciju i inovacije u HR sektoru. Od svog osnutka u travnju 2016., odjel je..." />
<meta property="og:url" content="https://hrdays.net/en/speaker/reza-moussavian/" />
<meta property="og:site_name" content="HR Days" />
<meta property="og:image" content="https://hrdays.net/wp-content/uploads/2021/03/rovinj-conference-2.jpg" />
	<meta property="og:image:width" content="1200" />
	<meta property="og:image:height" content="573" />
	<meta property="og:image:type" content="image/jpeg" />
<meta name="twitter:card" content="summary_large_image" />
<meta name="twitter:label1" content="Estimated reading time" />
	<meta name="twitter:data1" content="1 minute" />
<script type="application/ld+json" class="yoast-schema-graph">{"@context":"https://schema.org","@graph":[{"@type":"WebPage","@id":"https://hrdays.net/speaker/reza-moussavian/","url":"https://hrdays.net/speaker/reza-moussavian/","name":"Reza Moussavian - HR Days","isPartOf":{"@id":"https://hrdays.net/#website"},"datePublished":"2021-07-28T11:54:36+00:00","breadcrumb":{"@id":"https://hrdays.net/speaker/reza-moussavian/#breadcrumb"},"inLanguage":"en-GB","potentialAction":[{"@type":"ReadAction","target":["https://hrdays.net/speaker/reza-moussavian/"]}]},{"@type":"BreadcrumbList","@id":"https://hrdays.net/speaker/reza-moussavian/#breadcrumb","itemListElement":[{"@type":"ListItem","position":1,"name":"Home","item":"https://hrdays.net/"},{"@type":"ListItem","position":2,"name":"Govornik","item":"https://hrdays.net/speaker/"},{"@type":"ListItem","position":3,"name":"Reza Moussavian"}]},{"@type":"WebSite","@id":"https://hrdays.net/#website","url":"https://hrdays.net/","name":"HR Days","description":"HRDays - konferencija o upravljanju ljudskim resursima","potentialAction":[{"@type":"SearchAction","target":{"@type":"EntryPoint","urlTemplate":"https://hrdays.net/?s={search_term_string}"},"query-input":{"@type":"PropertyValueSpecification","valueRequired":true,"valueName":"search_term_string"}}],"inLanguage":"en-GB"}]}</script>
<!-- / Yoast SEO plugin. -->

Dr. Reza Moussavian, viši potpredsjednik HR odjela &#8221;Digital i inovacije&#8221;, i njegov tim su središnja točka kontakta u Deutsche Telekom AG za sve upite vezane uz digitalizaciju i inovacije u HR sektoru. Od svog osnutka u travnju 2016., odjel je...
